{"id":16506,"date":"2016-05-05T17:42:01","date_gmt":"2016-05-05T20:42:01","guid":{"rendered":"http:\/\/www2.unifap.br\/ead\/?page_id=16506"},"modified":"2016-09-29T15:13:00","modified_gmt":"2016-09-29T18:13:00","slug":"licenciatura-plena-em-matematica","status":"publish","type":"page","link":"http:\/\/www2.unifap.br\/ead\/licenciatura-plena-em-matematica\/","title":{"rendered":"LICENCIATURA PLENA EM MATEM\u00c1TICA"},"content":{"rendered":"<p style=\"text-align: CENTER\"><strong>CHAMADA INTERNA E EXTERNA PARA TUTOR DO CURSO DE LICENCIATURA PLENA EM <\/br>MATEM\u00c1TICA \u2013 MODALIDADE \u00c0 DIST\u00c2NCIA &#8211; POLO DE OIAPOQUE\/AP<\/strong><\/p>\n<ul>\n<li><strong><span style=\"color: #ff0000\">NOVO<\/span> &#8211;<a href=\"http:\/\/www2.unifap.br\/ead\/files\/2016\/09\/RESULTADO-FINAL.pdf\">RESULTADO  FINAL<\/a><span style=\"color: #ff0000\"> (29\/09\/2016)<\/span><\/strong><\/li>\n<li><strong>&#8211;<a href=\"http:\/\/www2.unifap.br\/ead\/files\/2016\/09\/RESPOSTA-DE-RECURSO-2\u00aa-ETAPA.pdf\">RESULTADO DE RECURSO<\/a> (28\/09\/2016)<\/strong><\/li>\n<li><strong> &#8211;<a href=\"http:\/\/www2.unifap.br\/ead\/files\/2016\/09\/RESULTADO-DA-SEGUNDA-ETAPA-NOVO.pdf\">RESULTADO DA SEGUNDA ETAPA &#8211; ENTREVISTAS<\/a>(26\/09\/2016)<\/span><\/strong><\/li>\n<li><strong>&#8211;<a href=\"http:\/\/www2.unifap.br\/ead\/files\/2016\/09\/COMUNICADO-DATA-E-HOR\u00c1RIO-DAS-ENTREVISTAS.pdf\">DATA E HOR\u00c1RIO DAS ENTREVISTAS<\/a> (22\/09\/2016)<\/strong><\/li>\n<li><strong> &#8211;<a href=\"http:\/\/www2.unifap.br\/ead\/files\/2016\/09\/RESPOSTA-DE-RECURSO.pdf\">RESPOSTA DE RECURSO <\/a>(22\/09\/2016)<\/strong><\/li>\n<li><strong>&#8211;<a href=\"http:\/\/www2.unifap.br\/ead\/files\/2016\/09\/RESULTADO-DA-PRIMEIRA-ETAPA.pdf\">RESULTADO DA PRIMEIRA ETAPA <\/a>(20\/09\/2016)<\/strong><\/li>\n<li><strong>&#8211;<a href=\"http:\/\/www2.unifap.br\/ead\/files\/2016\/09\/Inscri\u00e7\u00f5es-homologadasff.pdf\">RESULTADO DAS INSCRI\u00c7\u00d5ES DEFERIDAS E INDEFERIDAS<\/a>(14\/09\/2016)<\/span><\/strong><\/li>\n<li><strong> &#8211;<a href=\"http:\/\/www2.unifap.br\/ead\/files\/2016\/09\/RETIFICA\u00c7\u00c3O-da-chamada.pdf\">RETIFICA\u00c7\u00c3O<\/a>(08\/09\/2016)<\/strong><\/li>\n<li><strong>&#8211;<a href=\"http:\/\/www2.unifap.br\/ead\/files\/2016\/09\/Chamada-Interna-e-externa-para-Tutor_POLO-OIAPOQUE.pdf\">CHAMADA INTERNA E EXTERNA <\/a>(05\/09\/2016)<\/strong><\/li>\n<\/ul>\n<p style=\"text-align: CENTER\"><strong>CONVOCA\u00c7\u00c3O PARA A MATR\u00cdCULA DOS CANDIDATOS APROVADOS E N\u00c3O<br \/>\nCLASSIFICADOS NO PSE EAD 2016 \u2013 MODALIDADE \u00c0 DIST\u00c2NCIA &#8211; POLO OIAPOQUE<\/strong><\/p>\n<ul>\n<li><strong>&#8211;<a href=\"http:\/\/www2.unifap.br\/ead\/files\/2016\/05\/EDITAL-N\u00ba-014-2016_2\u00aa-Chamada-PS-MATEM\u00c1TICA-EAD-2016.pdf\"> 2\u00ba CONVOCA\u00c7\u00c3O<\/a> (05\/05\/2016)<\/strong><\/li>\n<\/ul>\n","protected":false},"excerpt":{"rendered":"<p>CHAMADA INTERNA E EXTERNA PARA TUTOR DO CURSO DE LICENCIATURA PLENA EM MATEM\u00c1TICA \u2013 MODALIDADE \u00c0 DIST\u00c2NCIA &#8211; POLO DE OIAPOQUE\/AP NOVO &#8211;RESULTADO FINAL (29\/09\/2016) &#8211;RESULTADO DE RECURSO (28\/09\/2016) &#8211;RESULTADO&#8230;<\/p>\n","protected":false},"author":435,"featured_media":0,"parent":0,"menu_order":0,"comment_status":"closed","ping_status":"closed","template":"","meta":{"inline_featured_image":false,"ngg_post_thumbnail":0,"footnotes":""},"class_list":["post-16506","page","type-page","status-publish","hentry","entry"],"_links":{"self":[{"href":"http:\/\/www2.unifap.br\/ead\/wp-json\/wp\/v2\/pages\/16506","targetHints":{"allow":["GET"]}}],"collection":[{"href":"http:\/\/www2.unifap.br\/ead\/wp-json\/wp\/v2\/pages"}],"about":[{"href":"http:\/\/www2.unifap.br\/ead\/wp-json\/wp\/v2\/types\/page"}],"author":[{"embeddable":true,"href":"http:\/\/www2.unifap.br\/ead\/wp-json\/wp\/v2\/users\/435"}],"replies":[{"embeddable":true,"href":"http:\/\/www2.unifap.br\/ead\/wp-json\/wp\/v2\/comments?post=16506"}],"version-history":[{"count":24,"href":"http:\/\/www2.unifap.br\/ead\/wp-json\/wp\/v2\/pages\/16506\/revisions"}],"predecessor-version":[{"id":16617,"href":"http:\/\/www2.unifap.br\/ead\/wp-json\/wp\/v2\/pages\/16506\/revisions\/16617"}],"wp:attachment":[{"href":"http:\/\/www2.unifap.br\/ead\/wp-json\/wp\/v2\/media?parent=16506"}],"curies":[{"name":"wp","href":"https:\/\/api.w.org\/{rel}","templated":true}]}}