{"id":18464,"date":"2018-08-13T18:44:05","date_gmt":"2018-08-13T21:44:05","guid":{"rendered":"http:\/\/www2.unifap.br\/ead\/?page_id=18464"},"modified":"2018-09-11T14:20:18","modified_gmt":"2018-09-11T17:20:18","slug":"chamada-para-tutor-a-distancia-de-matematica-polo-oiapoque","status":"publish","type":"page","link":"http:\/\/www2.unifap.br\/ead\/chamada-para-tutor-a-distancia-de-matematica-polo-oiapoque\/","title":{"rendered":"Chamada para Tutor a dist\u00e2ncia de Matem\u00e1tica: Polo Oiapoque"},"content":{"rendered":"<h2 style=\"text-align: center\"><strong>CHAMADA INTERNA E EXTERNA PARA TUTOR A DIST\u00c2NCIA DE<\/strong><br \/>\n<strong>MATEM\u00c1TICA POLO OIAPOQUE DA UNIFAP\/UAB\/CAPES<\/strong><\/h2>\n<ul>\n<li>\n<h3><strong><a href=\"http:\/\/www2.unifap.br\/ead\/files\/2018\/08\/CONVOCA\u00c7\u00c3O-TUTORIA-A-DIST\u00c2NCIA-MATEM\u00c1TICA.pdf\"> CHAMADA 01 &#8211; <span style=\"color: #ff0000\">11.09.2018 (novo)<\/span><\/a><\/strong><\/h3>\n<\/li>\n<li>\n<h3><span style=\"color: #000000\"><strong><a href=\"http:\/\/www2.unifap.br\/ead\/files\/2018\/08\/RESULTADO_FINAL-_TUTOR.pdf\"><span style=\"color: #000000\">RESULTADO FINA<\/span><\/a><\/strong><strong><a href=\"http:\/\/www2.unifap.br\/ead\/files\/2018\/08\/RESULTADO_FINAL-_TUTOR.pdf\"><span style=\"color: #000000\">L <\/span><\/a><\/strong><strong><a href=\"http:\/\/www2.unifap.br\/ead\/files\/2018\/08\/RESULTADO_FINAL-_TUTOR.pdf\"><span style=\"color: #000000\"><span style=\"color: #888888\">31.08.2018\u00a0<\/span> <\/span><\/a><\/strong><\/span><\/h3>\n<\/li>\n<li>\n<h3><strong><a href=\"http:\/\/www2.unifap.br\/ead\/files\/2018\/08\/RESULTADO_DA_PROVA_DE_TTULOS_TUTORIA_MATEMTICA.pdf\">RESULTADO DA PROVA DE TITULOS Provis\u00f3rio<\/a><\/strong><\/h3>\n<\/li>\n<li>\n<h3><strong><a href=\"http:\/\/www2.unifap.br\/ead\/files\/2018\/08\/RESULTADO_DA_ENTREVISTA_TUTORIA_MATEMTICA1.pdf\">RESULTADO DA ENTREVISTA Provis\u00f3rio<\/a><\/strong><\/h3>\n<\/li>\n<li>\n<h3><strong><a href=\"http:\/\/www2.unifap.br\/ead\/files\/2018\/08\/local-de-entrevista-matem\u00e1tica-.pdf\">LOCAL E DATA DA ENTREVISTA <\/a><\/strong><\/h3>\n<\/li>\n<li>\n<h3><strong><a href=\"http:\/\/www2.unifap.br\/ead\/files\/2018\/08\/Inscri\u00e7\u00f5es-homologadas.pdf\">Inscri\u00e7\u00f5es homologadas<\/a><\/strong><\/h3>\n<\/li>\n<li>\n<h3><strong><a href=\"http:\/\/www2.unifap.br\/ead\/files\/2018\/08\/RETIFICA\u00c7\u00c3O.pdf\">RETIFICA\u00c7\u00c3O QUADRO I- <b>REQUISITO<\/b><\/a><\/strong><\/h3>\n<\/li>\n<li>\n<h3><strong><a href=\"http:\/\/www2.unifap.br\/ead\/files\/2018\/08\/CHAMADA-DE-TUTOR-A-DIST\u00c2NCIA-MATEM\u00c1TICA-OIAPOQUE.pdf\">CHAMADA PARA TUTOR A DIST\u00c2NCIA DE MATEM\u00c1TICA &#8211; POLO OIAPOQUE <\/a><\/strong><\/h3>\n<\/li>\n<\/ul>\n","protected":false},"excerpt":{"rendered":"<p>CHAMADA INTERNA E EXTERNA PARA TUTOR A DIST\u00c2NCIA DE MATEM\u00c1TICA POLO OIAPOQUE DA UNIFAP\/UAB\/CAPES CHAMADA 01 &#8211; 11.09.2018 (novo) RESULTADO FINAL 31.08.2018\u00a0 RESULTADO DA PROVA DE TITULOS Provis\u00f3rio RESULTADO DA&#8230;<\/p>\n","protected":false},"author":812,"featured_media":0,"parent":0,"menu_order":0,"comment_status":"closed","ping_status":"closed","template":"","meta":{"inline_featured_image":false,"ngg_post_thumbnail":0,"footnotes":""},"class_list":["post-18464","page","type-page","status-publish","hentry","entry"],"_links":{"self":[{"href":"http:\/\/www2.unifap.br\/ead\/wp-json\/wp\/v2\/pages\/18464","targetHints":{"allow":["GET"]}}],"collection":[{"href":"http:\/\/www2.unifap.br\/ead\/wp-json\/wp\/v2\/pages"}],"about":[{"href":"http:\/\/www2.unifap.br\/ead\/wp-json\/wp\/v2\/types\/page"}],"author":[{"embeddable":true,"href":"http:\/\/www2.unifap.br\/ead\/wp-json\/wp\/v2\/users\/812"}],"replies":[{"embeddable":true,"href":"http:\/\/www2.unifap.br\/ead\/wp-json\/wp\/v2\/comments?post=18464"}],"version-history":[{"count":15,"href":"http:\/\/www2.unifap.br\/ead\/wp-json\/wp\/v2\/pages\/18464\/revisions"}],"predecessor-version":[{"id":18569,"href":"http:\/\/www2.unifap.br\/ead\/wp-json\/wp\/v2\/pages\/18464\/revisions\/18569"}],"wp:attachment":[{"href":"http:\/\/www2.unifap.br\/ead\/wp-json\/wp\/v2\/media?parent=18464"}],"curies":[{"name":"wp","href":"https:\/\/api.w.org\/{rel}","templated":true}]}}