{"id":19042,"date":"2018-12-21T13:05:35","date_gmt":"2018-12-21T16:05:35","guid":{"rendered":"http:\/\/www2.unifap.br\/ead\/?page_id=19042"},"modified":"2019-04-22T17:41:53","modified_gmt":"2019-04-22T20:41:53","slug":"chamada-para-professor-formador-educacao-fisica","status":"publish","type":"page","link":"http:\/\/www2.unifap.br\/ead\/chamada-para-professor-formador-educacao-fisica\/","title":{"rendered":"Chamada interna n\u00ba03\/2018 para Professor Formador: Educa\u00e7\u00e3o F\u00edsica"},"content":{"rendered":"<p><strong>&nbsp;<\/strong><\/p>\n<ul>\n<li><strong><a href=\"http:\/\/www2.unifap.br\/ead\/files\/2019\/04\/CONVOCA\u00c7\u00c3O-02-CHAMADA-INTERNA-PROFESSOR.pdf\">Convoca\u00e7\u00e3o 02: 22.04.2019 <span style=\"color: #ff0000\">(novo)<\/span><\/a><\/strong><\/li>\n<li><strong><a href=\"http:\/\/www2.unifap.br\/ead\/files\/2019\/02\/CONVOCA\u00c7\u00c3O-CHAMADA-INTERNA-PROFESSOR.pdf\">Convoca\u00e7\u00e3o: 28.02.2019&nbsp;<\/a><\/strong><\/li>\n<li><strong><a href=\"http:\/\/www2.unifap.br\/ead\/files\/2018\/12\/RESULTADO-FINAL-CHAMADA-INTERNA-PARA-PROFESSOR-FORMADOR-UNIFAP.pdf\">Resultado final<\/a>&nbsp;&#8211; 25.01.2019&nbsp;<\/strong><\/li>\n<li><strong><a href=\"http:\/\/www2.unifap.br\/ead\/files\/2018\/12\/RESULTADO-PARCIAL-CHAMADA-INTERNA-PARA-PROFESSOR-FORMADOR-UNIFAP.pdf\">Resultado parcial &#8211; 23.01.2019 <span style=\"color: #ff0000\"><br \/>\n<\/span><\/a><\/strong><\/li>\n<li><strong><a href=\"http:\/\/www2.unifap.br\/ead\/files\/2018\/12\/RESULTADO-INSCRI\u00c7\u00c3O-CHAMADA-INTERNA-PARA-PROFESSOR-FORMADOR-UNIFAP.pdf\">Inscri\u00e7\u00f5es deferidas e indeferidas &#8211; 21.01.2019&nbsp;<\/a><\/strong><\/li>\n<li><strong>Link para inscri\u00e7\u00e3o: <a href=\"https:\/\/docs.google.com\/forms\/d\/e\/1FAIpQLSd_9ELFkAuLSLLFitFdjnIDbyfawA218RF8sxPBIwvAdN2UJw\/viewform\">clique aqui<\/a>&nbsp;<strong><strong>(inscri\u00e7\u00f5es encerradas)<\/strong><\/strong><\/strong><\/li>\n<li><strong><a href=\"http:\/\/www2.unifap.br\/ead\/files\/2018\/12\/Chamada-para-Professor-Formador-Educa\u00e7\u00e3o-F\u00edsica.pdf\">Chamada para Professor Formador: Educa\u00e7\u00e3o F\u00edsica<\/a>&nbsp;&#8211; 21.12.2018<span style=\"color: #ff0000\">&nbsp;<\/span><\/strong><\/li>\n<\/ul>\n","protected":false},"excerpt":{"rendered":"<p>&nbsp; Convoca\u00e7\u00e3o 02: 22.04.2019 (novo) Convoca\u00e7\u00e3o: 28.02.2019&nbsp; Resultado final&nbsp;&#8211; 25.01.2019&nbsp; Resultado parcial &#8211; 23.01.2019 Inscri\u00e7\u00f5es deferidas e indeferidas &#8211; 21.01.2019&nbsp; Link para inscri\u00e7\u00e3o: clique aqui&nbsp;(inscri\u00e7\u00f5es encerradas) Chamada para Professor Formador:&#8230;<\/p>\n","protected":false},"author":812,"featured_media":0,"parent":0,"menu_order":0,"comment_status":"closed","ping_status":"closed","template":"fullwidth.php","meta":{"inline_featured_image":false,"ngg_post_thumbnail":0,"footnotes":""},"class_list":["post-19042","page","type-page","status-publish","hentry","entry"],"_links":{"self":[{"href":"http:\/\/www2.unifap.br\/ead\/wp-json\/wp\/v2\/pages\/19042","targetHints":{"allow":["GET"]}}],"collection":[{"href":"http:\/\/www2.unifap.br\/ead\/wp-json\/wp\/v2\/pages"}],"about":[{"href":"http:\/\/www2.unifap.br\/ead\/wp-json\/wp\/v2\/types\/page"}],"author":[{"embeddable":true,"href":"http:\/\/www2.unifap.br\/ead\/wp-json\/wp\/v2\/users\/812"}],"replies":[{"embeddable":true,"href":"http:\/\/www2.unifap.br\/ead\/wp-json\/wp\/v2\/comments?post=19042"}],"version-history":[{"count":13,"href":"http:\/\/www2.unifap.br\/ead\/wp-json\/wp\/v2\/pages\/19042\/revisions"}],"predecessor-version":[{"id":20813,"href":"http:\/\/www2.unifap.br\/ead\/wp-json\/wp\/v2\/pages\/19042\/revisions\/20813"}],"wp:attachment":[{"href":"http:\/\/www2.unifap.br\/ead\/wp-json\/wp\/v2\/media?parent=19042"}],"curies":[{"name":"wp","href":"https:\/\/api.w.org\/{rel}","templated":true}]}}