{"id":19087,"date":"2018-12-27T12:52:17","date_gmt":"2018-12-27T15:52:17","guid":{"rendered":"http:\/\/www2.unifap.br\/ead\/?page_id=19087"},"modified":"2019-04-01T18:13:17","modified_gmt":"2019-04-01T21:13:17","slug":"chamada-internaexterna-no022018-para-professor-formador-administracao-publica","status":"publish","type":"page","link":"http:\/\/www2.unifap.br\/ead\/chamada-internaexterna-no022018-para-professor-formador-administracao-publica\/","title":{"rendered":"Chamada interna\/externa n\u00ba02\/2018 para Professor Formador: Administra\u00e7\u00e3o P\u00fablica"},"content":{"rendered":"<h2 align=\"center\"><strong>Chamada interna\/externa para Professor formador do curso de Bacharelado em Administra\u00e7\u00e3o P\u00fablica, UNIFAP\/UAB\/CAPES<\/strong><\/h2>\n<ul>\n<li><strong><a href=\"http:\/\/www2.unifap.br\/ead\/files\/2018\/12\/CONVOCA\u00c7\u00c3O-FORMADOR-POLOS.pdf\">Convoca\u00e7\u00e3o &#8211; 21.02.2019<span style=\"color: #ff0000\"> (novo)<\/span><\/a><\/strong><\/li>\n<li><strong><a href=\"http:\/\/www2.unifap.br\/ead\/files\/2018\/12\/RESULTADO-FORMADOR-POLOS.pdf\">Resultado Final<\/a>&nbsp;&#8211; 31.01.2019<span style=\"color: #ff0000\">&nbsp;<\/span><\/strong><\/li>\n<li><strong><a href=\"http:\/\/www2.unifap.br\/ead\/files\/2018\/12\/An\u00e1lise-de-t\u00edtulos-28012019.pdf\">An\u00e1lise de t\u00edtulos &#8211; 28.01.2019<\/a><span style=\"color: #ff0000\">&nbsp;<\/span><\/strong><\/li>\n<li><strong><a href=\"http:\/\/www2.unifap.br\/ead\/files\/2018\/12\/Retifica\u00e7\u00e3o-03-Chamadainternaexterna-n022018.pdf\">Retifica\u00e7\u00e3o 03: Chamada interna\/externa n\u00ba02\/2018<\/a>&nbsp;&#8211; 24.01.2019 <span style=\"color: #ff0000\"><br \/>\n<\/span><\/strong><\/li>\n<li><strong><a href=\"http:\/\/www2.unifap.br\/ead\/files\/2018\/12\/Resultados-das-inscri\u00e7\u00f5es-homologadas-e-indeferidas-21.01.2019-novo-PROF.pdf\">Resultados das inscri\u00e7\u00f5es homologadas e indeferidas &#8211; 21.01.2019<span style=\"color: #ff0000\"><br \/>\n<\/span><\/a><\/strong><\/li>\n<li><strong>Link para inscri\u00e7\u00e3o:&nbsp;<a href=\"https:\/\/docs.google.com\/forms\/d\/e\/1FAIpQLSfPd-UQ8L9ae4d9V-ecXGnv6VyxbZjMs5xNNbZEz-3YVIzHqg\/viewform\">clique aqui<\/a>&nbsp;<strong><strong>(inscri\u00e7\u00f5es encerradas)<\/strong><\/strong><\/strong><\/li>\n<li><strong><a href=\"http:\/\/www2.unifap.br\/ead\/files\/2018\/12\/Retifica\u00e7\u00e3o-02-Chamada-internaexterna-n\u00ba022018-para-Professor-Formador-Administra\u00e7\u00e3o-P\u00fablica.pdf\">Retifica\u00e7\u00e3o 02: Chamada interna\/externa n\u00ba02\/2018 para Professor Formador Administra\u00e7\u00e3o P\u00fablica<\/a>&nbsp;&#8211; 14.01.2018<br \/>\n<\/strong><\/li>\n<li><strong><a href=\"http:\/\/www2.unifap.br\/ead\/files\/2018\/12\/Chamada-interna-externa-n022018-para-Professor-Formador-Administra\u00e7\u00e3o-P\u00fablica1.pdf\">Retifica\u00e7\u00e3o 01: Chamada interna\/externa n\u00ba02\/2018 para Professor Formador: Administra\u00e7\u00e3o P\u00fablica<\/a>&nbsp;&#8211; 09.01.2018 <span style=\"color: #ff0000\"><br \/>\n<\/span><\/strong><\/li>\n<li><strong><a href=\"http:\/\/www2.unifap.br\/ead\/files\/2018\/12\/FORMADOR-POLOS-2019.pdf\">Edital: Chamada interna\/externa n\u00ba02\/2018 para Professor Formador: Administra\u00e7\u00e3o P\u00fablica<\/a>&nbsp;&#8211; 27.12.2018<\/strong><\/li>\n<\/ul>\n<p>&nbsp;<\/p>\n","protected":false},"excerpt":{"rendered":"<p>Chamada interna\/externa para Professor formador do curso de Bacharelado em Administra\u00e7\u00e3o P\u00fablica, UNIFAP\/UAB\/CAPES Convoca\u00e7\u00e3o &#8211; 21.02.2019 (novo) Resultado Final&nbsp;&#8211; 31.01.2019&nbsp; An\u00e1lise de t\u00edtulos &#8211; 28.01.2019&nbsp; Retifica\u00e7\u00e3o 03: Chamada interna\/externa n\u00ba02\/2018&nbsp;&#8211;&#8230;<\/p>\n","protected":false},"author":812,"featured_media":0,"parent":0,"menu_order":0,"comment_status":"closed","ping_status":"closed","template":"fullwidth.php","meta":{"inline_featured_image":false,"ngg_post_thumbnail":0,"footnotes":""},"class_list":["post-19087","page","type-page","status-publish","hentry","entry"],"_links":{"self":[{"href":"http:\/\/www2.unifap.br\/ead\/wp-json\/wp\/v2\/pages\/19087","targetHints":{"allow":["GET"]}}],"collection":[{"href":"http:\/\/www2.unifap.br\/ead\/wp-json\/wp\/v2\/pages"}],"about":[{"href":"http:\/\/www2.unifap.br\/ead\/wp-json\/wp\/v2\/types\/page"}],"author":[{"embeddable":true,"href":"http:\/\/www2.unifap.br\/ead\/wp-json\/wp\/v2\/users\/812"}],"replies":[{"embeddable":true,"href":"http:\/\/www2.unifap.br\/ead\/wp-json\/wp\/v2\/comments?post=19087"}],"version-history":[{"count":21,"href":"http:\/\/www2.unifap.br\/ead\/wp-json\/wp\/v2\/pages\/19087\/revisions"}],"predecessor-version":[{"id":20706,"href":"http:\/\/www2.unifap.br\/ead\/wp-json\/wp\/v2\/pages\/19087\/revisions\/20706"}],"wp:attachment":[{"href":"http:\/\/www2.unifap.br\/ead\/wp-json\/wp\/v2\/media?parent=19087"}],"curies":[{"name":"wp","href":"https:\/\/api.w.org\/{rel}","templated":true}]}}