{"id":19477,"date":"2019-01-15T11:53:14","date_gmt":"2019-01-15T14:53:14","guid":{"rendered":"http:\/\/www2.unifap.br\/ead\/?page_id=19477"},"modified":"2019-04-01T18:15:40","modified_gmt":"2019-04-01T21:15:40","slug":"tutor-especializacao-em-gestao-e-saude","status":"publish","type":"page","link":"http:\/\/www2.unifap.br\/ead\/tutor-especializacao-em-gestao-e-saude\/","title":{"rendered":"Tutor: Especializa\u00e7\u00e3o em Gest\u00e3o e Sa\u00fade"},"content":{"rendered":"<h2 style=\"text-align: center\"><strong>Chamada interna\/externa n\u00ba01\/2019 para Tutor: Especializa\u00e7\u00e3o em Gest\u00e3o e Sa\u00fade<\/strong><\/h2>\n<p>&nbsp;<\/p>\n<ul>\n<li><strong><a href=\"http:\/\/www2.unifap.br\/ead\/files\/2019\/01\/RESULTADO-FINAL-GS-.pdf\">RESULTADO FINAL 19.02.2019 <span style=\"color: #ff0000\">(NOVO)<\/span><\/a><\/strong><\/li>\n<li><strong><a href=\"http:\/\/www2.unifap.br\/ead\/files\/2019\/01\/RECURSO-CAMILA.pdf\">Resultado do recurso &#8211; 19.02.2019<\/a>&nbsp;<\/strong><\/li>\n<li><strong><a href=\"http:\/\/www2.unifap.br\/ead\/files\/2019\/01\/Resultado-Final-TUTOR-GEST\u00c3O-EM-SA\u00daDE.pdf\">Resultado Final<\/a> -15.02.2019 <span style=\"color: #ff0000\"><br \/>\n<\/span><\/strong><\/li>\n<li><strong><a href=\"http:\/\/www2.unifap.br\/ead\/files\/2019\/01\/Retifica\u00e7\u00e3o-Resultado-preliminar-Tutor-Gest\u00e3o-e-Saude.pdf\">Retifica\u00e7\u00e3o 01 Resultado preliminar &#8211;&nbsp;<\/a>07.02.2019&nbsp;<\/strong><\/li>\n<li><strong><a href=\"http:\/\/www2.unifap.br\/ead\/files\/2019\/01\/TUTOR-GEST\u00c3O-EM-SA\u00daDE.pdf\">Resultado preliminar<\/a>&nbsp;&#8211; 04.02.2019 <span style=\"color: #ff0000\"><br \/>\n<\/span><\/strong><\/li>\n<li><strong>Link para inscri\u00e7\u00e3o: <a href=\"https:\/\/docs.google.com\/forms\/d\/e\/1FAIpQLScKdVugtEzuRws0jMi9RYYOP8EQBWnD-mCyZfzKjPYKBzPa3g\/viewform\"><span style=\"color: #ff0000\">clique aqui<\/span><\/a>.<\/strong><\/li>\n<li><strong><a href=\"http:\/\/www2.unifap.br\/ead\/files\/2019\/01\/Chamada-Interna-e-Externa-para-Tutor-Gest\u00e3o-em-Sa\u00fade.pdf\">Edital: Chamada Interna e Externa para Tutor: Gest\u00e3o em Sa\u00fade<\/a>&nbsp;-15.01.2019&nbsp;<span style=\"color: #ff0000\"><br \/>\n<\/span><\/strong><\/li>\n<\/ul>\n","protected":false},"excerpt":{"rendered":"<p>Chamada interna\/externa n\u00ba01\/2019 para Tutor: Especializa\u00e7\u00e3o em Gest\u00e3o e Sa\u00fade &nbsp; RESULTADO FINAL 19.02.2019 (NOVO) Resultado do recurso &#8211; 19.02.2019&nbsp; Resultado Final -15.02.2019 Retifica\u00e7\u00e3o 01 Resultado preliminar &#8211;&nbsp;07.02.2019&nbsp; Resultado preliminar&nbsp;&#8211;&#8230;<\/p>\n","protected":false},"author":812,"featured_media":0,"parent":0,"menu_order":0,"comment_status":"closed","ping_status":"closed","template":"fullwidth.php","meta":{"inline_featured_image":false,"ngg_post_thumbnail":0,"footnotes":""},"class_list":["post-19477","page","type-page","status-publish","hentry","entry"],"_links":{"self":[{"href":"http:\/\/www2.unifap.br\/ead\/wp-json\/wp\/v2\/pages\/19477","targetHints":{"allow":["GET"]}}],"collection":[{"href":"http:\/\/www2.unifap.br\/ead\/wp-json\/wp\/v2\/pages"}],"about":[{"href":"http:\/\/www2.unifap.br\/ead\/wp-json\/wp\/v2\/types\/page"}],"author":[{"embeddable":true,"href":"http:\/\/www2.unifap.br\/ead\/wp-json\/wp\/v2\/users\/812"}],"replies":[{"embeddable":true,"href":"http:\/\/www2.unifap.br\/ead\/wp-json\/wp\/v2\/comments?post=19477"}],"version-history":[{"count":10,"href":"http:\/\/www2.unifap.br\/ead\/wp-json\/wp\/v2\/pages\/19477\/revisions"}],"predecessor-version":[{"id":20711,"href":"http:\/\/www2.unifap.br\/ead\/wp-json\/wp\/v2\/pages\/19477\/revisions\/20711"}],"wp:attachment":[{"href":"http:\/\/www2.unifap.br\/ead\/wp-json\/wp\/v2\/media?parent=19477"}],"curies":[{"name":"wp","href":"https:\/\/api.w.org\/{rel}","templated":true}]}}

Tutor: Especialização em Gestão e Saúde

<h2 style="text-align: center"><strong>Chamada interna/externa nº01/2019 para Tutor: Especialização em Gestão e Saúde</strong></h2>
<p>&nbsp;</p>
<ul>
<li><strong><a href="http://www2.unifap.br/ead/files/2019/01/RESULTADO-FINAL-GS-.pdf">RESULTADO FINAL 19.02.2019 <span style="color: #ff0000">(NOVO)</span></a></strong></li>
<li><strong><a href="http://www2.unifap.br/ead/files/2019/01/RECURSO-CAMILA.pdf">Resultado do recurso &#8211; 19.02.2019</a>&nbsp;</strong></li>
<li><strong><a href="http://www2.unifap.br/ead/files/2019/01/Resultado-Final-TUTOR-GESTÃO-EM-SAÚDE.pdf">Resultado Final</a> -15.02.2019 <span style="color: #ff0000"><br />
</span></strong></li>
<li><strong><a href="http://www2.unifap.br/ead/files/2019/01/Retificação-Resultado-preliminar-Tutor-Gestão-e-Saude.pdf">Retificação 01 Resultado preliminar &#8211;&nbsp;</a>07.02.2019&nbsp;</strong></li>
<li><strong><a href="http://www2.unifap.br/ead/files/2019/01/TUTOR-GESTÃO-EM-SAÚDE.pdf">Resultado preliminar</a>&nbsp;&#8211; 04.02.2019 <span style="color: #ff0000"><br />
</span></strong></li>
<li><strong>Link para inscrição: <a href="https://docs.google.com/forms/d/e/1FAIpQLScKdVugtEzuRws0jMi9RYYOP8EQBWnD-mCyZfzKjPYKBzPa3g/viewform"><span style="color: #ff0000">clique aqui</span></a>.</strong></li>
<li><strong><a href="http://www2.unifap.br/ead/files/2019/01/Chamada-Interna-e-Externa-para-Tutor-Gestão-em-Saúde.pdf">Edital: Chamada Interna e Externa para Tutor: Gestão em Saúde</a>&nbsp;-15.01.2019&nbsp;<span style="color: #ff0000"><br />
</span></strong></li>
</ul>

<p>Chamada interna/externa nº01/2019 para Tutor: Especialização em Gestão e Saúde &nbsp; RESULTADO FINAL 19.02.2019 (NOVO) Resultado do recurso &#8211; 19.02.2019&nbsp; Resultado Final -15.02.2019 Retificação 01 Resultado preliminar &#8211;&nbsp;07.02.2019&nbsp; Resultado preliminar&nbsp;&#8211;&#8230;</p>
