{"id":19570,"date":"2019-01-15T22:57:15","date_gmt":"2019-01-16T01:57:15","guid":{"rendered":"http:\/\/www2.unifap.br\/ead\/?page_id=19570"},"modified":"2019-11-14T11:31:48","modified_gmt":"2019-11-14T14:31:48","slug":"processo-seletivo-simplificado-no012019-para-selecao-de-alunos-especializacao-em-midias-na-educacao-modalidade-a-distancia","status":"publish","type":"page","link":"http:\/\/www2.unifap.br\/ead\/processo-seletivo-simplificado-no012019-para-selecao-de-alunos-especializacao-em-midias-na-educacao-modalidade-a-distancia\/","title":{"rendered":"Processo seletivo simplificado n\u00ba01\/2019 para sele\u00e7\u00e3o de alunos: Especializa\u00e7\u00e3o em M\u00eddias na Educa\u00e7\u00e3o &#8211; Modalidade a dist\u00e2ncia"},"content":{"rendered":"\t\t<div data-elementor-type=\"wp-post\" data-elementor-id=\"19570\" class=\"elementor elementor-19570 elementor-bc-flex-widget\">\n\t\t\t\t\t\t<section class=\"elementor-section elementor-top-section elementor-element elementor-element-6460bc3 elementor-section-boxed elementor-section-height-default elementor-section-height-default\" data-id=\"6460bc3\" data-element_type=\"section\" data-e-type=\"section\">\n\t\t\t\t\t\t<div class=\"elementor-container elementor-column-gap-default\">\n\t\t\t\t\t<div class=\"elementor-column elementor-col-100 elementor-top-column elementor-element elementor-element-19d5d97e\" data-id=\"19d5d97e\" data-element_type=\"column\" data-e-type=\"column\">\n\t\t\t<div class=\"elementor-widget-wrap elementor-element-populated\">\n\t\t\t\t\t\t<div class=\"elementor-element elementor-element-7d04ecd7 elementor-widget elementor-widget-text-editor\" data-id=\"7d04ecd7\" data-element_type=\"widget\" data-e-type=\"widget\" data-widget_type=\"text-editor.default\">\n\t\t\t\t<div class=\"elementor-widget-container\">\n\t\t\t\t\t\t\t\t\t<h1 style=\"text-align: center;\"><a href=\"http:\/\/www2.unifap.br\/ead\/processo-seletivo-simplificado-no012019-para-selecao-de-alunos-especializacao-em-midias-na-educacao-modalidade-a-distancia\/\">Especializa\u00e7\u00e3o em M\u00eddias na Educa\u00e7\u00e3o (EaD) \u2013 Processo seletivo simplificado n\u00ba01\/2019\u00a0<\/a><\/h1><p><strong>\u00a0<\/strong><br \/><strong><em><span style=\"color: #000000;\">O Departamento de EaD da UNIFAP os convocam para participarem da capacita\u00e7\u00e3o inicial para o uso da plataforma Moodle, nosso atual Ambiente Virtual de Aprendizagem (AVA). Esta capacita\u00e7\u00e3o se faz necess\u00e1ria para o bom andamento do curso e melhores resultados para o acad\u00eamico.<\/span><\/em><\/strong><\/p><p><strong><em><span style=\"color: #000000;\">Localize seu nome na planilha em anexo e veja qual o dia e hora de sua aula.<\/span><\/em><\/strong><\/p><p><strong><em><span style=\"color: #000000;\">As aulas ocorreram nos respectivos Laborat\u00f3rio de inform\u00e1tica do polo Macap\u00e1 (Departamento de Ead, UNIFAP, Bloco B, Sala 3) e Santana (Universidade Aberta do Brasil, localizado na Av. Ant\u00f4nio Nunes, 1206 &#8211; Nova Bras\u00edlia, Santana &#8211; AP).<\/span><\/em><\/strong><\/p><p><strong><em><span style=\"color: #000000;\">Aguardamos sua presen\u00e7a<\/span><\/em><\/strong><\/p><p><strong><em><span style=\"color: #000000;\">Atenciosamente,<\/span><\/em><\/strong><\/p><p><strong><em><span style=\"color: #000000;\">DEaD<\/span><\/em><\/strong><\/p><ul><li><span style=\"color: #000000;\"><a style=\"color: #000000;\" href=\"http:\/\/www2.unifap.br\/ead\/files\/2019\/07\/ESP-MIDIAS-NA-EDUCA\u00c7\u00c3O-2019.2-Polo-MCP.pdf\">CRONOGRAMA PARA A CAPACITA\u00c7\u00c3O DOS ALUNOS &#8211; POLO MACAP\u00c1 12.07.2019<\/a> (NOVO)<\/span><\/li><li><span style=\"color: #000000;\"><a style=\"color: #000000;\" href=\"http:\/\/www2.unifap.br\/ead\/files\/2019\/07\/ESP-MIDIAS-NA-EDUCA\u00c7\u00c3O-2019.2-Polo-STN.pdf\">CRONOGRAMA PARA A CAPACITA\u00c7\u00c3O DOS ALUNOS &#8211; POLO SANTANA 12.07.2019<\/a> (NOVO)<\/span><\/li><li><span style=\"color: #000000;\"><a style=\"color: #000000;\" href=\"http:\/\/www.unifap.br\/public\/index\/view\/id\/11002\">CONVOCA\u00c7\u00c3O DE MATR\u00cdCULA 20.03.2019<\/a> <\/span><\/li><li><span style=\"color: #000000;\"><a style=\"color: #000000;\" href=\"http:\/\/www2.unifap.br\/ead\/files\/2019\/03\/CONVOCAT\u00d3RIA-ALUNOS-M\u00cdDIAS-EM-EDUCA\u00c7\u00c3O.pdf\">Convocat\u00f3ria &#8211; M\u00eddias na Educa\u00e7\u00e3o<\/a>\u00a012.03.2019\u00a0<\/span><\/li><li><span style=\"color: #000000;\"><a style=\"color: #000000;\" href=\"http:\/\/www2.unifap.br\/ead\/files\/2019\/03\/Resultado-Final.pdf\">Resultado Final 12.03.2019\u00a0<\/a><\/span><\/li><li><span style=\"color: #000000;\"><a style=\"color: #000000;\" href=\"http:\/\/www2.unifap.br\/ead\/files\/2019\/03\/Resultado-Final-M\u00eddias.pdf\">Resultado Preliminar 01.03.2019 <\/a><\/span><\/li><li><span style=\"color: #000000;\"><a style=\"color: #000000;\" href=\"http:\/\/www2.unifap.br\/ead\/files\/2019\/03\/RESULTADO-DOS-RECURSOS-M\u00cdDIAS-NA-EDUCA\u00c7\u00c3O.pdf\">RESULTADO DOS RECURSOS 01.03.2019<\/a><\/span><\/li><li><span style=\"color: #000000;\"><a style=\"color: #000000;\" href=\"http:\/\/www2.unifap.br\/ead\/files\/2019\/02\/RESULTADO-DE-M\u00cdDIAS-NA-EDUCA\u00c7\u00c3O-.pdf\">RESULTADO PRELIMINAR 26.02.2019\u00a0<\/a><\/span><\/li><li><span style=\"color: #000000;\"><a style=\"color: #000000;\" href=\"http:\/\/www2.unifap.br\/ead\/files\/2019\/01\/aviso.pdf\">AVISO AOS CANDIDATOS 20.02.2019\u00a0<\/a><\/span><\/li><li><span style=\"color: #000000;\"><a style=\"color: #000000;\" href=\"http:\/\/www2.unifap.br\/ead\/files\/2019\/01\/resultado-do-recurso-m\u00eddias.pdf\">Resultado do recurso das inscri\u00e7\u00f5es homologadas 20.02.2019\u00a0<\/a><\/span><\/li><li><span style=\"color: #000000;\"><a style=\"color: #000000;\" href=\"http:\/\/www2.unifap.br\/ead\/files\/2019\/01\/Lista-de-Deferimento-das-Inscri\u00e7\u00f5es-PSS-M\u00eddias-na-Educa\u00e7\u00e3o.pdf\">Lista de Deferimento das Inscri\u00e7\u00f5es\u00a0<\/a>&#8211; 07.02.2019 <br \/><\/span><\/li><li><span style=\"color: #000000;\"><a style=\"color: #000000;\" href=\"http:\/\/www2.unifap.br\/ead\/files\/2019\/01\/Retifica\u00e7\u00e3o-01-PSS-Especializa\u00e7\u00e3o-em-M\u00eddias-na-Educa\u00e7\u00e3o.pdf\">Retifica\u00e7\u00e3o 01 &#8211; PSS Especializa\u00e7\u00e3o em M\u00eddias na Educa\u00e7\u00e3o<\/a>\u00a0&#8211; 23.01.2019 <br \/><\/span><\/li><li><span style=\"color: #000000;\">EDITAL:<a style=\"color: #000000;\" href=\"http:\/\/www2.unifap.br\/ead\/files\/2019\/01\/Processo-seletivo-simplificado-n\u00ba012019-para-sele\u00e7\u00e3o-de-alunos-Especializa\u00e7\u00e3o-em-M\u00eddias-na-Educa\u00e7\u00e3o-Modalidade-a-dist\u00e2ncia.pdf\">Processo seletivo simplificado n\u00ba01\/2019 para sele\u00e7\u00e3o de alunos Especializa\u00e7\u00e3o em M\u00eddias na Educa\u00e7\u00e3o &#8211; Modalidade a dist\u00e2ncia<\/a>\u00a0&#8211; 15.01.2019<\/span> <strong><span style=\"color: #ff0000;\"><br \/><\/span><\/strong><\/li><\/ul>\t\t\t\t\t\t\t\t<\/div>\n\t\t\t\t<\/div>\n\t\t\t\t\t<\/div>\n\t\t<\/div>\n\t\t\t\t\t<\/div>\n\t\t<\/section>\n\t\t\t\t<\/div>\n\t\t","protected":false},"excerpt":{"rendered":"<p>Especializa\u00e7\u00e3o em M\u00eddias na Educa\u00e7\u00e3o (EaD) \u2013 Processo seletivo simplificado n\u00ba01\/2019\u00a0 \u00a0O Departamento de EaD da UNIFAP os convocam para participarem da capacita\u00e7\u00e3o inicial para o uso da plataforma Moodle,&#8230;<\/p>\n","protected":false},"author":812,"featured_media":0,"parent":0,"menu_order":0,"comment_status":"closed","ping_status":"closed","template":"","meta":{"inline_featured_image":false,"ngg_post_thumbnail":0,"footnotes":""},"class_list":["post-19570","page","type-page","status-publish","hentry","entry"],"_links":{"self":[{"href":"http:\/\/www2.unifap.br\/ead\/wp-json\/wp\/v2\/pages\/19570","targetHints":{"allow":["GET"]}}],"collection":[{"href":"http:\/\/www2.unifap.br\/ead\/wp-json\/wp\/v2\/pages"}],"about":[{"href":"http:\/\/www2.unifap.br\/ead\/wp-json\/wp\/v2\/types\/page"}],"author":[{"embeddable":true,"href":"http:\/\/www2.unifap.br\/ead\/wp-json\/wp\/v2\/users\/812"}],"replies":[{"embeddable":true,"href":"http:\/\/www2.unifap.br\/ead\/wp-json\/wp\/v2\/comments?post=19570"}],"version-history":[{"count":22,"href":"http:\/\/www2.unifap.br\/ead\/wp-json\/wp\/v2\/pages\/19570\/revisions"}],"predecessor-version":[{"id":22674,"href":"http:\/\/www2.unifap.br\/ead\/wp-json\/wp\/v2\/pages\/19570\/revisions\/22674"}],"wp:attachment":[{"href":"http:\/\/www2.unifap.br\/ead\/wp-json\/wp\/v2\/media?parent=19570"}],"curies":[{"name":"wp","href":"https:\/\/api.w.org\/{rel}","templated":true}]}}