{"id":19602,"date":"2019-01-18T13:29:33","date_gmt":"2019-01-18T16:29:33","guid":{"rendered":"http:\/\/www2.unifap.br\/ead\/?page_id=19602"},"modified":"2019-04-01T18:15:10","modified_gmt":"2019-04-01T21:15:10","slug":"tutor-esp-em-politicas-de-promocao-da-igualdade-racial-na-escola","status":"publish","type":"page","link":"http:\/\/www2.unifap.br\/ead\/tutor-esp-em-politicas-de-promocao-da-igualdade-racial-na-escola\/","title":{"rendered":"Tutor: Esp. em Pol\u00edticas de promo\u00e7\u00e3o da igualdade racial na Escola"},"content":{"rendered":"<h2 style=\"text-align: center\"><strong>Chamada interna\/externa n\u00ba01\/2019 para Tutor: Esp. em Pol\u00edticas de promo\u00e7\u00e3o da igualdade racial na Escola<\/strong><\/h2>\n<p>&nbsp;<\/p>\n<p>&nbsp;<\/p>\n<ul>\n<li><strong><a href=\"http:\/\/www2.unifap.br\/ead\/files\/2019\/02\/RESULTADO-FINAL-UNIAFRO-1.pdf\">RESULTADO FINAL &#8211; 28.02.2019 <span style=\"color: #ff0000\">(NOVO)<\/span><\/a> <\/strong><\/li>\n<li><a href=\"http:\/\/www2.unifap.br\/ead\/files\/2019\/02\/RESULTADO-DE-RECURSO-UNIAFRO.pdf\"><strong>RESULTADO DE RECURSO &#8211; UNIAFRO <span style=\"color: #ff0000\">28.02.2018&nbsp;<\/span><\/strong><\/a><\/li>\n<li><a href=\"http:\/\/www2.unifap.br\/ead\/files\/2019\/02\/resultado-tutor-uniafro.pdf\"><strong>RESULTADO PRELIMINAR 26.02.2019&nbsp;<\/strong><\/a><\/li>\n<li><a href=\"http:\/\/www2.unifap.br\/ead\/files\/2019\/02\/RESULTADO-UNIAFRO.pdf\"><strong>RESULTADO RECURSO 26.02.2019 <\/strong><\/a><\/li>\n<li><strong><a href=\"http:\/\/www2.unifap.br\/ead\/files\/2019\/01\/UNIAFRO-TUTOR.pdf\">RESULTADO DE TUTORES HOMOLOGADOS-<span style=\"color: #ff0000\">14.02.2019 <\/span><\/a><\/strong><\/li>\n<li><strong><a href=\"http:\/\/www2.unifap.br\/ead\/files\/2019\/01\/retifica\u00e7\u00e3o-de-cronograma-uniafro.pdf\">Retifica\u00e7\u00e3o \u2013 Anexo I\u2013<span style=\"color: #808080\"> 08.02.2019<\/span><\/a><\/strong><\/li>\n<li><a href=\"https:\/\/docs.google.com\/forms\/d\/e\/1FAIpQLSdQ3ZsippX15ZaOxa00kmSY_HyD730KZ62bFu7l8L4SJC03XQ\/viewform\"><strong>Link para inscri\u00e7\u00e3o: clique aqui.<\/strong><\/a><\/li>\n<li><strong><a href=\"http:\/\/www2.unifap.br\/ead\/files\/2019\/01\/Tutor-Esp.-em-Pol\u00edticas-de-promo\u00e7\u00e3o-da-igualdade-racial-na-Escola.pdf\">EDITAL: Chamada interna\/externa n\u00ba01\/2019 para Tutor: Esp. em Pol\u00edticas de promo\u00e7\u00e3o da igualdade racial na Escola<\/a>&nbsp;&#8211; 18.01.2019<\/strong><\/li>\n<\/ul>\n","protected":false},"excerpt":{"rendered":"<p>Chamada interna\/externa n\u00ba01\/2019 para Tutor: Esp. em Pol\u00edticas de promo\u00e7\u00e3o da igualdade racial na Escola &nbsp; &nbsp; RESULTADO FINAL &#8211; 28.02.2019 (NOVO) RESULTADO DE RECURSO &#8211; UNIAFRO 28.02.2018&nbsp; RESULTADO PRELIMINAR&#8230;<\/p>\n","protected":false},"author":812,"featured_media":0,"parent":0,"menu_order":0,"comment_status":"closed","ping_status":"closed","template":"fullwidth.php","meta":{"inline_featured_image":false,"ngg_post_thumbnail":0,"footnotes":""},"class_list":["post-19602","page","type-page","status-publish","hentry","entry"],"_links":{"self":[{"href":"http:\/\/www2.unifap.br\/ead\/wp-json\/wp\/v2\/pages\/19602","targetHints":{"allow":["GET"]}}],"collection":[{"href":"http:\/\/www2.unifap.br\/ead\/wp-json\/wp\/v2\/pages"}],"about":[{"href":"http:\/\/www2.unifap.br\/ead\/wp-json\/wp\/v2\/types\/page"}],"author":[{"embeddable":true,"href":"http:\/\/www2.unifap.br\/ead\/wp-json\/wp\/v2\/users\/812"}],"replies":[{"embeddable":true,"href":"http:\/\/www2.unifap.br\/ead\/wp-json\/wp\/v2\/comments?post=19602"}],"version-history":[{"count":12,"href":"http:\/\/www2.unifap.br\/ead\/wp-json\/wp\/v2\/pages\/19602\/revisions"}],"predecessor-version":[{"id":20710,"href":"http:\/\/www2.unifap.br\/ead\/wp-json\/wp\/v2\/pages\/19602\/revisions\/20710"}],"wp:attachment":[{"href":"http:\/\/www2.unifap.br\/ead\/wp-json\/wp\/v2\/media?parent=19602"}],"curies":[{"name":"wp","href":"https:\/\/api.w.org\/{rel}","templated":true}]}}