{"id":19609,"date":"2019-01-18T13:36:09","date_gmt":"2019-01-18T16:36:09","guid":{"rendered":"http:\/\/www2.unifap.br\/ead\/?page_id=19609"},"modified":"2019-04-26T10:01:52","modified_gmt":"2019-04-26T13:01:52","slug":"professor-formador-esp-em-educacao-penitenciaria","status":"publish","type":"page","link":"http:\/\/www2.unifap.br\/ead\/professor-formador-esp-em-educacao-penitenciaria\/","title":{"rendered":"Professor Formador: Esp. em Educa\u00e7\u00e3o Penitenciaria"},"content":{"rendered":"<h1 style=\"text-align: center\"><strong>Chamada n\u00ba01\/2019 para Professor Formador: Esp. em Educa\u00e7\u00e3o Penitenciaria<\/strong><\/h1>\n<ul>\n<li><strong><a href=\"http:\/\/www2.unifap.br\/ead\/files\/2019\/04\/Convoca\u00e7\u00e3o-N-03_2019_Professor-Formador.pdf\">Convoca\u00e7\u00e3o n\u00ba03 &#8211; 17.04.2019 (novo)<\/a><\/strong><\/li>\n<li><strong><a href=\"http:\/\/www2.unifap.br\/ead\/files\/2019\/03\/Convoca\u00e7\u00e3o-N-02_2019_Professor-Formador.pdf\">Convoca\u00e7\u00e3o n\u00ba02<\/a>&nbsp;&#8211; 22.03.2019<\/strong><\/li>\n<li><strong><a href=\"http:\/\/www2.unifap.br\/ead\/files\/2019\/01\/Resultado-Final-da-Chamada-Interna.pdf\">Resultado Final (Chamada Interna)<\/a>&nbsp;&#8211; 04.02.2019<span style=\"color: #ff0000\">&nbsp;<\/span><\/strong><\/li>\n<li><strong><a href=\"http:\/\/www2.unifap.br\/ead\/files\/2019\/01\/Resultado-Final-da-Chamada-Externa.pdf\">Resultado Final (Chamada Externa)<\/a>&nbsp;&#8211; 02.02.2019 <span style=\"color: #ff0000\"><br \/>\n<\/span><\/strong><\/li>\n<li><strong><a href=\"http:\/\/www2.unifap.br\/ead\/files\/2019\/01\/Retifica\u00e7\u00e3o-da-Chamada-Interna-N-1_2019_Educa\u00e7\u00e3o-Penitenci\u00e1ria.pdf\">Retifica\u00e7\u00e3o 03 (Chamada interna n\u00ba01\/2019<\/a>) &#8211; 01.02.2019 <span style=\"color: #ff0000\"><br \/>\n<\/span><\/strong><\/li>\n<li><strong><a href=\"http:\/\/www2.unifap.br\/ead\/files\/2019\/01\/Resposta-ao-recurso-do-candidato-Luiz-Laboissiere-Junior.pdf\">Resposta ao recurso<\/a>&nbsp;(Chamada interna n\u00ba01\/2019) &#8211; 01.02.2019 <span style=\"color: #ff0000\"><br \/>\n<\/span><\/strong><\/li>\n<li><strong><a href=\"http:\/\/www2.unifap.br\/ead\/files\/2019\/01\/Resultado-da-Prova-de-T\u00edtulo-da-Chamada-Interna.pdf\">Resultado da Prova de T\u00edtulo (Chamada interna<\/a>&nbsp;n\u00ba 01\/2019) &#8211; 01.02.2019 <span style=\"color: #ff0000\"><br \/>\n<\/span><\/strong><\/li>\n<li><strong><a href=\"http:\/\/www2.unifap.br\/ead\/files\/2019\/01\/Retifica\u00e7\u00e3o-da-Inscri\u00e7\u00e3o-Online_Chamada-Interna-n-01_2019.pdf\">Retifica\u00e7\u00e3o 02 da inscri\u00e7\u00e3o Online (Chamada interna n\u00ba 01\/2019<\/a>)&nbsp;&#8211; 01.02.2019&nbsp;<\/strong><span style=\"color: #ff0000\"><strong><br \/>\n<\/strong><\/span><\/li>\n<li><strong><a href=\"http:\/\/www2.unifap.br\/ead\/files\/2019\/01\/Resultado-da-prova-de-titulo-da-Chamada-Externa.pdf\">Resultado da prova de titulo (Chamada externa<\/a>) &#8211; 30.01.2019 <span style=\"color: #ff0000\"><br \/>\n<\/span><\/strong><\/li>\n<li><strong><a href=\"http:\/\/www2.unifap.br\/ead\/files\/2019\/01\/Retificacao-do-Resultado-de-inscri\u00e7\u00f5es-online-da-Chamada-Interna-1.pdf\">Retifica\u00e7\u00e3o 01 do Resultado<\/a>&nbsp;(Chamada interna) &#8211; 30.01.2019 <span style=\"color: #ff0000\"><br \/>\n<\/span><\/strong><\/li>\n<li><strong><a href=\"http:\/\/www2.unifap.br\/ead\/files\/2019\/01\/Resultado-de-inscri\u00e7\u00f5es-online-da-Chamada-Externa.pdf\">Resultado de inscri\u00e7\u00f5es (Chamada externa)<\/a>&nbsp;&#8211; 30.01.2019 <span style=\"color: #ff0000\"><br \/>\n<\/span><\/strong><\/li>\n<li><del><strong>Resultado de inscri\u00e7\u00f5es&nbsp;(Chamada interna)&nbsp;&#8211; 30.01.2019&nbsp;<span style=\"color: #ff0000\"><br \/>\n<\/span><\/strong><\/del><\/li>\n<li><strong>Edital:&nbsp;<a href=\"http:\/\/www2.unifap.br\/ead\/files\/2019\/01\/Chamada-Externa-para-Professor-Formador-Educa\u00e7\u00e3o-Penitenci\u00e1ria.pdf\">Chamada externa para Professor Formador &#8211; Educa\u00e7\u00e3o Penitenci\u00e1ria<\/a>&nbsp;&#8211; 18.01.2019&nbsp;<\/strong><\/li>\n<li><strong style=\"font-size: 1.4em\">Edital:&nbsp;<a href=\"http:\/\/www2.unifap.br\/ead\/files\/2019\/01\/Chamada-Interna-para-Professor-Formador-Educa\u00e7\u00e3o-Penitenci\u00e1ria.pdf\">Chamada interna para Professor Formador &#8211; Educa\u00e7\u00e3o Penitenci\u00e1ria<\/a>&nbsp;<\/strong><strong style=\"font-size: 1.4em\">&#8211; 18.01.2019 <span style=\"color: #ff0000\"><br \/>\n<\/span><\/strong><\/li>\n<\/ul>\n","protected":false},"excerpt":{"rendered":"<p>Chamada n\u00ba01\/2019 para Professor Formador: Esp. em Educa\u00e7\u00e3o Penitenciaria Convoca\u00e7\u00e3o n\u00ba03 &#8211; 17.04.2019 (novo) Convoca\u00e7\u00e3o n\u00ba02&nbsp;&#8211; 22.03.2019 Resultado Final (Chamada Interna)&nbsp;&#8211; 04.02.2019&nbsp; Resultado Final (Chamada Externa)&nbsp;&#8211; 02.02.2019 Retifica\u00e7\u00e3o 03 (Chamada&#8230;<\/p>\n","protected":false},"author":812,"featured_media":0,"parent":0,"menu_order":0,"comment_status":"closed","ping_status":"closed","template":"fullwidth.php","meta":{"inline_featured_image":false,"ngg_post_thumbnail":0,"footnotes":""},"class_list":["post-19609","page","type-page","status-publish","hentry","entry"],"_links":{"self":[{"href":"http:\/\/www2.unifap.br\/ead\/wp-json\/wp\/v2\/pages\/19609","targetHints":{"allow":["GET"]}}],"collection":[{"href":"http:\/\/www2.unifap.br\/ead\/wp-json\/wp\/v2\/pages"}],"about":[{"href":"http:\/\/www2.unifap.br\/ead\/wp-json\/wp\/v2\/types\/page"}],"author":[{"embeddable":true,"href":"http:\/\/www2.unifap.br\/ead\/wp-json\/wp\/v2\/users\/812"}],"replies":[{"embeddable":true,"href":"http:\/\/www2.unifap.br\/ead\/wp-json\/wp\/v2\/comments?post=19609"}],"version-history":[{"count":23,"href":"http:\/\/www2.unifap.br\/ead\/wp-json\/wp\/v2\/pages\/19609\/revisions"}],"predecessor-version":[{"id":20688,"href":"http:\/\/www2.unifap.br\/ead\/wp-json\/wp\/v2\/pages\/19609\/revisions\/20688"}],"wp:attachment":[{"href":"http:\/\/www2.unifap.br\/ead\/wp-json\/wp\/v2\/media?parent=19609"}],"curies":[{"name":"wp","href":"https:\/\/api.w.org\/{rel}","templated":true}]}}