{"id":20100,"date":"2019-02-08T11:51:25","date_gmt":"2019-02-08T14:51:25","guid":{"rendered":"http:\/\/www2.unifap.br\/ead\/?page_id=20100"},"modified":"2019-04-26T09:21:51","modified_gmt":"2019-04-26T12:21:51","slug":"tutor-especializacao-em-docencia-para-educacao-penitenciaria","status":"publish","type":"page","link":"http:\/\/www2.unifap.br\/ead\/tutor-especializacao-em-docencia-para-educacao-penitenciaria\/","title":{"rendered":"Tutor: Especializa\u00e7\u00e3o em Doc\u00eancia para Educa\u00e7\u00e3o Penitenciaria"},"content":{"rendered":"<h2 style=\"text-align: center\"><strong>Chamada interna\/externa n\u00ba02\/2019 para Tutor: Especializa\u00e7\u00e3o em Doc\u00eancia para Educa\u00e7\u00e3o Penitenciaria&nbsp;<\/strong><\/h2>\n<ul>\n<li><span style=\"color: #800000\"><strong><a style=\"color: #800000\" href=\"http:\/\/www2.unifap.br\/ead\/files\/2019\/04\/Convoca\u00e7\u00e3o-N-03_2019_Tutor-EAD.pdf\"><span style=\"color: #333333\">Convoca\u00e7\u00e3o n\u00ba03 &#8211; 26.04.2019<\/span> (novo)<\/a><\/strong><\/span><\/li>\n<li><strong><a href=\"http:\/\/www2.unifap.br\/ead\/files\/2019\/03\/Convoca\u00e7\u00e3o-N-02_2019.pdf\">Convoca\u00e7\u00e3o n\u00ba 02 &#8211; 22.03.2019<\/a><\/strong><\/li>\n<li><strong><a href=\"http:\/\/www2.unifap.br\/ead\/files\/2019\/02\/Convoca\u00e7\u00e3o-N-01_2019.pdf\">Convoca\u00e7\u00e3o n\u00ba01 &#8211; 26.02.2019<\/a><\/strong><\/li>\n<li><strong><a href=\"http:\/\/www2.unifap.br\/ead\/files\/2019\/02\/Resultada-da-Final_Chamada-Externa-e-Interna-para-Tutor-n-02_2019-1.pdf\">Resultada da Final: Chamada Externa e Interna para Tutor n\u00ba02\/2019 &#8211; 26.02.2019<\/a><\/strong><\/li>\n<li><strong><a href=\"http:\/\/www2.unifap.br\/ead\/files\/2019\/02\/Resultada-da-Prova-de-T\u00edtulo_Chamada-Externa-e-Interna-para-Tutor-n-02_2019.pdf\">Resultada da Prova de T\u00edtulo<\/a>&nbsp;&#8211; 23.02.2019&nbsp;<\/strong><\/li>\n<li><strong><a href=\"http:\/\/www2.unifap.br\/ead\/files\/2019\/02\/Retifica\u00e7\u00e3o-2-das-Inscri\u00e7\u00f5es-Homologadas.pdf\">Retifica\u00e7\u00e3o n\u00ba2 &#8211; Inscri\u00e7\u00f5es Homologadas<\/a>&nbsp;&#8211; 23.02.2019&nbsp;<\/strong><\/li>\n<li><strong><a href=\"http:\/\/www2.unifap.br\/ead\/files\/2019\/02\/Retifica\u00e7\u00e3o-n_1-do-Cronograma-de-Execu\u00e7\u00e3o-da-Chamada.pdf\">Retifica\u00e7\u00e3o n\u00ba1 &#8211; Cronograma de execu\u00e7\u00e3o da Chamada<\/a>&nbsp;&#8211; 23.02.2019&nbsp;<\/strong><\/li>\n<li><strong><span style=\"color: #000000\"><a href=\"http:\/\/www2.unifap.br\/ead\/files\/2019\/02\/Inscri\u00e7\u00e3o-online-homologada_Chamada-Externa-e-Interna-para-Tutor-n-02_2019.pdf\"><span style=\"color: #000000\">In<\/span><\/a><a style=\"color: #ff4b33\" href=\"http:\/\/www2.unifap.br\/ead\/files\/2019\/02\/Inscri\u00e7\u00e3o-online-homologada_Chamada-Externa-e-Interna-para-Tutor-n-02_2019.pdf\"><span style=\"color: #000000\">scri\u00e7\u00f5es homologadas<\/span><\/a><\/span>&nbsp;&#8211; 18.02.2019<\/strong><\/li>\n<li><strong style=\"font-size: 1.2em\">Link para inscri\u00e7\u00e3o: <a href=\"https:\/\/docs.google.com\/forms\/d\/e\/1FAIpQLSc2YIYnrC1y_K6A8XIPUCUuBoIRXxLGk9-m3nYMsFxdEgb0ow\/closedform\">clique aqui.<\/a><\/strong><\/li>\n<li><strong><a href=\"http:\/\/www2.unifap.br\/ead\/files\/2019\/02\/ANEXO-II1.docx\">ANEXO II &#8211; 08.02.2019<\/a><span style=\"color: #ff0000\">&nbsp;<\/span><\/strong><\/li>\n<li><strong style=\"font-size: 1.2em\">Edital: <a href=\"http:\/\/www2.unifap.br\/ead\/files\/2019\/02\/Chamada-Interna-e-Externa-para-Tutor-EAD.pdf\">Chamada Interna e Externa N\u00ba02\/2019 para Tutor&nbsp;<\/a>&#8211; 08.02.2019 <span style=\"color: #ff0000\"><br \/>\n<\/span><\/strong><\/li>\n<\/ul>\n","protected":false},"excerpt":{"rendered":"<p>Chamada interna\/externa n\u00ba02\/2019 para Tutor: Especializa\u00e7\u00e3o em Doc\u00eancia para Educa\u00e7\u00e3o Penitenciaria&nbsp; Convoca\u00e7\u00e3o n\u00ba03 &#8211; 26.04.2019 (novo) Convoca\u00e7\u00e3o n\u00ba 02 &#8211; 22.03.2019 Convoca\u00e7\u00e3o n\u00ba01 &#8211; 26.02.2019 Resultada da Final: Chamada Externa&#8230;<\/p>\n","protected":false},"author":812,"featured_media":0,"parent":0,"menu_order":0,"comment_status":"closed","ping_status":"closed","template":"fullwidth.php","meta":{"inline_featured_image":false,"ngg_post_thumbnail":0,"footnotes":""},"class_list":["post-20100","page","type-page","status-publish","hentry","entry"],"_links":{"self":[{"href":"http:\/\/www2.unifap.br\/ead\/wp-json\/wp\/v2\/pages\/20100","targetHints":{"allow":["GET"]}}],"collection":[{"href":"http:\/\/www2.unifap.br\/ead\/wp-json\/wp\/v2\/pages"}],"about":[{"href":"http:\/\/www2.unifap.br\/ead\/wp-json\/wp\/v2\/types\/page"}],"author":[{"embeddable":true,"href":"http:\/\/www2.unifap.br\/ead\/wp-json\/wp\/v2\/users\/812"}],"replies":[{"embeddable":true,"href":"http:\/\/www2.unifap.br\/ead\/wp-json\/wp\/v2\/comments?post=20100"}],"version-history":[{"count":14,"href":"http:\/\/www2.unifap.br\/ead\/wp-json\/wp\/v2\/pages\/20100\/revisions"}],"predecessor-version":[{"id":20824,"href":"http:\/\/www2.unifap.br\/ead\/wp-json\/wp\/v2\/pages\/20100\/revisions\/20824"}],"wp:attachment":[{"href":"http:\/\/www2.unifap.br\/ead\/wp-json\/wp\/v2\/media?parent=20100"}],"curies":[{"name":"wp","href":"https:\/\/api.w.org\/{rel}","templated":true}]}}

Tutor: Especialização em Docência para Educação Penitenciaria

<h2 style="text-align: center"><strong>Chamada interna/externa nº02/2019 para Tutor: Especialização em Docência para Educação Penitenciaria&nbsp;</strong></h2>
<ul>
<li><span style="color: #800000"><strong><a style="color: #800000" href="http://www2.unifap.br/ead/files/2019/04/Convocação-N-03_2019_Tutor-EAD.pdf"><span style="color: #333333">Convocação nº03 &#8211; 26.04.2019</span> (novo)</a></strong></span></li>
<li><strong><a href="http://www2.unifap.br/ead/files/2019/03/Convocação-N-02_2019.pdf">Convocação nº 02 &#8211; 22.03.2019</a></strong></li>
<li><strong><a href="http://www2.unifap.br/ead/files/2019/02/Convocação-N-01_2019.pdf">Convocação nº01 &#8211; 26.02.2019</a></strong></li>
<li><strong><a href="http://www2.unifap.br/ead/files/2019/02/Resultada-da-Final_Chamada-Externa-e-Interna-para-Tutor-n-02_2019-1.pdf">Resultada da Final: Chamada Externa e Interna para Tutor nº02/2019 &#8211; 26.02.2019</a></strong></li>
<li><strong><a href="http://www2.unifap.br/ead/files/2019/02/Resultada-da-Prova-de-Título_Chamada-Externa-e-Interna-para-Tutor-n-02_2019.pdf">Resultada da Prova de Título</a>&nbsp;&#8211; 23.02.2019&nbsp;</strong></li>
<li><strong><a href="http://www2.unifap.br/ead/files/2019/02/Retificação-2-das-Inscrições-Homologadas.pdf">Retificação nº2 &#8211; Inscrições Homologadas</a>&nbsp;&#8211; 23.02.2019&nbsp;</strong></li>
<li><strong><a href="http://www2.unifap.br/ead/files/2019/02/Retificação-n_1-do-Cronograma-de-Execução-da-Chamada.pdf">Retificação nº1 &#8211; Cronograma de execução da Chamada</a>&nbsp;&#8211; 23.02.2019&nbsp;</strong></li>
<li><strong><span style="color: #000000"><a href="http://www2.unifap.br/ead/files/2019/02/Inscrição-online-homologada_Chamada-Externa-e-Interna-para-Tutor-n-02_2019.pdf"><span style="color: #000000">In</span></a><a style="color: #ff4b33" href="http://www2.unifap.br/ead/files/2019/02/Inscrição-online-homologada_Chamada-Externa-e-Interna-para-Tutor-n-02_2019.pdf"><span style="color: #000000">scrições homologadas</span></a></span>&nbsp;&#8211; 18.02.2019</strong></li>
<li><strong style="font-size: 1.2em">Link para inscrição: <a href="https://docs.google.com/forms/d/e/1FAIpQLSc2YIYnrC1y_K6A8XIPUCUuBoIRXxLGk9-m3nYMsFxdEgb0ow/closedform">clique aqui.</a></strong></li>
<li><strong><a href="http://www2.unifap.br/ead/files/2019/02/ANEXO-II1.docx">ANEXO II &#8211; 08.02.2019</a><span style="color: #ff0000">&nbsp;</span></strong></li>
<li><strong style="font-size: 1.2em">Edital: <a href="http://www2.unifap.br/ead/files/2019/02/Chamada-Interna-e-Externa-para-Tutor-EAD.pdf">Chamada Interna e Externa Nº02/2019 para Tutor&nbsp;</a>&#8211; 08.02.2019 <span style="color: #ff0000"><br />
</span></strong></li>
</ul>

<p>Chamada interna/externa nº02/2019 para Tutor: Especialização em Docência para Educação Penitenciaria&nbsp; Convocação nº03 &#8211; 26.04.2019 (novo) Convocação nº 02 &#8211; 22.03.2019 Convocação nº01 &#8211; 26.02.2019 Resultada da Final: Chamada Externa&#8230;</p>
