{"id":20162,"date":"2019-02-12T10:16:14","date_gmt":"2019-02-12T13:16:14","guid":{"rendered":"http:\/\/www2.unifap.br\/ead\/?page_id=20162"},"modified":"2019-04-01T17:47:33","modified_gmt":"2019-04-01T20:47:33","slug":"professor-formador-matematica-no022019","status":"publish","type":"page","link":"http:\/\/www2.unifap.br\/ead\/professor-formador-matematica-no022019\/","title":{"rendered":"Professor Formador: Matem\u00e1tica (n\u00ba02\/2019)"},"content":{"rendered":"<h1 style=\"text-align: center\"><strong>Chamada interna\/externa n\u00ba02\/2019 para Professor Formador: Matem\u00e1tica<\/strong><\/h1>\n<p>&nbsp;<\/p>\n<ul>\n<li><strong><a href=\"http:\/\/www2.unifap.br\/ead\/files\/2019\/03\/Resultado-final.pdf\">Resultado final<\/a>&nbsp;&#8211; 01.03.2019 <span style=\"color: #ff0000\">(novo)<\/span><\/strong><\/li>\n<li><a href=\"http:\/\/www2.unifap.br\/ead\/files\/2019\/02\/CHAMADA-SIMPLIFICADA-PROFESSOR-MATEM\u00c1TICA-PROVA-DE-T\u00cdTULOS.pdf\"><strong>RESULTADO PRELIMINAR PROFESSOR &#8211; MATEM\u00c1TICA &#8211; PROVA DE T\u00cdTULOS 26.02.2019&nbsp;<\/strong><\/a><\/li>\n<li><strong><a href=\"http:\/\/www2.unifap.br\/ead\/files\/2019\/02\/Resultados-das-inscri\u00e7\u00f5es-homologadas-e-indeferidas-21.02.2019.pdf\">Resultados das inscri\u00e7\u00f5es homologadas e indeferidas &#8211; 21.02.2019<\/a>&nbsp;<\/strong><\/li>\n<li><strong>Link para inscri\u00e7\u00e3o:<a href=\"https:\/\/docs.google.com\/forms\/d\/e\/1FAIpQLScO0FuCEbpOuOd_VGk2ZIkHIdjiDYKqppe10F9wts7la0GVCw\/closedform\"> clique aqui<\/a><\/strong><\/li>\n<li><strong>Edital:&nbsp;<a href=\"http:\/\/www2.unifap.br\/ead\/files\/2019\/02\/Chamada-internaexterna-n\u00ba022019-para-Professor-Formador-Matem\u00e1tica.pdf\">Chamada interna\/externa n\u00ba02\/2019 para Professor Formador Matem\u00e1tica<\/a>&nbsp;&#8211; 12.02.2019 <a href=\"http:\/\/www2.unifap.br\/ead\/files\/2019\/02\/CHAMADA-SIMPLIFICADA-PROFESSOR-MATEM\u00c1TICA.pdf\"><br \/>\n<\/a><\/strong><\/li>\n<\/ul>\n","protected":false},"excerpt":{"rendered":"<p>Chamada interna\/externa n\u00ba02\/2019 para Professor Formador: Matem\u00e1tica &nbsp; Resultado final&nbsp;&#8211; 01.03.2019 (novo) RESULTADO PRELIMINAR PROFESSOR &#8211; MATEM\u00c1TICA &#8211; PROVA DE T\u00cdTULOS 26.02.2019&nbsp; Resultados das inscri\u00e7\u00f5es homologadas e indeferidas &#8211; 21.02.2019&nbsp;&#8230;<\/p>\n","protected":false},"author":812,"featured_media":0,"parent":0,"menu_order":0,"comment_status":"closed","ping_status":"closed","template":"fullwidth.php","meta":{"inline_featured_image":false,"ngg_post_thumbnail":0,"footnotes":""},"class_list":["post-20162","page","type-page","status-publish","hentry","entry"],"_links":{"self":[{"href":"http:\/\/www2.unifap.br\/ead\/wp-json\/wp\/v2\/pages\/20162","targetHints":{"allow":["GET"]}}],"collection":[{"href":"http:\/\/www2.unifap.br\/ead\/wp-json\/wp\/v2\/pages"}],"about":[{"href":"http:\/\/www2.unifap.br\/ead\/wp-json\/wp\/v2\/types\/page"}],"author":[{"embeddable":true,"href":"http:\/\/www2.unifap.br\/ead\/wp-json\/wp\/v2\/users\/812"}],"replies":[{"embeddable":true,"href":"http:\/\/www2.unifap.br\/ead\/wp-json\/wp\/v2\/comments?post=20162"}],"version-history":[{"count":10,"href":"http:\/\/www2.unifap.br\/ead\/wp-json\/wp\/v2\/pages\/20162\/revisions"}],"predecessor-version":[{"id":20204,"href":"http:\/\/www2.unifap.br\/ead\/wp-json\/wp\/v2\/pages\/20162\/revisions\/20204"}],"wp:attachment":[{"href":"http:\/\/www2.unifap.br\/ead\/wp-json\/wp\/v2\/media?parent=20162"}],"curies":[{"name":"wp","href":"https:\/\/api.w.org\/{rel}","templated":true}]}}