{"id":20192,"date":"2019-02-13T12:19:01","date_gmt":"2019-02-13T15:19:01","guid":{"rendered":"http:\/\/www2.unifap.br\/ead\/?page_id=20192"},"modified":"2019-10-29T16:35:22","modified_gmt":"2019-10-29T19:35:22","slug":"tutor-letras-portugues","status":"publish","type":"page","link":"http:\/\/www2.unifap.br\/ead\/tutor-letras-portugues\/","title":{"rendered":"Tutor (n\u00ba02\/2019): Letras Portugu\u00eas"},"content":{"rendered":"<h1 style=\"text-align: center\"><strong>Chamada interna\/externa n\u00ba02\/2019 para Tutor: Letras Portugu\u00eas<\/strong><\/h1>\n<p>&nbsp;<\/p>\n<ul>\n<li><a href=\"http:\/\/www2.unifap.br\/ead\/files\/2019\/10\/CONVOCA%C3%87%C3%83O-PARA-PROFESSOR-.pdf\"><strong>Convoca\u00e7\u00e3o 02 &#8211; 29.10.2019<\/strong><\/a><\/li>\n<li><strong>Convoca\u00e7\u00e3o 01<\/strong><\/li>\n<li><strong><a href=\"http:\/\/www2.unifap.br\/ead\/files\/2019\/03\/RESULTADO-FINAL-TUTOR-A-DISTANCIA-LP.pdf\">RESULTADO FINAL 07.03.2019&nbsp;<\/a><\/strong><\/li>\n<li><strong><a href=\"http:\/\/www2.unifap.br\/ead\/files\/2019\/03\/RESULTADO-RECURSO-Tutor-02-2019.pdf\">Resultado do recurso<\/a>&nbsp;&#8211; 01.03.2019&nbsp;<\/strong><\/li>\n<li><strong><a href=\"http:\/\/www2.unifap.br\/ead\/files\/2019\/02\/RESULTADO-PROVA-DE-T\u00cdTULOS-TUTOR-A-DISTANCIA.pdf\">RESULTADO: PROVA DE T\u00cdTULOS &#8211; 27.02.2019<\/a><\/strong><\/li>\n<li><strong><a href=\"http:\/\/www2.unifap.br\/ead\/files\/2019\/02\/INSCRI\u00c7\u00d5ES-HOMOLOGADAS-TUTOR-A-DISTANCIA-RETIFICADO.pdf\">INSCRI\u00c7\u00d5ES HOMOLOGADAS-TUTOR A DISTANCIA &#8211; RETIFICADO<\/a>&nbsp;-27.02.2019<span style=\"color: #ff0000\">&nbsp;<\/span><\/strong><\/li>\n<li><strong><a href=\"http:\/\/www2.unifap.br\/ead\/files\/2019\/02\/2-INSCRI\u00c7\u00d5ES-HOMOLOGADAS-TUTOR-A-DISTANCIA.pdf\">Inscri\u00e7\u00f5es homologadas<\/a>&nbsp;&#8211; 21.02.2019&nbsp;<\/strong><\/li>\n<li><strong><a href=\"http:\/\/www2.unifap.br\/ead\/files\/2019\/02\/RESULTADO-RECURSO-Tutor-02-2019.pdf\">Resultado do recurso<\/a>&nbsp;&#8211; 21.02.2019<span style=\"color: #ff0000\">&nbsp;<\/span><\/strong><\/li>\n<li><strong><a href=\"http:\/\/www2.unifap.br\/ead\/files\/2019\/02\/INSCRI\u00c7\u00d5ES-HOMOLOGADAS-TUTOR-A-DISTANCIA.pdf\">Inscri\u00e7\u00f5es homologadas &#8211; 19.02.2019<\/a><\/strong><\/li>\n<li><strong>Link para inscri\u00e7\u00e3o: clique aqui<\/strong><\/li>\n<li><strong>Edital:&nbsp;<a href=\"http:\/\/www2.unifap.br\/ead\/files\/2019\/02\/Chamada-internaexterna-n\u00ba022019-para-Tutor-Letras-Portugu\u00eas.pdf\">Chamada interna\/externa n\u00ba02\/2019 para Tutor: Letras Portugu\u00eas<\/a>&nbsp;&#8211; 13.02.2019 <span style=\"color: #ff0000\"><br \/>\n<\/span><\/strong><\/li>\n<\/ul>\n","protected":false},"excerpt":{"rendered":"<p>Chamada interna\/externa n\u00ba02\/2019 para Tutor: Letras Portugu\u00eas &nbsp; Convoca\u00e7\u00e3o 02 &#8211; 29.10.2019 Convoca\u00e7\u00e3o 01 RESULTADO FINAL 07.03.2019&nbsp; Resultado do recurso&nbsp;&#8211; 01.03.2019&nbsp; RESULTADO: PROVA DE T\u00cdTULOS &#8211; 27.02.2019 INSCRI\u00c7\u00d5ES HOMOLOGADAS-TUTOR A&#8230;<\/p>\n","protected":false},"author":812,"featured_media":0,"parent":0,"menu_order":0,"comment_status":"closed","ping_status":"closed","template":"","meta":{"inline_featured_image":false,"ngg_post_thumbnail":0,"footnotes":""},"class_list":["post-20192","page","type-page","status-publish","hentry","entry"],"_links":{"self":[{"href":"http:\/\/www2.unifap.br\/ead\/wp-json\/wp\/v2\/pages\/20192","targetHints":{"allow":["GET"]}}],"collection":[{"href":"http:\/\/www2.unifap.br\/ead\/wp-json\/wp\/v2\/pages"}],"about":[{"href":"http:\/\/www2.unifap.br\/ead\/wp-json\/wp\/v2\/types\/page"}],"author":[{"embeddable":true,"href":"http:\/\/www2.unifap.br\/ead\/wp-json\/wp\/v2\/users\/812"}],"replies":[{"embeddable":true,"href":"http:\/\/www2.unifap.br\/ead\/wp-json\/wp\/v2\/comments?post=20192"}],"version-history":[{"count":16,"href":"http:\/\/www2.unifap.br\/ead\/wp-json\/wp\/v2\/pages\/20192\/revisions"}],"predecessor-version":[{"id":22313,"href":"http:\/\/www2.unifap.br\/ead\/wp-json\/wp\/v2\/pages\/20192\/revisions\/22313"}],"wp:attachment":[{"href":"http:\/\/www2.unifap.br\/ead\/wp-json\/wp\/v2\/media?parent=20192"}],"curies":[{"name":"wp","href":"https:\/\/api.w.org\/{rel}","templated":true}]}}