{"id":20208,"date":"2019-02-13T12:29:48","date_gmt":"2019-02-13T15:29:48","guid":{"rendered":"http:\/\/www2.unifap.br\/ead\/?page_id=20208"},"modified":"2019-04-01T17:45:52","modified_gmt":"2019-04-01T20:45:52","slug":"professor-no022019-letras-portugues","status":"publish","type":"page","link":"http:\/\/www2.unifap.br\/ead\/professor-no022019-letras-portugues\/","title":{"rendered":"Professor (n\u00ba02\/2019): Letras Portugu\u00eas"},"content":{"rendered":"<h2 style=\"text-align: center\"><strong>Chamada interna\/externa n\u00ba02\/2019 para Professor: Letras Portugu\u00eas<\/strong><\/h2>\n<p>&nbsp;<\/p>\n<ul>\n<li><strong><a href=\"http:\/\/www2.unifap.br\/ead\/files\/2019\/03\/CONVOCA\u00c7\u00c3O-PARA-PROFESSOR-02-2018.pdf\">Convoca\u00e7\u00e3o<\/a>&nbsp;&#8211; 15.03.2019 <span style=\"color: #ff0000\">(novo)<\/span><\/strong><\/li>\n<li><strong><a href=\"http:\/\/www2.unifap.br\/ead\/files\/2019\/03\/RESULTADO-FINAL-Editalk-2-Formador.pdf\">Resultado Final<\/a>&nbsp;&#8211; 15.03.2019<\/strong><\/li>\n<li><strong><a href=\"http:\/\/www2.unifap.br\/ead\/files\/2019\/03\/RESULTADO-RECURSO-ProfessorFormador-02-2019.pdf\">Resultado do Recurso<\/a>&nbsp;&#8211; 13.03.2019<span style=\"color: #ff0000\">&nbsp;<\/span><\/strong><\/li>\n<li><strong><a href=\"http:\/\/www2.unifap.br\/ead\/files\/2019\/03\/RESULTADO-PRELIMINAR-DA-PROVA-DE-T\u00cdTULOS-Edital-2-Formador.pdf\">Resultado preliminar &#8211;&nbsp; Prova de T\u00edtulos &#8211; 12.03.2019&nbsp;<\/a><\/strong><\/li>\n<li><strong><a href=\"http:\/\/www2.unifap.br\/ead\/files\/2019\/02\/RETIF-CRONO-CHAM-02-PROF-2019.pdf\">Retifica\u00e7\u00e3o I<\/a>&nbsp;&#8211; 27.02.2019<\/strong><\/li>\n<li><strong><a href=\"http:\/\/www2.unifap.br\/ead\/files\/2019\/02\/2-INSCRI\u00c7\u00d5ES-HOMOLOGADAS-CHAMADA-N-02-2019.pdf\">Inscri\u00e7\u00f5es homologadas &#8211; 21.02.2019<\/a><\/strong><\/li>\n<li><strong><a href=\"http:\/\/www2.unifap.br\/ead\/files\/2019\/02\/RESULTADO-RECURSO-Prof-02-2019.pdf\">Resultado do recurso &#8211; 21.02.2019 <\/a><\/strong><\/li>\n<li><strong><a href=\"http:\/\/www2.unifap.br\/ead\/files\/2019\/02\/INSCRI\u00c7\u00d5ES-HOMOLOGADAS-CHAMADA-N-02-2019.pdf\">Inscri\u00e7\u00f5es homologadas &#8211; 19.02.2019<span style=\"color: #ff0000\">&nbsp;<\/span><\/a><\/strong><\/li>\n<li><strong>Link para inscri\u00e7\u00e3o: <\/strong><\/li>\n<li><strong>Edital:&nbsp;<a href=\"http:\/\/www2.unifap.br\/ead\/files\/2019\/02\/Chamada-internaexterna-n\u00ba022019-para-Professor-Letras-Portugu\u00eas-vitoria_oiapoque.pdf\">Chamada interna\/externa n\u00ba02\/2019 para Professor: Letras Portugu\u00eas<\/a>&nbsp;&#8211; 13.02.2019 <span style=\"color: #ff0000\"><br \/>\n<\/span><\/strong><\/li>\n<\/ul>\n","protected":false},"excerpt":{"rendered":"<p>Chamada interna\/externa n\u00ba02\/2019 para Professor: Letras Portugu\u00eas &nbsp; Convoca\u00e7\u00e3o&nbsp;&#8211; 15.03.2019 (novo) Resultado Final&nbsp;&#8211; 15.03.2019 Resultado do Recurso&nbsp;&#8211; 13.03.2019&nbsp; Resultado preliminar &#8211;&nbsp; Prova de T\u00edtulos &#8211; 12.03.2019&nbsp; Retifica\u00e7\u00e3o I&nbsp;&#8211; 27.02.2019 Inscri\u00e7\u00f5es&#8230;<\/p>\n","protected":false},"author":812,"featured_media":0,"parent":0,"menu_order":0,"comment_status":"closed","ping_status":"closed","template":"fullwidth.php","meta":{"inline_featured_image":false,"ngg_post_thumbnail":0,"footnotes":""},"class_list":["post-20208","page","type-page","status-publish","hentry","entry"],"_links":{"self":[{"href":"http:\/\/www2.unifap.br\/ead\/wp-json\/wp\/v2\/pages\/20208","targetHints":{"allow":["GET"]}}],"collection":[{"href":"http:\/\/www2.unifap.br\/ead\/wp-json\/wp\/v2\/pages"}],"about":[{"href":"http:\/\/www2.unifap.br\/ead\/wp-json\/wp\/v2\/types\/page"}],"author":[{"embeddable":true,"href":"http:\/\/www2.unifap.br\/ead\/wp-json\/wp\/v2\/users\/812"}],"replies":[{"embeddable":true,"href":"http:\/\/www2.unifap.br\/ead\/wp-json\/wp\/v2\/comments?post=20208"}],"version-history":[{"count":14,"href":"http:\/\/www2.unifap.br\/ead\/wp-json\/wp\/v2\/pages\/20208\/revisions"}],"predecessor-version":[{"id":20680,"href":"http:\/\/www2.unifap.br\/ead\/wp-json\/wp\/v2\/pages\/20208\/revisions\/20680"}],"wp:attachment":[{"href":"http:\/\/www2.unifap.br\/ead\/wp-json\/wp\/v2\/media?parent=20208"}],"curies":[{"name":"wp","href":"https:\/\/api.w.org\/{rel}","templated":true}]}}

Professor (nº02/2019): Letras Português

<h2 style="text-align: center"><strong>Chamada interna/externa nº02/2019 para Professor: Letras Português</strong></h2>
<p>&nbsp;</p>
<ul>
<li><strong><a href="http://www2.unifap.br/ead/files/2019/03/CONVOCAÇÃO-PARA-PROFESSOR-02-2018.pdf">Convocação</a>&nbsp;&#8211; 15.03.2019 <span style="color: #ff0000">(novo)</span></strong></li>
<li><strong><a href="http://www2.unifap.br/ead/files/2019/03/RESULTADO-FINAL-Editalk-2-Formador.pdf">Resultado Final</a>&nbsp;&#8211; 15.03.2019</strong></li>
<li><strong><a href="http://www2.unifap.br/ead/files/2019/03/RESULTADO-RECURSO-ProfessorFormador-02-2019.pdf">Resultado do Recurso</a>&nbsp;&#8211; 13.03.2019<span style="color: #ff0000">&nbsp;</span></strong></li>
<li><strong><a href="http://www2.unifap.br/ead/files/2019/03/RESULTADO-PRELIMINAR-DA-PROVA-DE-TÍTULOS-Edital-2-Formador.pdf">Resultado preliminar &#8211;&nbsp; Prova de Títulos &#8211; 12.03.2019&nbsp;</a></strong></li>
<li><strong><a href="http://www2.unifap.br/ead/files/2019/02/RETIF-CRONO-CHAM-02-PROF-2019.pdf">Retificação I</a>&nbsp;&#8211; 27.02.2019</strong></li>
<li><strong><a href="http://www2.unifap.br/ead/files/2019/02/2-INSCRIÇÕES-HOMOLOGADAS-CHAMADA-N-02-2019.pdf">Inscrições homologadas &#8211; 21.02.2019</a></strong></li>
<li><strong><a href="http://www2.unifap.br/ead/files/2019/02/RESULTADO-RECURSO-Prof-02-2019.pdf">Resultado do recurso &#8211; 21.02.2019 </a></strong></li>
<li><strong><a href="http://www2.unifap.br/ead/files/2019/02/INSCRIÇÕES-HOMOLOGADAS-CHAMADA-N-02-2019.pdf">Inscrições homologadas &#8211; 19.02.2019<span style="color: #ff0000">&nbsp;</span></a></strong></li>
<li><strong>Link para inscrição: </strong></li>
<li><strong>Edital:&nbsp;<a href="http://www2.unifap.br/ead/files/2019/02/Chamada-internaexterna-nº022019-para-Professor-Letras-Português-vitoria_oiapoque.pdf">Chamada interna/externa nº02/2019 para Professor: Letras Português</a>&nbsp;&#8211; 13.02.2019 <span style="color: #ff0000"><br />
</span></strong></li>
</ul>

<p>Chamada interna/externa nº02/2019 para Professor: Letras Português &nbsp; Convocação&nbsp;&#8211; 15.03.2019 (novo) Resultado Final&nbsp;&#8211; 15.03.2019 Resultado do Recurso&nbsp;&#8211; 13.03.2019&nbsp; Resultado preliminar &#8211;&nbsp; Prova de Títulos &#8211; 12.03.2019&nbsp; Retificação I&nbsp;&#8211; 27.02.2019 Inscrições&#8230;</p>
