{"id":20830,"date":"2019-04-26T17:30:44","date_gmt":"2019-04-26T20:30:44","guid":{"rendered":"http:\/\/www2.unifap.br\/ead\/?page_id=20830"},"modified":"2019-11-13T14:54:17","modified_gmt":"2019-11-13T17:54:17","slug":"processo-seletivo-simplificado-no02-2019-para-selecao-de-alunos-especializacao-em-midias-na-educacao-modalidade-a-distancia","status":"publish","type":"page","link":"http:\/\/www2.unifap.br\/ead\/processo-seletivo-simplificado-no02-2019-para-selecao-de-alunos-especializacao-em-midias-na-educacao-modalidade-a-distancia\/","title":{"rendered":"Processo seletivo simplificado n\u00ba02\/2019 para sele\u00e7\u00e3o de alunos: Especializa\u00e7\u00e3o em M\u00eddias na Educa\u00e7\u00e3o \u2013 Modalidade a dist\u00e2ncia."},"content":{"rendered":"\t\t<div data-elementor-type=\"wp-post\" data-elementor-id=\"20830\" class=\"elementor elementor-20830 elementor-bc-flex-widget\">\n\t\t\t\t\t\t<section class=\"elementor-section elementor-top-section elementor-element elementor-element-707ef043 elementor-section-boxed elementor-section-height-default elementor-section-height-default\" data-id=\"707ef043\" data-element_type=\"section\" data-e-type=\"section\">\n\t\t\t\t\t\t<div class=\"elementor-container elementor-column-gap-default\">\n\t\t\t\t\t<div class=\"elementor-column elementor-col-100 elementor-top-column elementor-element elementor-element-76e9bc07\" data-id=\"76e9bc07\" data-element_type=\"column\" data-e-type=\"column\">\n\t\t\t<div class=\"elementor-widget-wrap elementor-element-populated\">\n\t\t\t\t\t\t<div class=\"elementor-element elementor-element-568f90ee elementor-widget elementor-widget-text-editor\" data-id=\"568f90ee\" data-element_type=\"widget\" data-e-type=\"widget\" data-widget_type=\"text-editor.default\">\n\t\t\t\t<div class=\"elementor-widget-container\">\n\t\t\t\t\t\t\t\t\t<h1 style=\"text-align: center;\"><strong>Processo seletivo simplificado n\u00ba02\/2019 para sele\u00e7\u00e3o de alunos: Especializa\u00e7\u00e3o em M\u00eddias na Educa\u00e7\u00e3o \u2013 Modalidade a dist\u00e2ncia (Vagas remanescentes)<\/strong><\/h1><ul><li><p><a href=\"http:\/\/www2.unifap.br\/ead\/files\/2019\/06\/Resultado_final-M\u00eddias-.pdf\">Resultado Final &#8211; 05.06.2019 <\/a><\/p><\/li><li><p><a href=\"http:\/\/www2.unifap.br\/ead\/files\/2019\/05\/Resultado_final.pdf\">Resultado Final &#8211; 08.05.2019 <\/a><\/p><\/li><li><p><a href=\"http:\/\/www2.unifap.br\/ead\/files\/2019\/04\/Resultado_Provis\u00f3rio.pdf\">Resultado Provis\u00f3rio &#8211; 26.04.2019 <\/a><\/p><\/li><li><p><a href=\"http:\/\/www2.unifap.br\/ead\/files\/2019\/04\/Inscri\u00e7oes_Homologadas.pdf\">Inscri\u00e7\u00f5es Homologadas 26.04.2019 <\/a><\/p><\/li><\/ul>\t\t\t\t\t\t\t\t<\/div>\n\t\t\t\t<\/div>\n\t\t\t\t\t<\/div>\n\t\t<\/div>\n\t\t\t\t\t<\/div>\n\t\t<\/section>\n\t\t\t\t<\/div>\n\t\t","protected":false},"excerpt":{"rendered":"<p>Processo seletivo simplificado n\u00ba02\/2019 para sele\u00e7\u00e3o de alunos: Especializa\u00e7\u00e3o em M\u00eddias na Educa\u00e7\u00e3o \u2013 Modalidade a dist\u00e2ncia (Vagas remanescentes) Resultado Final &#8211; 05.06.2019 Resultado Final &#8211; 08.05.2019 Resultado Provis\u00f3rio &#8211;&#8230;<\/p>\n","protected":false},"author":812,"featured_media":0,"parent":0,"menu_order":0,"comment_status":"closed","ping_status":"closed","template":"","meta":{"inline_featured_image":false,"ngg_post_thumbnail":0,"footnotes":""},"class_list":["post-20830","page","type-page","status-publish","hentry","entry"],"_links":{"self":[{"href":"http:\/\/www2.unifap.br\/ead\/wp-json\/wp\/v2\/pages\/20830","targetHints":{"allow":["GET"]}}],"collection":[{"href":"http:\/\/www2.unifap.br\/ead\/wp-json\/wp\/v2\/pages"}],"about":[{"href":"http:\/\/www2.unifap.br\/ead\/wp-json\/wp\/v2\/types\/page"}],"author":[{"embeddable":true,"href":"http:\/\/www2.unifap.br\/ead\/wp-json\/wp\/v2\/users\/812"}],"replies":[{"embeddable":true,"href":"http:\/\/www2.unifap.br\/ead\/wp-json\/wp\/v2\/comments?post=20830"}],"version-history":[{"count":6,"href":"http:\/\/www2.unifap.br\/ead\/wp-json\/wp\/v2\/pages\/20830\/revisions"}],"predecessor-version":[{"id":22627,"href":"http:\/\/www2.unifap.br\/ead\/wp-json\/wp\/v2\/pages\/20830\/revisions\/22627"}],"wp:attachment":[{"href":"http:\/\/www2.unifap.br\/ead\/wp-json\/wp\/v2\/media?parent=20830"}],"curies":[{"name":"wp","href":"https:\/\/api.w.org\/{rel}","templated":true}]}}