{"id":3576,"date":"2015-05-06T11:00:53","date_gmt":"2015-05-06T11:00:53","guid":{"rendered":"http:\/\/www2.unifap.br\/edfisica\/?page_id=3576"},"modified":"2015-05-06T15:04:59","modified_gmt":"2015-05-06T15:04:59","slug":"1o-campeonat_intercursos","status":"publish","type":"page","link":"http:\/\/www2.unifap.br\/edfisica\/e-book\/eventos-2\/1o-campeonat_intercursos\/","title":{"rendered":"I Campeonato Intercursos de Futsal &#8211; 2015"},"content":{"rendered":"<p><b>\u00a0<\/b><b>INFORME n\u00ba 15\/2015-CCE<\/b><\/p>\n<p style=\"text-align: center\"><img fetchpriority=\"high\" decoding=\"async\" class=\"aligncenter size-full wp-image-3577\" style=\"border: 8px solid black\" alt=\"Cartaz_Banner_1_Campeonato_Retificao2\" src=\"http:\/\/www2.unifap.br\/edfisica\/files\/2015\/05\/Cartaz_Banner_1_Campeonato_Retificao2.png\" width=\"503\" height=\"371\" srcset=\"http:\/\/www2.unifap.br\/edfisica\/files\/2015\/05\/Cartaz_Banner_1_Campeonato_Retificao2.png 503w, http:\/\/www2.unifap.br\/edfisica\/files\/2015\/05\/Cartaz_Banner_1_Campeonato_Retificao2-300x221.png 300w\" sizes=\"(max-width: 503px) 100vw, 503px\" \/><\/p>\n<p><img decoding=\"async\" title=\"Mais...\" alt=\"\" src=\"http:\/\/www2.unifap.br\/edfisica\/wp-includes\/js\/tinymce\/plugins\/wordpress\/img\/trans.gif\" \/><\/p>\n<p>I Campeonato Intercursos de Futsal, inscri\u00e7\u00f5es de 20 a 25 de abril de 15.<\/p>\n<ol>\n<li><b>1.\u00a0\u00a0\u00a0<\/b>Valor: R$ 07,00 + 1 Kg de Alimento por Atleta<\/li>\n<li><b>2.\u00a0\u00a0\u00a0<\/b>Equipes composta por alunos do mesmo Curso, excerto feminino e P\u00f3s-Gradua\u00e7\u00f5es.<\/li>\n<li><b>3.\u00a0\u00a0\u00a0<\/b>M\u00ednimo de 07 jogadores e no m\u00e1ximo 12.<\/li>\n<li><b>4.\u00a0\u00a0\u00a0<\/b>Apresenta\u00e7\u00e3o de atestado de matr\u00edcula atualizado.<\/li>\n<\/ol>\n<p>Contatos:\u00a0<b>Neto Pereira<\/b>: 9 8134-6657;\u00a0<b>Raphael Santos<\/b>: 9 8113-8550; Paulo 981215807 e Otoniel Valente: 9 8126-4399.<\/p>\n<p>Macap\u00e1 (AP), segunda-feira, 20 de abril de 2015.<\/p>\n<p>Atenciosamente,<\/p>\n<p>A Coordena\u00e7\u00e3o<\/p>\n<ol>\n<li><a title=\"acesso a banner per\u00edodo 2015 \" href=\"http:\/\/www2.unifap.br\/edfisica\/files\/2015\/05\/Cartaz_Banner_1_Campeonato_Retificao2.png\" target=\"_blank\">06\/05\/2015 12:17:55 Per\u00edodo do Campeonato Intercursos \u00a009 de Maio \u00a0a 04 de julho de 2015<\/a>\u00a0<a title=\"TAXA DE INSCRI\u00c7\u00c3O 7,00 + 1 Kg de Alimento \" href=\"http:\/\/www2.unifap.br\/edfisica\/files\/2015\/04\/INFORMATIVO15-2015-I-Campeonato-Intercursos-de-Futsal_RETIFIC2.pdf\" target=\"_blank\"><img decoding=\"async\" alt=\"\" src=\"http:\/\/depsec.unifap.br\/novo.gif\" \/><\/a><\/li>\n<li><a title=\"30\/04\/2015 \" href=\"http:\/\/www2.unifap.br\/edfisica\/files\/2015\/04\/Tabela1_Tabela_1_Fase-de-Grupos.pdf\" target=\"_blank\">30\/04\/2015 18:53:39 Tabela1_Tabela_1_Fase de Grupos<\/a>\u00a0<a title=\"TAXA DE INSCRI\u00c7\u00c3O 7,00 + 1 Kg de Alimento \" href=\"http:\/\/www2.unifap.br\/edfisica\/files\/2015\/04\/INFORMATIVO15-2015-I-Campeonato-Intercursos-de-Futsal_RETIFIC2.pdf\" target=\"_blank\"><img decoding=\"async\" alt=\"\" src=\"http:\/\/depsec.unifap.br\/novo.gif\" \/><\/a><\/li>\n<li><a title=\"30\/04\/2015\" href=\"http:\/\/www2.unifap.br\/edfisica\/files\/2015\/04\/Tabela2_Decisoes_finais.pdf\" target=\"_blank\">30\/04\/2015 18:52:57 Tabela2_Decisoes_finais<\/a><\/li>\n<li><a title=\"NORMAS\" href=\"http:\/\/www2.unifap.br\/edfisica\/files\/2015\/04\/REGULAMENTO-N_1-2015_Equipe-Futsal.pdf\" target=\"_blank\">20\/04\/2015 10:25:49 REGULAMENTO N_1-2015_Equipe-Futsal<\/a><\/li>\n<li><a title=\"TAXA DE INSCRI\u00c7\u00c3O 7,00 + 1 Kg de Alimento \" href=\"http:\/\/www2.unifap.br\/edfisica\/files\/2015\/04\/INFORMATIVO15-2015-I-Campeonato-Intercursos-de-Futsal_RETIFIC2.pdf\" target=\"_blank\">20\/04\/2015 10:25:49 &#8211; Retifica\u00e7\u00e3o 01 &#8211; do Informe 015\/2015 &#8211; CCEF\/UNIFAP &#8211; Taxa de Inscri\u00e7\u00e3o<\/a><\/li>\n<li><a href=\"http:\/\/www2.unifap.br\/edfisica\/files\/2015\/04\/Arte-do-campeonato1.jpg\" target=\"_blank\">17\/04\/2015 19:23:11\u00a0Arte do 1\u00ba Campeonato<\/a><\/li>\n<li><a href=\"http:\/\/www2.unifap.br\/edfisica\/files\/2015\/04\/INFORMATIVO15-2015-I-Campeonato-Intercursos-de-Futsal_RETIC1a.pdf\" target=\"_blank\">\u00a017\/04\/2015 19:4023:09 INFORMATIVO15-2015-I Campeonato Intercursos de Futsal<\/a><\/li>\n<\/ol>\n<p>&nbsp;<\/p>\n<p align=\"right\">\n<p>&nbsp;<\/p>\n","protected":false},"excerpt":{"rendered":"<p>\u00a0INFORME n\u00ba 15\/2015-CCE I Campeonato Intercursos de Futsal, inscri\u00e7\u00f5es de 20 a 25 de abril de 15. 1.\u00a0\u00a0\u00a0Valor: R$ 07,00 + 1&#8230;<\/p>\n","protected":false},"author":205,"featured_media":0,"parent":47,"menu_order":1,"comment_status":"open","ping_status":"open","template":"","meta":{"inline_featured_image":false,"ngg_post_thumbnail":0,"footnotes":""},"class_list":["post-3576","page","type-page","status-publish","hentry"],"_links":{"self":[{"href":"http:\/\/www2.unifap.br\/edfisica\/wp-json\/wp\/v2\/pages\/3576","targetHints":{"allow":["GET"]}}],"collection":[{"href":"http:\/\/www2.unifap.br\/edfisica\/wp-json\/wp\/v2\/pages"}],"about":[{"href":"http:\/\/www2.unifap.br\/edfisica\/wp-json\/wp\/v2\/types\/page"}],"author":[{"embeddable":true,"href":"http:\/\/www2.unifap.br\/edfisica\/wp-json\/wp\/v2\/users\/205"}],"replies":[{"embeddable":true,"href":"http:\/\/www2.unifap.br\/edfisica\/wp-json\/wp\/v2\/comments?post=3576"}],"version-history":[{"count":1,"href":"http:\/\/www2.unifap.br\/edfisica\/wp-json\/wp\/v2\/pages\/3576\/revisions"}],"predecessor-version":[{"id":3578,"href":"http:\/\/www2.unifap.br\/edfisica\/wp-json\/wp\/v2\/pages\/3576\/revisions\/3578"}],"up":[{"embeddable":true,"href":"http:\/\/www2.unifap.br\/edfisica\/wp-json\/wp\/v2\/pages\/47"}],"wp:attachment":[{"href":"http:\/\/www2.unifap.br\/edfisica\/wp-json\/wp\/v2\/media?parent=3576"}],"curies":[{"name":"wp","href":"https:\/\/api.w.org\/{rel}","templated":true}]}}