{"id":3818,"date":"2015-09-12T21:14:35","date_gmt":"2015-09-12T21:14:35","guid":{"rendered":"http:\/\/www2.unifap.br\/edfisica\/?page_id=3818"},"modified":"2018-09-05T20:32:53","modified_gmt":"2018-09-05T20:32:53","slug":"bolsatleta","status":"publish","type":"page","link":"http:\/\/www2.unifap.br\/edfisica\/extensao_ccef\/extensao\/proesport\/bolsatleta\/","title":{"rendered":"Aux\u00edlio Atleta \u2013 PROEAC\/CCEF\/UNIFAP"},"content":{"rendered":"<h2><span style=\"color: #000000\">Rela\u00e7\u00e3o completa:<\/span><\/h2>\n<h2>\u00a0<a title=\"Acesso a rela\u00e7\u00e3o Completa de atletas Aptos\" href=\"http:\/\/www2.unifap.br\/edfisica\/files\/2015\/09\/Resultado-Final-Apos-Recursos.pdf\" target=\"_blank\">2015\/10\/27 &#8211; Resultado Final Apos Recursos<\/a>\u00a0<img decoding=\"async\" alt=\"\" src=\"http:\/\/depsec.unifap.br\/novo.gif\" \/><\/h2>\n<h2><a title=\"Acesso ao parecer dos Recursos\" href=\"http:\/\/sigu.unifap.br\/instance\/sigu\/titan.php?target=openFile&amp;fileId=147499\" target=\"_blank\"><span>2015\/10\/27 &#8211; Resultado dos Recursos<\/span><\/a><span style=\"color: #ff0000\">\u00a0<\/span><img decoding=\"async\" alt=\"\" src=\"http:\/\/depsec.unifap.br\/novo.gif\" \/><\/h2>\n<p>&nbsp;<\/p>\n<div>\n<h4 align=\"center\">CRONOGRAMA<\/h4>\n<p><b>AUX\u00cdLIO DE INCENTIVO AO ESPORTE \/ BOLSA ATLETA 2015<\/b><\/p>\n<p>&nbsp;<\/p>\n<table border=\"1\" cellspacing=\"0\" cellpadding=\"0\">\n<tbody>\n<tr>\n<td colspan=\"2\" valign=\"top\" width=\"387\">\n<p align=\"center\"><b>ATIVIDADE<\/b><\/p>\n<\/td>\n<td valign=\"top\" width=\"180\"><b>IN\u00cdCIO<\/b><\/td>\n<td valign=\"top\" width=\"198\"><b>FIM<\/b><\/td>\n<\/tr>\n<tr>\n<td valign=\"top\" width=\"47\">1<\/td>\n<td valign=\"top\" width=\"340\">Publica\u00e7\u00e3o do Edital<\/td>\n<td valign=\"top\" width=\"180\">\n<p align=\"center\">11\/09\/2015<\/p>\n<\/td>\n<td valign=\"top\" width=\"198\"><\/td>\n<\/tr>\n<tr>\n<td valign=\"top\" width=\"47\">2<\/td>\n<td valign=\"top\" width=\"340\">FASE 1 &#8211; Pr\u00e9 &#8211; Inscri\u00e7\u00e3o On-line<\/td>\n<td valign=\"top\" width=\"180\">16\/09\/2015<\/td>\n<td valign=\"top\" width=\"198\">22\/09\/2015<\/td>\n<\/tr>\n<tr>\n<td valign=\"top\" width=\"47\">3<\/td>\n<td valign=\"top\" width=\"340\">FASE 2 &#8211; Confirma\u00e7\u00e3o das inscri\u00e7\u00f5es e entrega de documentos&#8221;Aguardar Cronograma de entrega&#8221;<\/td>\n<td valign=\"top\" width=\"180\">23\/09\/2015<\/td>\n<td valign=\"top\" width=\"198\">30\/09\/2015<\/td>\n<\/tr>\n<tr>\n<td valign=\"top\" width=\"47\">4<\/td>\n<td valign=\"top\" width=\"340\">FASE 3:\u00a0 Entrevista<\/td>\n<td valign=\"top\" width=\"180\">\n<p align=\"center\">05\/10\/2015<\/p>\n<\/td>\n<td valign=\"top\" width=\"198\">\n<p align=\"center\">09\/10\/2015<\/p>\n<\/td>\n<\/tr>\n<tr>\n<td valign=\"top\" width=\"47\">5<\/td>\n<td valign=\"top\" width=\"340\">Resultado provis\u00f3rio<\/td>\n<td colspan=\"2\" valign=\"top\" width=\"378\">\n<p align=\"center\">12\/10\/2015<\/p>\n<\/td>\n<\/tr>\n<tr>\n<td valign=\"top\" width=\"47\">6<\/td>\n<td valign=\"top\" width=\"340\"><a title=\"Acesso ao documento em doc\" href=\"http:\/\/www2.unifap.br\/edfisica\/files\/2015\/09\/RESULTADO-DOS-RECURSOS-RECEBIDOS.doc\" target=\"_blank\">Recursos<\/a><\/td>\n<td colspan=\"2\" valign=\"top\" width=\"378\">\n<p align=\"center\">13\/10\/2015<\/p>\n<\/td>\n<\/tr>\n<tr>\n<td valign=\"top\" width=\"47\">7<\/td>\n<td valign=\"top\" width=\"340\"><a title=\"Acesso ao mapa da planilha Completa\" href=\"http:\/\/www2.unifap.br\/edfisica\/files\/2015\/09\/Resultado_FINAL_Atletas-Aptos-Edital-n\u00ba-35-2015-PROEAC_Excel.xls\" target=\"_blank\">Resultado Final<\/a><\/td>\n<td colspan=\"2\" valign=\"top\" width=\"378\">\n<p align=\"center\">27\/10\/2015<\/p>\n<\/td>\n<\/tr>\n<\/tbody>\n<\/table>\n<p>&nbsp;<\/p>\n<\/div>\n<h1><span style=\"color: #ff0000\">\u00a0<a title=\"Aux\u00edlio Atleta 2015\" href=\"http:\/\/www.unifap.br\/public\/index\/view\/id\/6713\" target=\"_blank\">Clique aqui Acesso aos Editais, Anexos e Retifica\u00e7\u00f5es\u00a0<\/a>\u00a0<\/span><\/h1>\n<h1><span style=\"color: #ff0000;font-family: verdana;font-size: small\">Per\u00edodo de Inscri\u00e7\u00e3o:\u00a0<\/span><span style=\"font-size: small\">16\/09\/2015 \u00e0 22\/09\/2015<br \/>\n<\/span><\/h1>\n<h1>INSCRI\u00c7\u00d5ES\u00a0ENCERRADAS\u00a0<img decoding=\"async\" alt=\"\" src=\"http:\/\/depsec.unifap.br\/novo.gif\" \/><\/h1>\n<h1><span style=\"font-size: small\"><span style=\"font-size: small\">\u00a0 \u00a0 \u00a0 \u00a0\u00a0<\/span><\/span><br \/>\n<span style=\"color: #ff0000;font-family: verdana;font-size: small\">Documentos para download:<\/span><br \/>\n<span style=\"font-family: verdana;font-size: small\"><br \/>\nO Edital e demais documentos est\u00e3o publicados em\u00a0<a title=\"Acesso a p\u00e1gina da UNIFAP\" href=\"http:\/\/www.unifap.br\/public\/index\/view\/id\/6681\" target=\"_blank\">http:\/\/www.unifap.br\/public\/index\/view\/id\/6713<\/a><\/span><\/h1>\n","protected":false},"excerpt":{"rendered":"<p>Rela\u00e7\u00e3o completa: \u00a02015\/10\/27 &#8211; Resultado Final Apos Recursos\u00a0 2015\/10\/27 &#8211; Resultado dos Recursos\u00a0 &nbsp; CRONOGRAMA AUX\u00cdLIO DE INCENTIVO AO ESPORTE \/ BOLSA&#8230;<\/p>\n","protected":false},"author":205,"featured_media":0,"parent":300,"menu_order":5,"comment_status":"closed","ping_status":"closed","template":"","meta":{"inline_featured_image":false,"ngg_post_thumbnail":0,"footnotes":""},"class_list":["post-3818","page","type-page","status-publish","hentry"],"_links":{"self":[{"href":"http:\/\/www2.unifap.br\/edfisica\/wp-json\/wp\/v2\/pages\/3818","targetHints":{"allow":["GET"]}}],"collection":[{"href":"http:\/\/www2.unifap.br\/edfisica\/wp-json\/wp\/v2\/pages"}],"about":[{"href":"http:\/\/www2.unifap.br\/edfisica\/wp-json\/wp\/v2\/types\/page"}],"author":[{"embeddable":true,"href":"http:\/\/www2.unifap.br\/edfisica\/wp-json\/wp\/v2\/users\/205"}],"replies":[{"embeddable":true,"href":"http:\/\/www2.unifap.br\/edfisica\/wp-json\/wp\/v2\/comments?post=3818"}],"version-history":[{"count":13,"href":"http:\/\/www2.unifap.br\/edfisica\/wp-json\/wp\/v2\/pages\/3818\/revisions"}],"predecessor-version":[{"id":9832,"href":"http:\/\/www2.unifap.br\/edfisica\/wp-json\/wp\/v2\/pages\/3818\/revisions\/9832"}],"up":[{"embeddable":true,"href":"http:\/\/www2.unifap.br\/edfisica\/wp-json\/wp\/v2\/pages\/300"}],"wp:attachment":[{"href":"http:\/\/www2.unifap.br\/edfisica\/wp-json\/wp\/v2\/media?parent=3818"}],"curies":[{"name":"wp","href":"https:\/\/api.w.org\/{rel}","templated":true}]}}