{"id":29,"date":"2014-12-05T13:13:54","date_gmt":"2014-12-05T13:13:54","guid":{"rendered":"http:\/\/www2.unifap.br\/editora\/?page_id=29"},"modified":"2023-09-04T18:55:47","modified_gmt":"2023-09-04T18:55:47","slug":"periodicos","status":"publish","type":"page","link":"http:\/\/www2.unifap.br\/editora\/periodicos\/","title":{"rendered":"Revistas"},"content":{"rendered":"<p>A Editora da Universidade Federal do Amap\u00e1 tem papel suplementar no apoio a dissemina\u00e7\u00e3o, adensamento e qualifica\u00e7\u00e3o das revistas cient\u00edficas ora existentes na Universidade, contribuindo para o compartilhamento do saber cient\u00edfico e acad\u00eamico em geral.<\/p>\n<p style=\"text-align: center\"><a href=\"http:\/\/periodicos.unifap.br\/\"><img fetchpriority=\"high\" decoding=\"async\" class=\" wp-image-30 aligncenter\" src=\"http:\/\/www2.unifap.br\/editora\/files\/2014\/12\/periodico-241x300.jpg\" alt=\"periodico\" width=\"279\" height=\"348\"><\/a><\/p>\n<p>Acesse o Portal de Peri\u00f3dicos da Unifap (<a href=\"http:\/\/periodicos.unifap.br\/\" target=\"_blank\" rel=\"noopener\">clique aqui<\/a>) e conhe\u00e7a mais sobre as revistas cient\u00edficas que s\u00e3o publicadas. O acesso \u00e0s revistas e aos artigos \u00e9 gratuito, e o prazo de submiss\u00e3o s\u00e3o de fluxo cont\u00ednuo. Aproveite essa oportunidade e publique tamb\u00e9m.<\/p>\n","protected":false},"excerpt":{"rendered":"<p>A Editora da Universidade Federal do Amap\u00e1 tem papel suplementar no apoio a dissemina\u00e7\u00e3o, adensamento e qualifica\u00e7\u00e3o das revistas cient\u00edficas ora existentes na Universidade, contribuindo para o compartilhamento do saber cient\u00edfico e acad\u00eamico em geral. Acesse o Portal de Peri\u00f3dicos da Unifap (clique aqui) e conhe\u00e7a mais sobre as revistas cient\u00edficas que s\u00e3o publicadas. O&#8230;<\/p>\n","protected":false},"author":626,"featured_media":0,"parent":0,"menu_order":3,"comment_status":"open","ping_status":"open","template":"","meta":{"inline_featured_image":false,"ngg_post_thumbnail":0,"footnotes":""},"class_list":["post-29","page","type-page","status-publish","hentry","entry"],"_links":{"self":[{"href":"http:\/\/www2.unifap.br\/editora\/wp-json\/wp\/v2\/pages\/29","targetHints":{"allow":["GET"]}}],"collection":[{"href":"http:\/\/www2.unifap.br\/editora\/wp-json\/wp\/v2\/pages"}],"about":[{"href":"http:\/\/www2.unifap.br\/editora\/wp-json\/wp\/v2\/types\/page"}],"author":[{"embeddable":true,"href":"http:\/\/www2.unifap.br\/editora\/wp-json\/wp\/v2\/users\/626"}],"replies":[{"embeddable":true,"href":"http:\/\/www2.unifap.br\/editora\/wp-json\/wp\/v2\/comments?post=29"}],"version-history":[{"count":4,"href":"http:\/\/www2.unifap.br\/editora\/wp-json\/wp\/v2\/pages\/29\/revisions"}],"predecessor-version":[{"id":1082,"href":"http:\/\/www2.unifap.br\/editora\/wp-json\/wp\/v2\/pages\/29\/revisions\/1082"}],"wp:attachment":[{"href":"http:\/\/www2.unifap.br\/editora\/wp-json\/wp\/v2\/media?parent=29"}],"curies":[{"name":"wp","href":"https:\/\/api.w.org\/{rel}","templated":true}]}}