{"id":44,"date":"2014-12-05T14:13:57","date_gmt":"2014-12-05T14:13:57","guid":{"rendered":"http:\/\/www2.unifap.br\/editora\/?page_id=44"},"modified":"2023-06-27T18:29:20","modified_gmt":"2023-06-27T18:29:20","slug":"contato","status":"publish","type":"page","link":"http:\/\/www2.unifap.br\/editora\/contato\/","title":{"rendered":"Contato"},"content":{"rendered":"<p><strong>Editora da Universidade Federal do Amap\u00e1 <\/strong><\/p>\n<p>Endere\u00e7o: Rodovia Juscelino Kubitschek, Km 2, s\/n, Universidade, Campus Marco Zero do Equador, Macap\u00e1-AP, CEP: 68.903-419<\/p>\n<p><strong>Hor\u00e1rio de funcionamento:<\/strong><\/p>\n<p>De segunda a sexta-feira, das 08:00 \u00e0s 12:00 e das 14:00 \u00e0s 18:00 horas.<\/p>\n<p><strong>E-mail:<\/strong> <span style=\"color: #0000ff\"><strong>editora@unifap.br<\/strong><\/span><\/p>\n","protected":false},"excerpt":{"rendered":"<p>Editora da Universidade Federal do Amap\u00e1 Endere\u00e7o: Rodovia Juscelino Kubitschek, Km 2, s\/n, Universidade, Campus Marco Zero do Equador, Macap\u00e1-AP, CEP: 68.903-419 Hor\u00e1rio de funcionamento: De segunda a sexta-feira, das 08:00 \u00e0s 12:00 e das 14:00 \u00e0s 18:00 horas. E-mail: editora@unifap.br<\/p>\n","protected":false},"author":626,"featured_media":0,"parent":0,"menu_order":7,"comment_status":"closed","ping_status":"closed","template":"","meta":{"inline_featured_image":false,"ngg_post_thumbnail":0,"footnotes":""},"class_list":["post-44","page","type-page","status-publish","hentry","entry"],"_links":{"self":[{"href":"http:\/\/www2.unifap.br\/editora\/wp-json\/wp\/v2\/pages\/44","targetHints":{"allow":["GET"]}}],"collection":[{"href":"http:\/\/www2.unifap.br\/editora\/wp-json\/wp\/v2\/pages"}],"about":[{"href":"http:\/\/www2.unifap.br\/editora\/wp-json\/wp\/v2\/types\/page"}],"author":[{"embeddable":true,"href":"http:\/\/www2.unifap.br\/editora\/wp-json\/wp\/v2\/users\/626"}],"replies":[{"embeddable":true,"href":"http:\/\/www2.unifap.br\/editora\/wp-json\/wp\/v2\/comments?post=44"}],"version-history":[{"count":4,"href":"http:\/\/www2.unifap.br\/editora\/wp-json\/wp\/v2\/pages\/44\/revisions"}],"predecessor-version":[{"id":826,"href":"http:\/\/www2.unifap.br\/editora\/wp-json\/wp\/v2\/pages\/44\/revisions\/826"}],"wp:attachment":[{"href":"http:\/\/www2.unifap.br\/editora\/wp-json\/wp\/v2\/media?parent=44"}],"curies":[{"name":"wp","href":"https:\/\/api.w.org\/{rel}","templated":true}]}}