{"id":39,"date":"2018-03-28T01:22:13","date_gmt":"2018-03-28T04:22:13","guid":{"rendered":"http:\/\/www2.unifap.br\/educacaodocampo\/?page_id=39"},"modified":"2018-04-09T19:26:20","modified_gmt":"2018-04-09T22:26:20","slug":"2015-2","status":"publish","type":"page","link":"http:\/\/www2.unifap.br\/educacaodocampo\/2015-2\/","title":{"rendered":"2015"},"content":{"rendered":"<p><strong>Educa\u00e7\u00e3o do Campo, agroecologia e produ\u00e7\u00e3o org\u00e2nica: a pesquisa e a valoriza\u00e7\u00e3o da cultura e da sustentabilidade em comunidades do campo no Amap\u00e1<\/strong><\/p>\n<p>Descri\u00e7\u00e3o: Objetiva-se com a proposta formar uma rede de pesquisadores, interligando as pessoas que atuam no tema da Agroecologia e Produ\u00e7\u00e3o Org\u00e2nica no Estado do Amap\u00e1 e manter f\u00f3rum de discuss\u00e3o sobre essas tem\u00e1ticas envolvendo universidades, empresas de pesquisa, agentes de extens\u00e3o rural, consumidores e produtores familiares.<\/p>\n<p>Integrantes: Ana Cl\u00e1udia Peixoto de Cristo &#8211; Coordenadora \/ Mellissa Sousa Sobrinho &#8211; Integrante \/ Fl\u00e1vio da Silva Costa &#8211; Integrante \/ Wardsson Lustrino Borges &#8211; Integrante \/ D\u00e9bora Mate Mendes &#8211; Integrante \/ Marlo dos Reis &#8211; Integrante \/ Santana de Jesus Miranda Melo &#8211; Integrante \/ Francisco Costa Leite Neto &#8211; Integrante \/ Emanuel Leal de Lima &#8211; Integrante.<\/p>\n","protected":false},"excerpt":{"rendered":"<p>Educa\u00e7\u00e3o do Campo, agroecologia e produ\u00e7\u00e3o org\u00e2nica: a pesquisa e a valoriza\u00e7\u00e3o da cultura e da sustentabilidade em comunidades do campo no Amap\u00e1 Descri\u00e7\u00e3o: Objetiva-se com a proposta formar uma rede de pesquisadores, interligando as pessoas que atuam no tema&hellip; <\/p>\n<p><a href=\"http:\/\/www2.unifap.br\/educacaodocampo\/2015-2\/\" class=\"readmore-button\">Continue Reading<\/a><\/p>\n","protected":false},"author":2426,"featured_media":0,"parent":0,"menu_order":0,"comment_status":"closed","ping_status":"closed","template":"","meta":{"inline_featured_image":false,"ngg_post_thumbnail":0,"footnotes":""},"class_list":["post-39","page","type-page","status-publish","hentry"],"_links":{"self":[{"href":"http:\/\/www2.unifap.br\/educacaodocampo\/wp-json\/wp\/v2\/pages\/39","targetHints":{"allow":["GET"]}}],"collection":[{"href":"http:\/\/www2.unifap.br\/educacaodocampo\/wp-json\/wp\/v2\/pages"}],"about":[{"href":"http:\/\/www2.unifap.br\/educacaodocampo\/wp-json\/wp\/v2\/types\/page"}],"author":[{"embeddable":true,"href":"http:\/\/www2.unifap.br\/educacaodocampo\/wp-json\/wp\/v2\/users\/2426"}],"replies":[{"embeddable":true,"href":"http:\/\/www2.unifap.br\/educacaodocampo\/wp-json\/wp\/v2\/comments?post=39"}],"version-history":[{"count":5,"href":"http:\/\/www2.unifap.br\/educacaodocampo\/wp-json\/wp\/v2\/pages\/39\/revisions"}],"predecessor-version":[{"id":436,"href":"http:\/\/www2.unifap.br\/educacaodocampo\/wp-json\/wp\/v2\/pages\/39\/revisions\/436"}],"wp:attachment":[{"href":"http:\/\/www2.unifap.br\/educacaodocampo\/wp-json\/wp\/v2\/media?parent=39"}],"curies":[{"name":"wp","href":"https:\/\/api.w.org\/{rel}","templated":true}]}}