{"id":52,"date":"2018-03-28T01:34:01","date_gmt":"2018-03-28T04:34:01","guid":{"rendered":"http:\/\/www2.unifap.br\/educacaodocampo\/?page_id=52"},"modified":"2018-04-09T20:38:00","modified_gmt":"2018-04-09T23:38:00","slug":"2015-3","status":"publish","type":"page","link":"http:\/\/www2.unifap.br\/educacaodocampo\/2015-3\/","title":{"rendered":"2015"},"content":{"rendered":"<p><b>Educa\u00e7\u00e3o do Campo, Agroecologia e Produ\u00e7\u00e3o Org\u00e2nica: a extens\u00e3o e suas interfaces com a sustentabilidade em comunidades do campo no Amap\u00e1<\/b><\/p>\n<p>Integrantes: Ana Cl\u00e1udia Peixoto de Cristo &#8211; Coordenadora \/ Fl\u00e1vio da Silva Costa &#8211; Integrante \/ Wardsson Lustrino Borges &#8211; Integrante \/ D\u00e9bora Mate Mendes &#8211; Integrante \/ Marlo dos Reis &#8211; Integrante \/ Mellissa Sousa Sobrinho &#8211; Integrante.<\/p>\n<p>&nbsp;<\/p>\n<p><b>Juventude da Floresta: vis\u00f5es, can\u00e7\u00f5es e modo de vida de uma Amaz\u00f4nia extrativista<\/b><\/p>\n<p>Descri\u00e7\u00e3o: Desenvolve atividades de produ\u00e7\u00e3o e difus\u00e3o de conhecimentos, com vistas ao fortalecimento da identidade e modo de vida extrativista, garantindo o protagonismo da juventude, sua auto-organiza\u00e7\u00e3o, a cria\u00e7\u00e3o de produtos culturais e a gera\u00e7\u00e3o de renda que contribuam com o desenvolvimento sustent\u00e1vel e com a supera\u00e7\u00e3o das desigualdades de renda de agricultoras\/es do campo e da floresta.<\/p>\n<p>Integrantes: Ant\u00f4nio Sergio Monteiro Filocre\u00e3o &#8211; Coordenador\u00a0 \/ Fl\u00e1vio da Silva Costa &#8211; Integrante \/ D\u00e9bora Mate Mendes &#8211; Integrante \/ Marlo dos Reis &#8211; Integrante \/ Mellissa Sousa Sobrinho &#8211; Integrante.<\/p>\n<p>Financiador(es): Conselho Nacional de Desenvolvimento Cient\u00edfico e Tecnol\u00f3gico &#8211; Aux\u00edlio financeiro e bolsa;\u00a0Universidade Federal do Amap\u00e1 &#8211; Aux\u00edlio financeiro e bolsa.<\/p>\n<p>Produtos:<\/p>\n<p>DOCUMENT\u00c1RIO<\/p>\n<p>O document\u00e1rio apresenta as principais atividades produtivas desenvolvidas pela juventude do campo, das \u00e1guas e da floresta, seus processos de educa\u00e7\u00e3o do campo por meio da Licenciatura em Educa\u00e7\u00e3o do Campo e das Escolas Fam\u00edlias Agroextrativistas e Agr\u00edcolas do Amap\u00e1, a cultura, o lazer e os processos organizativos dos\/as Jovens. \u00c9 uma produ\u00e7\u00e3o dos\/as Jovens e para Jovens com foco no seu modo de vida, ou seja, das popula\u00e7\u00f5es tradicionais da Amaz\u00f4nia amapaense.<\/p>\n<p><iframe title=\"JUVENTUDE DA FLORESTA EM MOVIMENTO\" width=\"640\" height=\"360\" src=\"https:\/\/www.youtube.com\/embed\/l_Jgp6IVrh4?feature=oembed\" frameborder=\"0\" allow=\"accelerometer; autoplay; clipboard-write; encrypted-media; gyroscope; picture-in-picture; web-share\" referrerpolicy=\"strict-origin-when-cross-origin\" allowfullscreen><\/iframe><\/p>\n","protected":false},"excerpt":{"rendered":"<p>Educa\u00e7\u00e3o do Campo, Agroecologia e Produ\u00e7\u00e3o Org\u00e2nica: a extens\u00e3o e suas interfaces com a sustentabilidade em comunidades do campo no Amap\u00e1 Integrantes: Ana Cl\u00e1udia Peixoto de Cristo &#8211; Coordenadora \/ Fl\u00e1vio da Silva Costa &#8211; Integrante \/ Wardsson Lustrino Borges&hellip; <\/p>\n<p><a href=\"http:\/\/www2.unifap.br\/educacaodocampo\/2015-3\/\" class=\"readmore-button\">Continue Reading<\/a><\/p>\n","protected":false},"author":2426,"featured_media":0,"parent":0,"menu_order":0,"comment_status":"closed","ping_status":"closed","template":"","meta":{"inline_featured_image":false,"ngg_post_thumbnail":0,"footnotes":""},"class_list":["post-52","page","type-page","status-publish","hentry"],"_links":{"self":[{"href":"http:\/\/www2.unifap.br\/educacaodocampo\/wp-json\/wp\/v2\/pages\/52","targetHints":{"allow":["GET"]}}],"collection":[{"href":"http:\/\/www2.unifap.br\/educacaodocampo\/wp-json\/wp\/v2\/pages"}],"about":[{"href":"http:\/\/www2.unifap.br\/educacaodocampo\/wp-json\/wp\/v2\/types\/page"}],"author":[{"embeddable":true,"href":"http:\/\/www2.unifap.br\/educacaodocampo\/wp-json\/wp\/v2\/users\/2426"}],"replies":[{"embeddable":true,"href":"http:\/\/www2.unifap.br\/educacaodocampo\/wp-json\/wp\/v2\/comments?post=52"}],"version-history":[{"count":10,"href":"http:\/\/www2.unifap.br\/educacaodocampo\/wp-json\/wp\/v2\/pages\/52\/revisions"}],"predecessor-version":[{"id":144,"href":"http:\/\/www2.unifap.br\/educacaodocampo\/wp-json\/wp\/v2\/pages\/52\/revisions\/144"}],"wp:attachment":[{"href":"http:\/\/www2.unifap.br\/educacaodocampo\/wp-json\/wp\/v2\/media?parent=52"}],"curies":[{"name":"wp","href":"https:\/\/api.w.org\/{rel}","templated":true}]}}