{"id":550,"date":"2011-01-14T08:33:59","date_gmt":"2011-01-14T11:33:59","guid":{"rendered":"http:\/\/pororoca.unifap.br\/eletrica\/"},"modified":"2020-10-16T12:59:58","modified_gmt":"2020-10-16T15:59:58","slug":"bibliotecas-on-line","status":"publish","type":"page","link":"http:\/\/www2.unifap.br\/eletrica\/academico\/bibliotecas-on-line\/","title":{"rendered":"Bibliotecas On-Line"},"content":{"rendered":"<p>Links de sites com acervo que visa atender a estudantes, pesquisadores, jornalistas, empresas do setor el\u00e9trico, etc.<\/p>\n<table border=\"1\" cellspacing=\"0\" cellpadding=\"0\">\n<tbody>\n<tr>\n<td valign=\"top\" width=\"168\">&nbsp; &nbsp; &nbsp; &nbsp; &nbsp; &nbsp; &nbsp; &nbsp; &nbsp; &nbsp; &nbsp;&nbsp;<img decoding=\"async\" class=\"\" src=\"https:\/\/sigadmin.unifap.br\/shared\/img\/instituicao\/brasao.png\" width=\"59\" height=\"107\"><\/td>\n<td valign=\"top\" width=\"408\"><a href=\"https:\/\/sigaa.unifap.br\/sigaa\/public\/biblioteca\/buscaPublicaAcervo.jsf?aba=p-biblioteca\">Bibiblioteca Unifap<\/a><\/td>\n<\/tr>\n<\/tbody>\n<\/table>\n<table border=\"1\" cellspacing=\"0\" cellpadding=\"0\">\n<tbody>\n<tr>\n<td valign=\"top\" width=\"168\"><a href=\"http:\/\/www.ana.gov.br\/bibliotecavirtual\/\" target=\"_blank\" rel=\"noopener noreferrer\"><img decoding=\"async\" class=\"alignnone size-full wp-image-577\" src=\"http:\/\/www2.unifap.br\/eletrica\/files\/2011\/01\/ANA.gif\" alt=\"\" width=\"154\" height=\"62\"><\/a><\/td>\n<td valign=\"top\" width=\"408\"><a href=\"http:\/\/www.ana.gov.br\/bibliotecavirtual\/\" target=\"_blank\" rel=\"noopener noreferrer\">Biblioteca Digital da Ag\u00eancia Nacional de \u00c1guas<\/a><\/td>\n<\/tr>\n<\/tbody>\n<\/table>\n<table border=\"1\" cellspacing=\"0\" cellpadding=\"0\">\n<tbody>\n<tr>\n<td valign=\"top\" width=\"168\"><a href=\"http:\/\/pt.wikipedia.org\/wiki\/Wikipedia:P%C3%A1gina_principal\" target=\"_blank\" rel=\"noopener noreferrer\"><img decoding=\"async\" class=\"alignnone size-full wp-image-572\" src=\"http:\/\/www2.unifap.br\/eletrica\/files\/2011\/01\/Wikipedia.jpg\" alt=\"\" width=\"156\" height=\"111\"><\/a><\/td>\n<td valign=\"top\" width=\"408\"><a href=\"http:\/\/pt.wikipedia.org\/wiki\/Wikipedia:P%C3%A1gina_principal\" target=\"_blank\" rel=\"noopener noreferrer\">Enciclop\u00e9dia Livre<\/a><\/td>\n<\/tr>\n<\/tbody>\n<\/table>\n<table border=\"1\" cellspacing=\"0\" cellpadding=\"0\">\n<tbody>\n<tr>\n<td valign=\"top\" width=\"168\"><a href=\"http:\/\/www.dominiopublico.gov.br\/pesquisa\/PesquisaObraForm.jsp\" target=\"_blank\" rel=\"noopener noreferrer\"><img loading=\"lazy\" decoding=\"async\" class=\"alignnone size-full wp-image-558\" src=\"http:\/\/www2.unifap.br\/eletrica\/files\/2011\/01\/Biblioteca-Digital2.gif\" alt=\"\" width=\"155\" height=\"34\"><\/a><\/td>\n<td valign=\"top\" width=\"408\"><a href=\"http:\/\/www.dominiopublico.gov.br\/pesquisa\/PesquisaObraForm.jsp\" target=\"_blank\" rel=\"noopener noreferrer\">Biblioteca Digital do MEC<\/a><\/td>\n<\/tr>\n<tr>\n<td valign=\"top\" width=\"168\"><a href=\"http:\/\/acessolivre.capes.gov.br\/\" target=\"_blank\" rel=\"noopener noreferrer\"><img loading=\"lazy\" decoding=\"async\" class=\"alignnone size-full wp-image-562\" src=\"http:\/\/www2.unifap.br\/eletrica\/files\/2011\/01\/Portal-da-Informa\u00e7\u00e3o-Cient\u00edfica1.gif\" alt=\"\" width=\"156\" height=\"15\" srcset=\"http:\/\/www2.unifap.br\/eletrica\/files\/2011\/01\/Portal-da-Informa\u00e7\u00e3o-Cient\u00edfica1.gif 725w, http:\/\/www2.unifap.br\/eletrica\/files\/2011\/01\/Portal-da-Informa\u00e7\u00e3o-Cient\u00edfica1-300x28.gif 300w, http:\/\/www2.unifap.br\/eletrica\/files\/2011\/01\/Portal-da-Informa\u00e7\u00e3o-Cient\u00edfica1-475x45.gif 475w\" sizes=\"(max-width: 156px) 100vw, 156px\" \/><\/a><\/td>\n<td valign=\"top\" width=\"408\"><a href=\"http:\/\/acessolivre.capes.gov.br\/\" target=\"_blank\" rel=\"noopener noreferrer\">Biblioteca Digital do MEC \/ CAPES<\/a><\/td>\n<\/tr>\n<tr>\n<td valign=\"top\" width=\"168\"><a href=\"http:\/\/www.aneel.gov.br\/biblioteca\/index.cfm\" target=\"_blank\" rel=\"noopener noreferrer\"><img loading=\"lazy\" decoding=\"async\" class=\"alignnone size-full wp-image-564\" src=\"http:\/\/www2.unifap.br\/eletrica\/files\/2011\/01\/ANEEL.jpg\" alt=\"\" width=\"156\" height=\"62\"><\/a><\/td>\n<td valign=\"top\" width=\"408\"><a href=\"http:\/\/www.aneel.gov.br\/biblioteca\/index.cfm\" target=\"_blank\" rel=\"noopener noreferrer\">Biblioteca Digital da Ag\u00eancia Nacional de Energia El\u00e9trica<\/a><\/td>\n<\/tr>\n<tr>\n<td valign=\"top\" width=\"168\"><a href=\"http:\/\/scholar.google.com.br\/\" target=\"_blank\" rel=\"noopener noreferrer\"><img loading=\"lazy\" decoding=\"async\" class=\"alignnone size-full wp-image-565\" src=\"http:\/\/www2.unifap.br\/eletrica\/files\/2011\/01\/Google_Acad\u00eamico.gif\" alt=\"\" width=\"156\" height=\"62\"><\/a><\/td>\n<td valign=\"top\" width=\"408\"><a href=\"http:\/\/scholar.google.com.br\/\" target=\"_blank\" rel=\"noopener noreferrer\">Mecanismo de pesquisa de livros na internet<\/a><\/td>\n<\/tr>\n<tr>\n<td valign=\"top\" width=\"168\"><a href=\"http:\/\/books.google.com\/\" target=\"_blank\" rel=\"noopener noreferrer\"><img loading=\"lazy\" decoding=\"async\" class=\"alignnone size-full wp-image-566\" src=\"http:\/\/www2.unifap.br\/eletrica\/files\/2011\/01\/Google_books.gif\" alt=\"\" width=\"158\" height=\"35\"><\/a><\/td>\n<td valign=\"top\" width=\"408\"><a href=\"http:\/\/books.google.com\/\" target=\"_blank\" rel=\"noopener noreferrer\">Mecanismo de pesquisa de literatura acad\u00eamica na internet<\/a><\/td>\n<\/tr>\n<tr>\n<td valign=\"top\" width=\"168\"><a href=\"http:\/\/www.ons.org.br\/biblioteca_virtual\/index.aspx\" target=\"_blank\" rel=\"noopener noreferrer\"><img loading=\"lazy\" decoding=\"async\" class=\"alignnone size-full wp-image-567\" src=\"http:\/\/www2.unifap.br\/eletrica\/files\/2011\/01\/ONS.png\" alt=\"\" width=\"157\" height=\"36\"><\/a><\/td>\n<td valign=\"top\" width=\"408\"><a href=\"http:\/\/www.ons.org.br\/biblioteca_virtual\/index.aspx\" target=\"_blank\" rel=\"noopener noreferrer\">Biblioteca Digital do Operador Nacional do Sistema El\u00e9trico<\/a><\/td>\n<\/tr>\n<\/tbody>\n<\/table>\n","protected":false},"excerpt":{"rendered":"<p>Links de sites com acervo que visa atender a estudantes, pesquisadores, jornalistas, empresas do setor el\u00e9trico, etc. &nbsp; &nbsp; &nbsp; &nbsp; &nbsp; &nbsp; &nbsp; &nbsp; &nbsp; &nbsp; &nbsp;&nbsp; Bibiblioteca Unifap Biblioteca Digital da Ag\u00eancia Nacional de \u00c1guas Enciclop\u00e9dia Livre Biblioteca Digital do MEC Biblioteca Digital do MEC \/ CAPES Biblioteca Digital da Ag\u00eancia Nacional de&hellip;<\/p>\n","protected":false},"author":66,"featured_media":0,"parent":4597,"menu_order":18,"comment_status":"closed","ping_status":"closed","template":"fullwidth.php","meta":{"inline_featured_image":false,"ngg_post_thumbnail":0,"footnotes":""},"class_list":["post-550","page","type-page","status-publish","hentry"],"_links":{"self":[{"href":"http:\/\/www2.unifap.br\/eletrica\/wp-json\/wp\/v2\/pages\/550","targetHints":{"allow":["GET"]}}],"collection":[{"href":"http:\/\/www2.unifap.br\/eletrica\/wp-json\/wp\/v2\/pages"}],"about":[{"href":"http:\/\/www2.unifap.br\/eletrica\/wp-json\/wp\/v2\/types\/page"}],"author":[{"embeddable":true,"href":"http:\/\/www2.unifap.br\/eletrica\/wp-json\/wp\/v2\/users\/66"}],"replies":[{"embeddable":true,"href":"http:\/\/www2.unifap.br\/eletrica\/wp-json\/wp\/v2\/comments?post=550"}],"version-history":[{"count":5,"href":"http:\/\/www2.unifap.br\/eletrica\/wp-json\/wp\/v2\/pages\/550\/revisions"}],"predecessor-version":[{"id":7320,"href":"http:\/\/www2.unifap.br\/eletrica\/wp-json\/wp\/v2\/pages\/550\/revisions\/7320"}],"up":[{"embeddable":true,"href":"http:\/\/www2.unifap.br\/eletrica\/wp-json\/wp\/v2\/pages\/4597"}],"wp:attachment":[{"href":"http:\/\/www2.unifap.br\/eletrica\/wp-json\/wp\/v2\/media?parent=550"}],"curies":[{"name":"wp","href":"https:\/\/api.w.org\/{rel}","templated":true}]}}