{"id":5646,"date":"2020-05-22T20:04:15","date_gmt":"2020-05-22T23:04:15","guid":{"rendered":"http:\/\/www2.unifap.br\/eletrica\/?page_id=5646"},"modified":"2020-05-24T19:59:48","modified_gmt":"2020-05-24T22:59:48","slug":"ementas","status":"publish","type":"page","link":"http:\/\/www2.unifap.br\/eletrica\/academico\/ementas\/","title":{"rendered":"Ementas"},"content":{"rendered":"\t\t<div data-elementor-type=\"wp-post\" data-elementor-id=\"5646\" class=\"elementor elementor-5646 elementor-bc-flex-widget\">\n\t\t\t\t\t\t<section class=\"elementor-section elementor-top-section elementor-element elementor-element-f018749 elementor-section-boxed elementor-section-height-default elementor-section-height-default\" data-id=\"f018749\" data-element_type=\"section\" data-e-type=\"section\">\n\t\t\t\t\t\t<div class=\"elementor-container elementor-column-gap-default\">\n\t\t\t\t\t<div class=\"elementor-column elementor-col-100 elementor-top-column elementor-element elementor-element-78d392b\" data-id=\"78d392b\" data-element_type=\"column\" data-e-type=\"column\">\n\t\t\t<div class=\"elementor-widget-wrap elementor-element-populated\">\n\t\t\t\t\t\t<div class=\"elementor-element elementor-element-c71b251 elementor-widget elementor-widget-heading\" data-id=\"c71b251\" data-element_type=\"widget\" data-e-type=\"widget\" data-widget_type=\"heading.default\">\n\t\t\t\t<div class=\"elementor-widget-container\">\n\t\t\t\t\t<h2 class=\"elementor-heading-title elementor-size-default\">Ementas dos Componentes Curriculares<\/h2>\t\t\t\t<\/div>\n\t\t\t\t<\/div>\n\t\t\t\t\t<\/div>\n\t\t<\/div>\n\t\t\t\t\t<\/div>\n\t\t<\/section>\n\t\t\t\t<section class=\"elementor-section elementor-top-section elementor-element elementor-element-a8b7f00 elementor-section-boxed elementor-section-height-default elementor-section-height-default\" data-id=\"a8b7f00\" data-element_type=\"section\" data-e-type=\"section\">\n\t\t\t\t\t\t<div class=\"elementor-container elementor-column-gap-default\">\n\t\t\t\t\t<div class=\"elementor-column elementor-col-100 elementor-top-column elementor-element elementor-element-5c5967a\" data-id=\"5c5967a\" data-element_type=\"column\" data-e-type=\"column\">\n\t\t\t<div class=\"elementor-widget-wrap elementor-element-populated\">\n\t\t\t\t\t\t<div class=\"elementor-element elementor-element-d76cdc4 elementor-widget elementor-widget-text-editor\" data-id=\"d76cdc4\" data-element_type=\"widget\" data-e-type=\"widget\" data-widget_type=\"text-editor.default\">\n\t\t\t\t<div class=\"elementor-widget-container\">\n\t\t\t\t\t\t\t\t\t<p>Os conte\u00fados curriculares est\u00e3o dispostos no Ap\u00eandice A do PPC, compreendendo nome do componente, carga hor\u00e1ria, conte\u00fado program\u00e1tico, objetivos, Bibliografia B\u00e1sica e Complementar. \u00c9 poss\u00edvel realizar o download do PDF clicando no link abaixo.<\/p><p><a style=\"background-color: #ffffff;\" href=\"https:\/\/www2.unifap.br\/eletrica\/files\/2020\/05\/APENDICE_A_EMENTAS_v2018.pdf\">EMENTAS_v2018<\/a><\/p><p>\u00a0<\/p>\t\t\t\t\t\t\t\t<\/div>\n\t\t\t\t<\/div>\n\t\t\t\t\t<\/div>\n\t\t<\/div>\n\t\t\t\t\t<\/div>\n\t\t<\/section>\n\t\t\t\t<\/div>\n\t\t","protected":false},"excerpt":{"rendered":"<p>Ementas dos Componentes Curriculares Os conte\u00fados curriculares est\u00e3o dispostos no Ap\u00eandice A do PPC, compreendendo nome do componente, carga hor\u00e1ria, conte\u00fado program\u00e1tico, objetivos, Bibliografia B\u00e1sica e Complementar. \u00c9 poss\u00edvel realizar o download do PDF clicando no link abaixo. EMENTAS_v2018 \u00a0<\/p>\n","protected":false},"author":66,"featured_media":0,"parent":4597,"menu_order":8,"comment_status":"closed","ping_status":"closed","template":"fullwidth.php","meta":{"inline_featured_image":false,"ngg_post_thumbnail":0,"footnotes":""},"class_list":["post-5646","page","type-page","status-publish","hentry"],"_links":{"self":[{"href":"http:\/\/www2.unifap.br\/eletrica\/wp-json\/wp\/v2\/pages\/5646","targetHints":{"allow":["GET"]}}],"collection":[{"href":"http:\/\/www2.unifap.br\/eletrica\/wp-json\/wp\/v2\/pages"}],"about":[{"href":"http:\/\/www2.unifap.br\/eletrica\/wp-json\/wp\/v2\/types\/page"}],"author":[{"embeddable":true,"href":"http:\/\/www2.unifap.br\/eletrica\/wp-json\/wp\/v2\/users\/66"}],"replies":[{"embeddable":true,"href":"http:\/\/www2.unifap.br\/eletrica\/wp-json\/wp\/v2\/comments?post=5646"}],"version-history":[{"count":2,"href":"http:\/\/www2.unifap.br\/eletrica\/wp-json\/wp\/v2\/pages\/5646\/revisions"}],"predecessor-version":[{"id":5650,"href":"http:\/\/www2.unifap.br\/eletrica\/wp-json\/wp\/v2\/pages\/5646\/revisions\/5650"}],"up":[{"embeddable":true,"href":"http:\/\/www2.unifap.br\/eletrica\/wp-json\/wp\/v2\/pages\/4597"}],"wp:attachment":[{"href":"http:\/\/www2.unifap.br\/eletrica\/wp-json\/wp\/v2\/media?parent=5646"}],"curies":[{"name":"wp","href":"https:\/\/api.w.org\/{rel}","templated":true}]}}