{"id":5976,"date":"2020-06-19T01:47:21","date_gmt":"2020-06-19T04:47:21","guid":{"rendered":"http:\/\/www2.unifap.br\/eletrica\/?page_id=5976"},"modified":"2020-10-16T12:57:43","modified_gmt":"2020-10-16T15:57:43","slug":"semana-da-engenharia-eletrica","status":"publish","type":"page","link":"http:\/\/www2.unifap.br\/eletrica\/academico\/semana-da-engenharia-eletrica\/","title":{"rendered":"Semana da Engenharia El\u00e9trica"},"content":{"rendered":"\t\t<div data-elementor-type=\"wp-page\" data-elementor-id=\"5976\" class=\"elementor elementor-5976\">\n\t\t\t\t\t\t<section class=\"elementor-section elementor-top-section elementor-element elementor-element-bcb15c7 elementor-section-boxed elementor-section-height-default elementor-section-height-default\" data-id=\"bcb15c7\" data-element_type=\"section\" data-e-type=\"section\">\n\t\t\t\t\t\t<div class=\"elementor-container elementor-column-gap-default\">\n\t\t\t\t\t<div class=\"elementor-column elementor-col-100 elementor-top-column elementor-element elementor-element-5590f97\" data-id=\"5590f97\" data-element_type=\"column\" data-e-type=\"column\">\n\t\t\t<div class=\"elementor-widget-wrap elementor-element-populated\">\n\t\t\t\t\t\t<div class=\"elementor-element elementor-element-7153bab elementor-widget elementor-widget-heading\" data-id=\"7153bab\" data-element_type=\"widget\" data-e-type=\"widget\" data-widget_type=\"heading.default\">\n\t\t\t\t<div class=\"elementor-widget-container\">\n\t\t\t\t\t<h2 class=\"elementor-heading-title elementor-size-default\">Semanas da Engenharia El\u00e9trica<\/h2>\t\t\t\t<\/div>\n\t\t\t\t<\/div>\n\t\t\t\t\t<\/div>\n\t\t<\/div>\n\t\t\t\t\t<\/div>\n\t\t<\/section>\n\t\t\t\t<section class=\"elementor-section elementor-top-section elementor-element elementor-element-052a896 elementor-section-boxed elementor-section-height-default elementor-section-height-default\" data-id=\"052a896\" data-element_type=\"section\" data-e-type=\"section\">\n\t\t\t\t\t\t<div class=\"elementor-container elementor-column-gap-default\">\n\t\t\t\t\t<div class=\"elementor-column elementor-col-100 elementor-top-column elementor-element elementor-element-11f962c\" data-id=\"11f962c\" data-element_type=\"column\" data-e-type=\"column\">\n\t\t\t<div class=\"elementor-widget-wrap elementor-element-populated\">\n\t\t\t\t\t\t<div class=\"elementor-element elementor-element-20c2c3d elementor-position-left elementor-vertical-align-top elementor-widget elementor-widget-image-box\" data-id=\"20c2c3d\" data-element_type=\"widget\" data-e-type=\"widget\" data-widget_type=\"image-box.default\">\n\t\t\t\t<div class=\"elementor-widget-container\">\n\t\t\t\t\t<div class=\"elementor-image-box-wrapper\"><figure class=\"elementor-image-box-img\"><a href=\"http:\/\/www2.unifap.br\/eletrica\/academico\/semana-da-engenharia-eletrica\/i-semana-de-engenharia-eletrica\/\" tabindex=\"-1\"><img fetchpriority=\"high\" decoding=\"async\" width=\"311\" height=\"267\" src=\"http:\/\/www2.unifap.br\/eletrica\/files\/2010\/10\/1-seman-eng.jpg\" class=\"attachment-full size-full wp-image-454\" alt=\"\" srcset=\"http:\/\/www2.unifap.br\/eletrica\/files\/2010\/10\/1-seman-eng.jpg 311w, http:\/\/www2.unifap.br\/eletrica\/files\/2010\/10\/1-seman-eng-300x257.jpg 300w, http:\/\/www2.unifap.br\/eletrica\/files\/2010\/10\/1-seman-eng-209x180.jpg 209w\" sizes=\"(max-width: 311px) 100vw, 311px\" \/><\/a><\/figure><div class=\"elementor-image-box-content\"><h3 class=\"elementor-image-box-title\"><a href=\"http:\/\/www2.unifap.br\/eletrica\/academico\/semana-da-engenharia-eletrica\/i-semana-de-engenharia-eletrica\/\">I Semana de Engenharia El\u00e9trica<\/a><\/h3><p class=\"elementor-image-box-description\">2010<\/p><\/div><\/div>\t\t\t\t<\/div>\n\t\t\t\t<\/div>\n\t\t\t\t<div class=\"elementor-element elementor-element-a8f32f0 elementor-position-left elementor-vertical-align-top elementor-widget elementor-widget-image-box\" data-id=\"a8f32f0\" data-element_type=\"widget\" data-e-type=\"widget\" data-widget_type=\"image-box.default\">\n\t\t\t\t<div class=\"elementor-widget-container\">\n\t\t\t\t\t<div class=\"elementor-image-box-wrapper\"><figure class=\"elementor-image-box-img\"><a href=\"http:\/\/www2.unifap.br\/eletrica\/academico\/semana-da-engenharia-eletrica\/ii-semana-de-engenharia-eletrica\/\" tabindex=\"-1\"><img decoding=\"async\" width=\"1127\" height=\"804\" src=\"http:\/\/www2.unifap.br\/eletrica\/files\/2012\/04\/II-Semana-de-engenharia_banner-site.jpg\" class=\"attachment-full size-full wp-image-1261\" alt=\"\" srcset=\"http:\/\/www2.unifap.br\/eletrica\/files\/2012\/04\/II-Semana-de-engenharia_banner-site.jpg 1127w, http:\/\/www2.unifap.br\/eletrica\/files\/2012\/04\/II-Semana-de-engenharia_banner-site-300x214.jpg 300w, http:\/\/www2.unifap.br\/eletrica\/files\/2012\/04\/II-Semana-de-engenharia_banner-site-1024x730.jpg 1024w, http:\/\/www2.unifap.br\/eletrica\/files\/2012\/04\/II-Semana-de-engenharia_banner-site-252x180.jpg 252w\" sizes=\"(max-width: 1127px) 100vw, 1127px\" \/><\/a><\/figure><div class=\"elementor-image-box-content\"><h3 class=\"elementor-image-box-title\"><a href=\"http:\/\/www2.unifap.br\/eletrica\/academico\/semana-da-engenharia-eletrica\/ii-semana-de-engenharia-eletrica\/\">II Semana de Engenharia El\u00e9trica<\/a><\/h3><p class=\"elementor-image-box-description\">2012<\/p><\/div><\/div>\t\t\t\t<\/div>\n\t\t\t\t<\/div>\n\t\t\t\t<div class=\"elementor-element elementor-element-d26c28b elementor-position-left elementor-vertical-align-top elementor-widget elementor-widget-image-box\" data-id=\"d26c28b\" data-element_type=\"widget\" data-e-type=\"widget\" data-widget_type=\"image-box.default\">\n\t\t\t\t<div class=\"elementor-widget-container\">\n\t\t\t\t\t<div class=\"elementor-image-box-wrapper\"><figure class=\"elementor-image-box-img\"><a href=\"https:\/\/www2.unifap.br\/eletrica\/academico\/semana-da-engenharia-eletrica\/iii-semana-de-engenharia-eletrica\/\" tabindex=\"-1\"><img decoding=\"async\" width=\"488\" height=\"447\" src=\"http:\/\/www2.unifap.br\/eletrica\/files\/2020\/06\/iiisemana.jpg\" class=\"attachment-full size-full wp-image-6578\" alt=\"\" srcset=\"http:\/\/www2.unifap.br\/eletrica\/files\/2020\/06\/iiisemana.jpg 488w, http:\/\/www2.unifap.br\/eletrica\/files\/2020\/06\/iiisemana-300x275.jpg 300w\" sizes=\"(max-width: 488px) 100vw, 488px\" \/><\/a><\/figure><div class=\"elementor-image-box-content\"><h3 class=\"elementor-image-box-title\"><a href=\"https:\/\/www2.unifap.br\/eletrica\/academico\/semana-da-engenharia-eletrica\/iii-semana-de-engenharia-eletrica\/\">III Semana de Engenharia El\u00e9trica<\/a><\/h3><p class=\"elementor-image-box-description\">2013<\/p><\/div><\/div>\t\t\t\t<\/div>\n\t\t\t\t<\/div>\n\t\t\t\t<div class=\"elementor-element elementor-element-ff12b52 elementor-position-left elementor-vertical-align-top elementor-widget elementor-widget-image-box\" data-id=\"ff12b52\" data-element_type=\"widget\" data-e-type=\"widget\" data-widget_type=\"image-box.default\">\n\t\t\t\t<div class=\"elementor-widget-container\">\n\t\t\t\t\t<div class=\"elementor-image-box-wrapper\"><figure class=\"elementor-image-box-img\"><a href=\"http:\/\/www2.unifap.br\/eletrica\/academico\/semana-da-engenharia-eletrica\/iv-semana-de-engenharia-eletrica\/\" tabindex=\"-1\"><img loading=\"lazy\" decoding=\"async\" width=\"720\" height=\"274\" src=\"http:\/\/www2.unifap.br\/eletrica\/files\/2020\/06\/ivsemana.jpg\" class=\"attachment-full size-full wp-image-6579\" alt=\"\" srcset=\"http:\/\/www2.unifap.br\/eletrica\/files\/2020\/06\/ivsemana.jpg 720w, http:\/\/www2.unifap.br\/eletrica\/files\/2020\/06\/ivsemana-300x114.jpg 300w\" sizes=\"(max-width: 720px) 100vw, 720px\" \/><\/a><\/figure><div class=\"elementor-image-box-content\"><h3 class=\"elementor-image-box-title\"><a href=\"http:\/\/www2.unifap.br\/eletrica\/academico\/semana-da-engenharia-eletrica\/iv-semana-de-engenharia-eletrica\/\">IV Semana de Engenharia El\u00e9trica<\/a><\/h3><p class=\"elementor-image-box-description\">2017-1 <p>\nInova\u00e7\u00e3o e Empreendedorismo<p><\/p><\/div><\/div>\t\t\t\t<\/div>\n\t\t\t\t<\/div>\n\t\t\t\t<div class=\"elementor-element elementor-element-502e274 elementor-position-left elementor-vertical-align-top elementor-widget elementor-widget-image-box\" data-id=\"502e274\" data-element_type=\"widget\" data-e-type=\"widget\" data-widget_type=\"image-box.default\">\n\t\t\t\t<div class=\"elementor-widget-container\">\n\t\t\t\t\t<div class=\"elementor-image-box-wrapper\"><figure class=\"elementor-image-box-img\"><a href=\"http:\/\/www2.unifap.br\/eletrica\/academico\/semana-da-engenharia-eletrica\/vi-semana-de-engenharia-eletrica\/\" tabindex=\"-1\"><img loading=\"lazy\" decoding=\"async\" width=\"200\" height=\"141\" src=\"http:\/\/www2.unifap.br\/eletrica\/files\/2020\/06\/vi-e1592541671647.jpeg\" class=\"attachment-full size-full wp-image-6581\" alt=\"\" \/><\/a><\/figure><div class=\"elementor-image-box-content\"><h3 class=\"elementor-image-box-title\"><a href=\"http:\/\/www2.unifap.br\/eletrica\/academico\/semana-da-engenharia-eletrica\/vi-semana-de-engenharia-eletrica\/\">VI Semana de Engenharia El\u00e9trica<\/a><\/h3><p class=\"elementor-image-box-description\">2017 - 2<p>\nO profissional na sua \u00e1rea de atua\u00e7\u00e3o<\/p><\/div><\/div>\t\t\t\t<\/div>\n\t\t\t\t<\/div>\n\t\t\t\t<div class=\"elementor-element elementor-element-de13fcc elementor-position-left elementor-vertical-align-top elementor-widget elementor-widget-image-box\" data-id=\"de13fcc\" data-element_type=\"widget\" data-e-type=\"widget\" data-widget_type=\"image-box.default\">\n\t\t\t\t<div class=\"elementor-widget-container\">\n\t\t\t\t\t<div class=\"elementor-image-box-wrapper\"><figure class=\"elementor-image-box-img\"><a href=\"http:\/\/www2.unifap.br\/eletrica\/academico\/semana-da-engenharia-eletrica\/vii-semana-de-engenharia-eletrica\/\" tabindex=\"-1\"><img loading=\"lazy\" decoding=\"async\" width=\"200\" height=\"122\" src=\"http:\/\/www2.unifap.br\/eletrica\/files\/2020\/06\/Viisemana-e1592540934913.jpg\" class=\"attachment-full size-full wp-image-6580\" alt=\"\" \/><\/a><\/figure><div class=\"elementor-image-box-content\"><h3 class=\"elementor-image-box-title\"><a href=\"http:\/\/www2.unifap.br\/eletrica\/academico\/semana-da-engenharia-eletrica\/vii-semana-de-engenharia-eletrica\/\">VII Semana de Engenharia El\u00e9trica<\/a><\/h3><p class=\"elementor-image-box-description\">2018<p>\n10 anos do curso de Engenharia El\u00e9trica na Unifap:\n\"Mem\u00f3rias e Perspectivas\"<\/p><\/div><\/div>\t\t\t\t<\/div>\n\t\t\t\t<\/div>\n\t\t\t\t<div class=\"elementor-element elementor-element-b1e7ca4 elementor-position-left elementor-vertical-align-top elementor-widget elementor-widget-image-box\" data-id=\"b1e7ca4\" data-element_type=\"widget\" data-e-type=\"widget\" data-widget_type=\"image-box.default\">\n\t\t\t\t<div class=\"elementor-widget-container\">\n\t\t\t\t\t<div class=\"elementor-image-box-wrapper\"><figure class=\"elementor-image-box-img\"><a href=\"http:\/\/www2.unifap.br\/eletrica\/academico\/semana-da-engenharia-eletrica\/viii-semana-de-engenharia-eletrica\/\" tabindex=\"-1\"><img loading=\"lazy\" decoding=\"async\" width=\"225\" height=\"300\" src=\"http:\/\/www2.unifap.br\/eletrica\/files\/2019\/11\/IMG-20191125-WA0097-1-e1592543613566.jpg\" class=\"attachment-full size-full wp-image-3631\" alt=\"\" \/><\/a><\/figure><div class=\"elementor-image-box-content\"><h3 class=\"elementor-image-box-title\"><a href=\"http:\/\/www2.unifap.br\/eletrica\/academico\/semana-da-engenharia-eletrica\/viii-semana-de-engenharia-eletrica\/\">VIII Semana de Engenharia El\u00e9trica<\/a><\/h3><p class=\"elementor-image-box-description\">2019<p>\nRevolu\u00e7\u00e3o 4.0 e suas aplica\u00e7\u00f5es<\/p><\/div><\/div>\t\t\t\t<\/div>\n\t\t\t\t<\/div>\n\t\t\t\t\t<\/div>\n\t\t<\/div>\n\t\t\t\t\t<\/div>\n\t\t<\/section>\n\t\t\t\t<\/div>\n\t\t","protected":false},"excerpt":{"rendered":"<p>Semanas da Engenharia El\u00e9trica I Semana de Engenharia El\u00e9trica 2010 II Semana de Engenharia El\u00e9trica 2012 III Semana de Engenharia El\u00e9trica 2013 IV Semana de Engenharia El\u00e9trica 2017-1 Inova\u00e7\u00e3o e Empreendedorismo VI Semana de Engenharia El\u00e9trica 2017 &#8211; 2 O profissional na sua \u00e1rea de atua\u00e7\u00e3o VII Semana de Engenharia El\u00e9trica 2018 10 anos do&hellip;<\/p>\n","protected":false},"author":66,"featured_media":0,"parent":4597,"menu_order":27,"comment_status":"closed","ping_status":"closed","template":"fullwidth.php","meta":{"inline_featured_image":false,"ngg_post_thumbnail":0,"footnotes":""},"class_list":["post-5976","page","type-page","status-publish","hentry"],"_links":{"self":[{"href":"http:\/\/www2.unifap.br\/eletrica\/wp-json\/wp\/v2\/pages\/5976","targetHints":{"allow":["GET"]}}],"collection":[{"href":"http:\/\/www2.unifap.br\/eletrica\/wp-json\/wp\/v2\/pages"}],"about":[{"href":"http:\/\/www2.unifap.br\/eletrica\/wp-json\/wp\/v2\/types\/page"}],"author":[{"embeddable":true,"href":"http:\/\/www2.unifap.br\/eletrica\/wp-json\/wp\/v2\/users\/66"}],"replies":[{"embeddable":true,"href":"http:\/\/www2.unifap.br\/eletrica\/wp-json\/wp\/v2\/comments?post=5976"}],"version-history":[{"count":16,"href":"http:\/\/www2.unifap.br\/eletrica\/wp-json\/wp\/v2\/pages\/5976\/revisions"}],"predecessor-version":[{"id":6658,"href":"http:\/\/www2.unifap.br\/eletrica\/wp-json\/wp\/v2\/pages\/5976\/revisions\/6658"}],"up":[{"embeddable":true,"href":"http:\/\/www2.unifap.br\/eletrica\/wp-json\/wp\/v2\/pages\/4597"}],"wp:attachment":[{"href":"http:\/\/www2.unifap.br\/eletrica\/wp-json\/wp\/v2\/media?parent=5976"}],"curies":[{"name":"wp","href":"https:\/\/api.w.org\/{rel}","templated":true}]}}