{"id":6536,"date":"2020-06-18T15:07:19","date_gmt":"2020-06-18T18:07:19","guid":{"rendered":"http:\/\/www2.unifap.br\/eletrica\/?page_id=6536"},"modified":"2020-06-19T11:26:10","modified_gmt":"2020-06-19T14:26:10","slug":"2a-chamada-de-avaliacoes","status":"publish","type":"page","link":"http:\/\/www2.unifap.br\/eletrica\/portal-administrativo\/requerimentos-on-line\/2a-chamada-de-avaliacoes\/","title":{"rendered":"2\u00aa Chamada de Avalia\u00e7\u00f5es"},"content":{"rendered":"\t\t<div data-elementor-type=\"wp-page\" data-elementor-id=\"6536\" class=\"elementor elementor-6536\">\n\t\t\t\t\t\t<section class=\"elementor-section elementor-top-section elementor-element elementor-element-63b3c7a elementor-section-boxed elementor-section-height-default elementor-section-height-default\" data-id=\"63b3c7a\" data-element_type=\"section\" data-e-type=\"section\">\n\t\t\t\t\t\t<div class=\"elementor-container elementor-column-gap-default\">\n\t\t\t\t\t<div class=\"elementor-column elementor-col-100 elementor-top-column elementor-element elementor-element-b607179\" data-id=\"b607179\" data-element_type=\"column\" data-e-type=\"column\">\n\t\t\t<div class=\"elementor-widget-wrap elementor-element-populated\">\n\t\t\t\t\t\t<div class=\"elementor-element elementor-element-cec1116 elementor-widget elementor-widget-heading\" data-id=\"cec1116\" data-element_type=\"widget\" data-e-type=\"widget\" data-widget_type=\"heading.default\">\n\t\t\t\t<div class=\"elementor-widget-container\">\n\t\t\t\t\t<h2 class=\"elementor-heading-title elementor-size-default\">REQUERIMENTO DE 2\u00aa CHAMADA DE AVALIA\u00c7\u00d5ES<\/h2>\t\t\t\t<\/div>\n\t\t\t\t<\/div>\n\t\t\t\t\t<\/div>\n\t\t<\/div>\n\t\t\t\t\t<\/div>\n\t\t<\/section>\n\t\t\t\t<section class=\"elementor-section elementor-top-section elementor-element elementor-element-ae6356c elementor-section-boxed elementor-section-height-default elementor-section-height-default\" data-id=\"ae6356c\" data-element_type=\"section\" data-e-type=\"section\">\n\t\t\t\t\t\t<div class=\"elementor-container elementor-column-gap-default\">\n\t\t\t\t\t<div class=\"elementor-column elementor-col-100 elementor-top-column elementor-element elementor-element-be3dd6b\" data-id=\"be3dd6b\" data-element_type=\"column\" data-e-type=\"column\">\n\t\t\t<div class=\"elementor-widget-wrap elementor-element-populated\">\n\t\t\t\t\t\t<div class=\"elementor-element elementor-element-400c8e6 elementor-widget elementor-widget-text-editor\" data-id=\"400c8e6\" data-element_type=\"widget\" data-e-type=\"widget\" data-widget_type=\"text-editor.default\">\n\t\t\t\t<div class=\"elementor-widget-container\">\n\t\t\t\t\t\t\t\t\t<p>Acesse a <a href=\"https:\/\/www2.unifap.br\/eletrica\/files\/2020\/05\/Resolu%c3%a7%c3%a3o-n%c2%ba-26-2011-Sistematica-de-avalia%c3%a7%c3%a3o.pdf\">Resolu\u00e7\u00e3o N\u00ba 26\/2011<\/a> que regulamenta a sistem\u00e1tica de avalia\u00e7\u00e3o da UNIFAP para verificar em quais situa\u00e7\u00f5es cabe recurso de 2\u00aa chamada.<\/p>\t\t\t\t\t\t\t\t<\/div>\n\t\t\t\t<\/div>\n\t\t\t\t<div class=\"elementor-element elementor-element-e6959be elementor-widget elementor-widget-heading\" data-id=\"e6959be\" data-element_type=\"widget\" data-e-type=\"widget\" data-widget_type=\"heading.default\">\n\t\t\t\t<div class=\"elementor-widget-container\">\n\t\t\t\t\t<h2 class=\"elementor-heading-title elementor-size-medium\">ATEN\u00c7\u00c3O PARA OS PRAZOS! <\/h2>\t\t\t\t<\/div>\n\t\t\t\t<\/div>\n\t\t\t\t<div class=\"elementor-element elementor-element-72693f4 elementor-widget elementor-widget-text-editor\" data-id=\"72693f4\" data-element_type=\"widget\" data-e-type=\"widget\" data-widget_type=\"text-editor.default\">\n\t\t\t\t<div class=\"elementor-widget-container\">\n\t\t\t\t\t\t\t\t\t<p>As solicita\u00e7\u00f5es de 2\u00aa chamada das avalia\u00e7\u00f5es (AP1, AP2, AP3 e AF) devem ser realizadas at\u00e9 <strong>5 dias \u00fateis<\/strong> ap\u00f3s a avalia\u00e7\u00e3o em 1\u00aa chamada.<\/p>\t\t\t\t\t\t\t\t<\/div>\n\t\t\t\t<\/div>\n\t\t\t\t<div class=\"elementor-element elementor-element-081ab5a elementor-widget-divider--view-line elementor-widget elementor-widget-divider\" data-id=\"081ab5a\" data-element_type=\"widget\" data-e-type=\"widget\" data-widget_type=\"divider.default\">\n\t\t\t\t<div class=\"elementor-widget-container\">\n\t\t\t\t\t\t\t<div class=\"elementor-divider\">\n\t\t\t<span class=\"elementor-divider-separator\">\n\t\t\t\t\t\t<\/span>\n\t\t<\/div>\n\t\t\t\t\t\t<\/div>\n\t\t\t\t<\/div>\n\t\t\t\t\t<\/div>\n\t\t<\/div>\n\t\t\t\t\t<\/div>\n\t\t<\/section>\n\t\t\t\t<section class=\"elementor-section elementor-top-section elementor-element elementor-element-4269ab0 elementor-section-boxed elementor-section-height-default elementor-section-height-default\" data-id=\"4269ab0\" data-element_type=\"section\" data-e-type=\"section\">\n\t\t\t\t\t\t<div class=\"elementor-container elementor-column-gap-default\">\n\t\t\t\t\t<div class=\"elementor-column elementor-col-100 elementor-top-column elementor-element elementor-element-83f8470\" data-id=\"83f8470\" data-element_type=\"column\" data-e-type=\"column\">\n\t\t\t<div class=\"elementor-widget-wrap elementor-element-populated\">\n\t\t\t\t\t\t<div class=\"elementor-element elementor-element-e4c6175 elementor-view-default elementor-position-block-start elementor-mobile-position-block-start elementor-widget elementor-widget-icon-box\" data-id=\"e4c6175\" data-element_type=\"widget\" data-e-type=\"widget\" data-widget_type=\"icon-box.default\">\n\t\t\t\t<div class=\"elementor-widget-container\">\n\t\t\t\t\t\t\t<div class=\"elementor-icon-box-wrapper\">\n\n\t\t\t\t\t\t<div class=\"elementor-icon-box-icon\">\n\t\t\t\t<a href=\"https:\/\/forms.gle\/wqtYQmuQRh1UUAsr9\" class=\"elementor-icon\" tabindex=\"-1\" aria-label=\"Requerimento On-line de 2\u00aa Chamada de Avalia\u00e7\u00f5es\">\n\t\t\t\t<i aria-hidden=\"true\" class=\"fas fa-file-invoice\"><\/i>\t\t\t\t<\/a>\n\t\t\t<\/div>\n\t\t\t\n\t\t\t\t\t\t<div class=\"elementor-icon-box-content\">\n\n\t\t\t\t\t\t\t\t\t<h3 class=\"elementor-icon-box-title\">\n\t\t\t\t\t\t<a href=\"https:\/\/forms.gle\/wqtYQmuQRh1UUAsr9\" >\n\t\t\t\t\t\t\tRequerimento On-line de 2\u00aa Chamada de Avalia\u00e7\u00f5es\t\t\t\t\t\t<\/a>\n\t\t\t\t\t<\/h3>\n\t\t\t\t\n\t\t\t\t\t\t\t\t\t<p class=\"elementor-icon-box-description\">\n\t\t\t\t\t\t<span>Clique no link acima para acessar o requerimento on-line de 2\u00aa chamada&nbsp;<\/span>\t\t\t\t\t<\/p>\n\t\t\t\t\n\t\t\t<\/div>\n\t\t\t\n\t\t<\/div>\n\t\t\t\t\t\t<\/div>\n\t\t\t\t<\/div>\n\t\t\t\t<div class=\"elementor-element elementor-element-a97e2b0 elementor-widget-divider--view-line elementor-widget elementor-widget-divider\" data-id=\"a97e2b0\" data-element_type=\"widget\" data-e-type=\"widget\" data-widget_type=\"divider.default\">\n\t\t\t\t<div class=\"elementor-widget-container\">\n\t\t\t\t\t\t\t<div class=\"elementor-divider\">\n\t\t\t<span class=\"elementor-divider-separator\">\n\t\t\t\t\t\t<\/span>\n\t\t<\/div>\n\t\t\t\t\t\t<\/div>\n\t\t\t\t<\/div>\n\t\t\t\t\t<\/div>\n\t\t<\/div>\n\t\t\t\t\t<\/div>\n\t\t<\/section>\n\t\t\t\t<section class=\"elementor-section elementor-top-section elementor-element elementor-element-bc53c42 elementor-section-boxed elementor-section-height-default elementor-section-height-default\" data-id=\"bc53c42\" data-element_type=\"section\" data-e-type=\"section\">\n\t\t\t\t\t\t<div class=\"elementor-container elementor-column-gap-default\">\n\t\t\t\t\t<div class=\"elementor-column elementor-col-100 elementor-top-column elementor-element elementor-element-6572cb5\" data-id=\"6572cb5\" data-element_type=\"column\" data-e-type=\"column\">\n\t\t\t<div class=\"elementor-widget-wrap elementor-element-populated\">\n\t\t\t\t\t\t<div class=\"elementor-element elementor-element-62d48fe elementor-widget elementor-widget-text-editor\" data-id=\"62d48fe\" data-element_type=\"widget\" data-e-type=\"widget\" data-widget_type=\"text-editor.default\">\n\t\t\t\t<div class=\"elementor-widget-container\">\n\t\t\t\t\t\t\t\t\t<p><strong>Em caso de d\u00favidas, atente para os procedimentos da sua solicita\u00e7\u00e3o de 2\u00aa chamada abaixo!<\/strong><\/p>\t\t\t\t\t\t\t\t<\/div>\n\t\t\t\t<\/div>\n\t\t\t\t<div class=\"elementor-element elementor-element-1deebb8 elementor-widget elementor-widget-image\" data-id=\"1deebb8\" data-element_type=\"widget\" data-e-type=\"widget\" data-widget_type=\"image.default\">\n\t\t\t\t<div class=\"elementor-widget-container\">\n\t\t\t\t\t\t\t\t\t\t\t\t\t\t\t<img fetchpriority=\"high\" decoding=\"async\" width=\"1405\" height=\"1725\" src=\"http:\/\/www2.unifap.br\/eletrica\/files\/2020\/06\/Requerimento-de-2\u00aa-Chamada_site.png\" class=\"attachment-full size-full wp-image-6541\" alt=\"\" srcset=\"http:\/\/www2.unifap.br\/eletrica\/files\/2020\/06\/Requerimento-de-2\u00aa-Chamada_site.png 1405w, http:\/\/www2.unifap.br\/eletrica\/files\/2020\/06\/Requerimento-de-2\u00aa-Chamada_site-244x300.png 244w, http:\/\/www2.unifap.br\/eletrica\/files\/2020\/06\/Requerimento-de-2\u00aa-Chamada_site-834x1024.png 834w, http:\/\/www2.unifap.br\/eletrica\/files\/2020\/06\/Requerimento-de-2\u00aa-Chamada_site-768x943.png 768w, http:\/\/www2.unifap.br\/eletrica\/files\/2020\/06\/Requerimento-de-2\u00aa-Chamada_site-1251x1536.png 1251w\" sizes=\"(max-width: 1405px) 100vw, 1405px\" \/>\t\t\t\t\t\t\t\t\t\t\t\t\t\t\t<\/div>\n\t\t\t\t<\/div>\n\t\t\t\t\t<\/div>\n\t\t<\/div>\n\t\t\t\t\t<\/div>\n\t\t<\/section>\n\t\t\t\t<\/div>\n\t\t","protected":false},"excerpt":{"rendered":"<p>REQUERIMENTO DE 2\u00aa CHAMADA DE AVALIA\u00c7\u00d5ES Acesse a Resolu\u00e7\u00e3o N\u00ba 26\/2011 que regulamenta a sistem\u00e1tica de avalia\u00e7\u00e3o da UNIFAP para verificar em quais situa\u00e7\u00f5es cabe recurso de 2\u00aa chamada. ATEN\u00c7\u00c3O PARA OS PRAZOS! As solicita\u00e7\u00f5es de 2\u00aa chamada das avalia\u00e7\u00f5es (AP1, AP2, AP3 e AF) devem ser realizadas at\u00e9 5 dias \u00fateis ap\u00f3s a avalia\u00e7\u00e3o&hellip;<\/p>\n","protected":false},"author":3882,"featured_media":0,"parent":6481,"menu_order":0,"comment_status":"closed","ping_status":"closed","template":"fullwidth.php","meta":{"inline_featured_image":false,"ngg_post_thumbnail":0,"footnotes":""},"class_list":["post-6536","page","type-page","status-publish","hentry"],"_links":{"self":[{"href":"http:\/\/www2.unifap.br\/eletrica\/wp-json\/wp\/v2\/pages\/6536","targetHints":{"allow":["GET"]}}],"collection":[{"href":"http:\/\/www2.unifap.br\/eletrica\/wp-json\/wp\/v2\/pages"}],"about":[{"href":"http:\/\/www2.unifap.br\/eletrica\/wp-json\/wp\/v2\/types\/page"}],"author":[{"embeddable":true,"href":"http:\/\/www2.unifap.br\/eletrica\/wp-json\/wp\/v2\/users\/3882"}],"replies":[{"embeddable":true,"href":"http:\/\/www2.unifap.br\/eletrica\/wp-json\/wp\/v2\/comments?post=6536"}],"version-history":[{"count":9,"href":"http:\/\/www2.unifap.br\/eletrica\/wp-json\/wp\/v2\/pages\/6536\/revisions"}],"predecessor-version":[{"id":6592,"href":"http:\/\/www2.unifap.br\/eletrica\/wp-json\/wp\/v2\/pages\/6536\/revisions\/6592"}],"up":[{"embeddable":true,"href":"http:\/\/www2.unifap.br\/eletrica\/wp-json\/wp\/v2\/pages\/6481"}],"wp:attachment":[{"href":"http:\/\/www2.unifap.br\/eletrica\/wp-json\/wp\/v2\/media?parent=6536"}],"curies":[{"name":"wp","href":"https:\/\/api.w.org\/{rel}","templated":true}]}}