{"id":24,"date":"2008-10-14T19:29:14","date_gmt":"2008-10-14T19:29:14","guid":{"rendered":"http:\/\/pororoca.unifap.br\/enfermagem\/?page_id=24"},"modified":"2024-05-14T17:45:11","modified_gmt":"2024-05-14T17:45:11","slug":"nde-e-comissoes","status":"publish","type":"page","link":"http:\/\/www2.unifap.br\/enfermagem\/nde-e-comissoes\/","title":{"rendered":"N\u00facleo Docente Estruturante e Comiss\u00f5es"},"content":{"rendered":"<h3><strong>N\u00facleo Docente Estruturante&nbsp;<\/strong><\/h3>\n<h3><strong><span style=\"color: #0000ff\"><a href=\"http:\/\/www2.unifap.br\/enfermagem\/files\/2022\/10\/Portaria_NDE_2022.2.pdf\"><span style=\"color: #0000ff\"><\/span><\/a><a href=\"http:\/\/www2.unifap.br\/enfermagem\/files\/2024\/05\/NDE-ENFERMAGEM.pdf\">NDE- ENFERMAGEM<\/a><\/span><\/strong><\/h3>\n<p><a href=\"http:\/\/www2.unifap.br\/enfermagem\/files\/2024\/05\/NDE-ENFERMAGEM.jpg\"><img fetchpriority=\"high\" decoding=\"async\" class=\"aligncenter size-full wp-image-3667\" src=\"http:\/\/www2.unifap.br\/enfermagem\/files\/2024\/05\/NDE-ENFERMAGEM.jpg\" alt=\"\" width=\"685\" height=\"219\" srcset=\"http:\/\/www2.unifap.br\/enfermagem\/files\/2024\/05\/NDE-ENFERMAGEM.jpg 685w, http:\/\/www2.unifap.br\/enfermagem\/files\/2024\/05\/NDE-ENFERMAGEM-300x96.jpg 300w, http:\/\/www2.unifap.br\/enfermagem\/files\/2024\/05\/NDE-ENFERMAGEM-150x48.jpg 150w, http:\/\/www2.unifap.br\/enfermagem\/files\/2024\/05\/NDE-ENFERMAGEM-250x80.jpg 250w\" sizes=\"(max-width: 685px) 100vw, 685px\" \/><\/a><\/p>\n<p>&nbsp;<\/p>\n<h3><strong>Comiss\u00f5es&nbsp;<\/strong><\/h3>\n<h3><span style=\"color: #0000ff\"><a style=\"color: #0000ff\" href=\"http:\/\/www2.unifap.br\/enfermagem\/files\/2022\/10\/Portaria_AC_2022.pdf\">Portaria da Comiss\u00e3o de Atividades Complementares<\/a><\/span><\/h3>\n<h3><span style=\"color: #0000ff\"><a style=\"color: #0000ff\" href=\"http:\/\/www2.unifap.br\/enfermagem\/files\/2022\/04\/Portaria_TCC_2021.pdf\">Portaria da Comiss\u00e3o de TCC<\/a><\/span><\/h3>\n<h3><span style=\"color: #0000ff\"><a style=\"color: #0000ff\" href=\"http:\/\/www2.unifap.br\/enfermagem\/files\/2022\/04\/Portaria_Estagio_pratica_2021.pdf\">Portaria da Comiss\u00e3o de Est\u00e1gio e Pr\u00e1ticas<\/a><\/span><\/h3>\n","protected":false},"excerpt":{"rendered":"<p>N\u00facleo Docente Estruturante&nbsp; NDE- ENFERMAGEM &nbsp; Comiss\u00f5es&nbsp; Portaria da Comiss\u00e3o de Atividades Complementares Portaria da Comiss\u00e3o de TCC Portaria da Comiss\u00e3o de Est\u00e1gio e Pr\u00e1ticas<\/p>\n","protected":false},"author":1,"featured_media":0,"parent":0,"menu_order":7,"comment_status":"closed","ping_status":"closed","template":"","meta":{"inline_featured_image":false,"ngg_post_thumbnail":0,"footnotes":""},"class_list":["post-24","page","type-page","status-publish","hentry"],"_links":{"self":[{"href":"http:\/\/www2.unifap.br\/enfermagem\/wp-json\/wp\/v2\/pages\/24","targetHints":{"allow":["GET"]}}],"collection":[{"href":"http:\/\/www2.unifap.br\/enfermagem\/wp-json\/wp\/v2\/pages"}],"about":[{"href":"http:\/\/www2.unifap.br\/enfermagem\/wp-json\/wp\/v2\/types\/page"}],"author":[{"embeddable":true,"href":"http:\/\/www2.unifap.br\/enfermagem\/wp-json\/wp\/v2\/users\/1"}],"replies":[{"embeddable":true,"href":"http:\/\/www2.unifap.br\/enfermagem\/wp-json\/wp\/v2\/comments?post=24"}],"version-history":[{"count":15,"href":"http:\/\/www2.unifap.br\/enfermagem\/wp-json\/wp\/v2\/pages\/24\/revisions"}],"predecessor-version":[{"id":3668,"href":"http:\/\/www2.unifap.br\/enfermagem\/wp-json\/wp\/v2\/pages\/24\/revisions\/3668"}],"wp:attachment":[{"href":"http:\/\/www2.unifap.br\/enfermagem\/wp-json\/wp\/v2\/media?parent=24"}],"curies":[{"name":"wp","href":"https:\/\/api.w.org\/{rel}","templated":true}]}}