{"id":377,"date":"2018-02-06T18:37:32","date_gmt":"2018-02-06T18:37:32","guid":{"rendered":"http:\/\/www2.unifap.br\/engcivil\/?page_id=377"},"modified":"2018-11-24T07:48:03","modified_gmt":"2018-11-24T07:48:03","slug":"programa-de-radio","status":"publish","type":"page","link":"http:\/\/www2.unifap.br\/engcivil\/extensao\/programa-de-radio\/","title":{"rendered":"Programa de R\u00e1dio"},"content":{"rendered":"<h1 style=\"text-align: left\"><span style=\"color: #000080\">Discutindo Engenharia para Comunidade<\/span><\/h1>\n<p>&nbsp;<\/p>\n<p><a href=\"http:\/\/www2.unifap.br\/engcivil\/files\/2018\/02\/logo-discutindo-engenharia-site.png\"><img fetchpriority=\"high\" decoding=\"async\" class=\"alignnone size-full wp-image-395\" alt=\"logo discutindo engenharia site\" src=\"http:\/\/www2.unifap.br\/engcivil\/files\/2018\/02\/logo-discutindo-engenharia-site.png\" width=\"678\" height=\"216\" srcset=\"http:\/\/www2.unifap.br\/engcivil\/files\/2018\/02\/logo-discutindo-engenharia-site.png 678w, http:\/\/www2.unifap.br\/engcivil\/files\/2018\/02\/logo-discutindo-engenharia-site-300x95.png 300w\" sizes=\"(max-width: 678px) 100vw, 678px\" \/><\/a><\/p>\n<p>&nbsp;<\/p>\n<h3 style=\"text-align: justify\">O projeto de extens\u00e3o \u201cDiscutindo Engenharia para Comunidade\u201d na R\u00e1dio Universit\u00e1ria 96,9\u00a0 FM tem por escopo principal a intera\u00e7\u00e3o entre a Unifap e a comunidade, conforme previsto no projeto institucional, atrav\u00e9s da pr\u00e1tica da comunica\u00e7\u00e3o e extens\u00e3o com a participa\u00e7\u00e3o dos alunos, professores e t\u00e9cnicos.<\/h3>\n<h3 style=\"text-align: justify\">Objetiva realizar programa\u00e7\u00f5es de cunho t\u00e9cnico e did\u00e1tico para divulga\u00e7\u00e3o do conhecimento da Engenharia Civil no Estado do Amap\u00e1, debater em programas de r\u00e1dio temas relacionados \u00e0s diversas \u00e1reas da Engenharia Civil, despertar a comunidade amapaense para temas contempor\u00e2neos emergentes e aproximar a Unifap da comunidade local.<\/h3>\n<p>&nbsp;<\/p>\n<h1 style=\"text-align: center\"><strong><a title=\"Programas\" href=\"http:\/\/www2.unifap.br\/engcivil\/programa-de-radio\/programas\/\">Programas<\/a><\/strong><\/h1>\n","protected":false},"excerpt":{"rendered":"<p>Discutindo Engenharia para Comunidade &nbsp; &nbsp; O projeto de extens\u00e3o \u201cDiscutindo Engenharia para Comunidade\u201d na R\u00e1dio Universit\u00e1ria 96,9\u00a0 FM tem por escopo principal a intera\u00e7\u00e3o entre a Unifap e a comunidade, conforme previsto no projeto institucional, atrav\u00e9s da pr\u00e1tica da comunica\u00e7\u00e3o e extens\u00e3o com a participa\u00e7\u00e3o dos alunos, professores e t\u00e9cnicos. Objetiva realizar programa\u00e7\u00f5es de&#8230;<\/p>\n","protected":false},"author":514,"featured_media":0,"parent":231,"menu_order":0,"comment_status":"open","ping_status":"open","template":"","meta":{"inline_featured_image":false,"ngg_post_thumbnail":0,"footnotes":""},"class_list":["post-377","page","type-page","status-publish","hentry","entry"],"_links":{"self":[{"href":"http:\/\/www2.unifap.br\/engcivil\/wp-json\/wp\/v2\/pages\/377","targetHints":{"allow":["GET"]}}],"collection":[{"href":"http:\/\/www2.unifap.br\/engcivil\/wp-json\/wp\/v2\/pages"}],"about":[{"href":"http:\/\/www2.unifap.br\/engcivil\/wp-json\/wp\/v2\/types\/page"}],"author":[{"embeddable":true,"href":"http:\/\/www2.unifap.br\/engcivil\/wp-json\/wp\/v2\/users\/514"}],"replies":[{"embeddable":true,"href":"http:\/\/www2.unifap.br\/engcivil\/wp-json\/wp\/v2\/comments?post=377"}],"version-history":[{"count":7,"href":"http:\/\/www2.unifap.br\/engcivil\/wp-json\/wp\/v2\/pages\/377\/revisions"}],"predecessor-version":[{"id":450,"href":"http:\/\/www2.unifap.br\/engcivil\/wp-json\/wp\/v2\/pages\/377\/revisions\/450"}],"up":[{"embeddable":true,"href":"http:\/\/www2.unifap.br\/engcivil\/wp-json\/wp\/v2\/pages\/231"}],"wp:attachment":[{"href":"http:\/\/www2.unifap.br\/engcivil\/wp-json\/wp\/v2\/media?parent=377"}],"curies":[{"name":"wp","href":"https:\/\/api.w.org\/{rel}","templated":true}]}}