{"id":4,"date":"2016-01-20T17:38:31","date_gmt":"2016-01-20T17:38:31","guid":{"rendered":"http:\/\/www2.unifap.br\/erabed\/?page_id=4"},"modified":"2016-02-23T03:37:25","modified_gmt":"2016-02-23T03:37:25","slug":"inscricoes","status":"publish","type":"page","link":"http:\/\/www2.unifap.br\/erabed\/inscricoes-2\/inscricoes\/","title":{"rendered":"Inscri\u00e7\u00f5es para p\u00fablico ouvinte"},"content":{"rendered":"<p style=\"text-align: center\"><strong>Inscri\u00e7\u00f5es encerradas.<\/strong><\/p>\n","protected":false},"excerpt":{"rendered":"<p>Inscri\u00e7\u00f5es encerradas.<\/p>\n","protected":false},"author":168,"featured_media":0,"parent":55,"menu_order":1,"comment_status":"open","ping_status":"closed","template":"","meta":{"inline_featured_image":false,"ngg_post_thumbnail":0,"footnotes":""},"class_list":["post-4","page","type-page","status-publish","hentry"],"_links":{"self":[{"href":"http:\/\/www2.unifap.br\/erabed\/wp-json\/wp\/v2\/pages\/4","targetHints":{"allow":["GET"]}}],"collection":[{"href":"http:\/\/www2.unifap.br\/erabed\/wp-json\/wp\/v2\/pages"}],"about":[{"href":"http:\/\/www2.unifap.br\/erabed\/wp-json\/wp\/v2\/types\/page"}],"author":[{"embeddable":true,"href":"http:\/\/www2.unifap.br\/erabed\/wp-json\/wp\/v2\/users\/168"}],"replies":[{"embeddable":true,"href":"http:\/\/www2.unifap.br\/erabed\/wp-json\/wp\/v2\/comments?post=4"}],"version-history":[{"count":6,"href":"http:\/\/www2.unifap.br\/erabed\/wp-json\/wp\/v2\/pages\/4\/revisions"}],"predecessor-version":[{"id":39,"href":"http:\/\/www2.unifap.br\/erabed\/wp-json\/wp\/v2\/pages\/4\/revisions\/39"}],"up":[{"embeddable":true,"href":"http:\/\/www2.unifap.br\/erabed\/wp-json\/wp\/v2\/pages\/55"}],"wp:attachment":[{"href":"http:\/\/www2.unifap.br\/erabed\/wp-json\/wp\/v2\/media?parent=4"}],"curies":[{"name":"wp","href":"https:\/\/api.w.org\/{rel}","templated":true}]}}