{"id":43,"date":"2016-01-27T20:34:51","date_gmt":"2016-01-27T20:34:51","guid":{"rendered":"http:\/\/www2.unifap.br\/erabed\/?page_id=43"},"modified":"2016-02-20T16:02:00","modified_gmt":"2016-02-20T16:02:00","slug":"programacao","status":"publish","type":"page","link":"http:\/\/www2.unifap.br\/erabed\/programacao\/","title":{"rendered":"Programa\u00e7\u00e3o"},"content":{"rendered":"<p><strong>DIA 23\/02\/2016<\/strong><\/p>\n<p><strong>9h-12: Credenciamento <\/strong><\/p>\n<p><strong>15h: Abertura do I ERABED <\/strong><\/p>\n<p><em>Prof. Dr. Paulo Gustavo Correa, Prof. Esp. Tiago Luedy e Prof. Dr. Daniel Chaves (Unifap)<\/em><\/p>\n<p><strong><span style=\"line-height: 1.5em\">16h: Confer\u00eancia de Abertura:\u00a0A Amaz\u00f4nia no radar da Defesa Nacional<\/span><\/strong><\/p>\n<p><em><span style=\"line-height: 1.5em\">Prof. Dr. Alexandre Fuccille (Presidente da Associa\u00e7\u00e3o Brasileira de Estudos de Defesa, UNESP).\u00a0<\/span><\/em><\/p>\n<p><strong>17h30: Mesa 1:\u00a0<span style=\"line-height: 1.5em\">Defesa e Seguran\u00e7a nas fronteiras da Amaz\u00f4nia<\/span><\/strong><\/p>\n<p><em>Tenente Coronel Robson Mattos (Comandante do 34\u00ba Batalh\u00e3o de Infantaria de Selva), CMG\/Prof. Dr. Andr\u00e9 Panno Beir\u00e3o (CEPE-EGN-MB) e\u00a0<em>Prof. Dr. Camilo Pereira Carneiro Filho (UFRGS). Media\u00e7\u00e3o: Prof. Dr. Jadson Luis Rebelo Porto (Unifap)<\/em><\/em><\/p>\n<p><strong style=\"line-height: 1.5em\">19h: Mesa 2: Resultados do Programa de apoio ao ensino e \u00e0 pesquisa cient\u00edfica e tecnol\u00f3gica em defesa nacional (Pr\u00f3-Defesa):<\/strong><\/p>\n<p><em>Prof. Dr. Aldomar R\u00fcckert (UFRGS), Profa. Dra. Suzeley Mathias (Unesp), Prof. Dr. Paulo Gustavo Correa (Unifap). Mediador: Prof. Dr. Jodival Maur\u00edcio da Costa (Unifap)<\/em><\/p>\n<p><span style=\"line-height: 1.5em\">\u00a0<\/span><\/p>\n<p><strong>DIA 24\/02\/2016<\/strong><\/p>\n<p><strong>9h: Minicursos<\/strong><\/p>\n<p><em>Prof. Dr. Camilo Pereira Carneiro Filho (UFRGS), Prof. Esp. Milton Deir\u00f3 de Mello (Unifap)<\/em><\/p>\n<p><strong>11h: \u00a0Exposi\u00e7\u00e3o de Pain\u00e9is<\/strong><\/p>\n<p><strong>16h30: Mesa 3: Abordagens alternativas sobre Seguran\u00e7a na regi\u00e3o das Guianas <\/strong><\/p>\n<p><em>Profa. Msa. Luiza Prestes (UEAP),\u00a0<\/em><em style=\"line-height: 1.5em\">Prof. Dr. Joseph Handerson (Unifap). Media\u00e7\u00e3o: Prof. Dr. Daniel Chaves (Unifap)<\/em><\/p>\n<p><strong>17h45: Mesa 4<\/strong> <strong>: Seguran\u00e7a e Defesa na Amaz\u00f4nia Setentrional<\/strong><\/p>\n<p><em>Prof. Dr. Manoel Pinto (Unifap), \u00a0Major Diatel. Media\u00e7\u00e3o:\u00a0<em>Jorielson Brito Nascimento (Professor de Direito \/ Campus Oiapoque-Binacional).<\/em><\/em><\/p>\n<p><strong style=\"line-height: 1.5em\">19h30: Apresenta\u00e7\u00e3o da Especializa\u00e7\u00e3o em Defesa e Seguran\u00e7a<\/strong><\/p>\n<p><strong><\/strong><em>Prof. Dr. Paulo Gustavo Correa (Unifap)\u00a0<\/em><\/p>\n<p><strong>20h: Encerramento do I ERABED<\/strong><\/p>\n<p><em>Profa. Dra. Eliane Superti (Magn\u00edfica Reitora, Unifap)<\/em><\/p>\n","protected":false},"excerpt":{"rendered":"<p>DIA 23\/02\/2016 9h-12: Credenciamento 15h: Abertura do I ERABED Prof. Dr. Paulo Gustavo Correa, Prof. Esp. Tiago Luedy e Prof. Dr. Daniel Chaves (Unifap) 16h: Confer\u00eancia de Abertura:\u00a0A Amaz\u00f4nia no radar da Defesa Nacional Prof. Dr. Alexandre Fuccille (Presidente da&hellip; <\/p>\n<p><a href=\"http:\/\/www2.unifap.br\/erabed\/programacao\/\" class=\"readmore-button\">Continue Reading<\/a><\/p>\n","protected":false},"author":168,"featured_media":0,"parent":0,"menu_order":0,"comment_status":"open","ping_status":"open","template":"","meta":{"inline_featured_image":false,"ngg_post_thumbnail":0,"footnotes":""},"class_list":["post-43","page","type-page","status-publish","hentry"],"_links":{"self":[{"href":"http:\/\/www2.unifap.br\/erabed\/wp-json\/wp\/v2\/pages\/43","targetHints":{"allow":["GET"]}}],"collection":[{"href":"http:\/\/www2.unifap.br\/erabed\/wp-json\/wp\/v2\/pages"}],"about":[{"href":"http:\/\/www2.unifap.br\/erabed\/wp-json\/wp\/v2\/types\/page"}],"author":[{"embeddable":true,"href":"http:\/\/www2.unifap.br\/erabed\/wp-json\/wp\/v2\/users\/168"}],"replies":[{"embeddable":true,"href":"http:\/\/www2.unifap.br\/erabed\/wp-json\/wp\/v2\/comments?post=43"}],"version-history":[{"count":5,"href":"http:\/\/www2.unifap.br\/erabed\/wp-json\/wp\/v2\/pages\/43\/revisions"}],"predecessor-version":[{"id":64,"href":"http:\/\/www2.unifap.br\/erabed\/wp-json\/wp\/v2\/pages\/43\/revisions\/64"}],"wp:attachment":[{"href":"http:\/\/www2.unifap.br\/erabed\/wp-json\/wp\/v2\/media?parent=43"}],"curies":[{"name":"wp","href":"https:\/\/api.w.org\/{rel}","templated":true}]}}