{"id":55,"date":"2016-02-03T16:01:48","date_gmt":"2016-02-03T16:01:48","guid":{"rendered":"http:\/\/www2.unifap.br\/erabed\/?page_id=55"},"modified":"2016-02-03T16:02:07","modified_gmt":"2016-02-03T16:02:07","slug":"inscricoes-2","status":"publish","type":"page","link":"http:\/\/www2.unifap.br\/erabed\/inscricoes-2\/","title":{"rendered":"Inscri\u00e7\u00f5es"},"content":{"rendered":"<p>Inscri\u00e7\u00f5es para p\u00fablico ouvinte<\/p>\n<p>Inscri\u00e7\u00f5es para pain\u00e9is de inicia\u00e7\u00e3o cient\u00edfica<\/p>\n","protected":false},"excerpt":{"rendered":"<p>Inscri\u00e7\u00f5es para p\u00fablico ouvinte Inscri\u00e7\u00f5es para pain\u00e9is de inicia\u00e7\u00e3o cient\u00edfica<\/p>\n","protected":false},"author":168,"featured_media":0,"parent":0,"menu_order":6,"comment_status":"open","ping_status":"closed","template":"","meta":{"inline_featured_image":false,"ngg_post_thumbnail":0,"footnotes":""},"class_list":["post-55","page","type-page","status-publish","hentry"],"_links":{"self":[{"href":"http:\/\/www2.unifap.br\/erabed\/wp-json\/wp\/v2\/pages\/55","targetHints":{"allow":["GET"]}}],"collection":[{"href":"http:\/\/www2.unifap.br\/erabed\/wp-json\/wp\/v2\/pages"}],"about":[{"href":"http:\/\/www2.unifap.br\/erabed\/wp-json\/wp\/v2\/types\/page"}],"author":[{"embeddable":true,"href":"http:\/\/www2.unifap.br\/erabed\/wp-json\/wp\/v2\/users\/168"}],"replies":[{"embeddable":true,"href":"http:\/\/www2.unifap.br\/erabed\/wp-json\/wp\/v2\/comments?post=55"}],"version-history":[{"count":1,"href":"http:\/\/www2.unifap.br\/erabed\/wp-json\/wp\/v2\/pages\/55\/revisions"}],"predecessor-version":[{"id":56,"href":"http:\/\/www2.unifap.br\/erabed\/wp-json\/wp\/v2\/pages\/55\/revisions\/56"}],"wp:attachment":[{"href":"http:\/\/www2.unifap.br\/erabed\/wp-json\/wp\/v2\/media?parent=55"}],"curies":[{"name":"wp","href":"https:\/\/api.w.org\/{rel}","templated":true}]}}