{"id":57,"date":"2016-02-03T16:10:22","date_gmt":"2016-02-03T16:10:22","guid":{"rendered":"http:\/\/www2.unifap.br\/erabed\/?page_id=57"},"modified":"2016-02-04T15:22:42","modified_gmt":"2016-02-04T15:22:42","slug":"inscricoes-para-paineis-de-iniciacao-cientifica","status":"publish","type":"page","link":"http:\/\/www2.unifap.br\/erabed\/inscricoes-2\/inscricoes-para-paineis-de-iniciacao-cientifica\/","title":{"rendered":"Inscri\u00e7\u00f5es para pain\u00e9is de inicia\u00e7\u00e3o cient\u00edfica"},"content":{"rendered":"<p>A organiza\u00e7\u00e3o do I ERABED Norte aceitar\u00e1 pain\u00e9is resultantes de pesquisas de Inicia\u00e7\u00e3o Cient\u00edfica conclu\u00eddas ou em andamento, exclusivamente.<\/p>\n<p>As propostas de pain\u00e9is (contendo t\u00edtulo, nome do proponente, nome do orientador e v\u00ednculo institucional e resumo com at\u00e9 500 palavras) devem ser encaminhadas para o endere\u00e7o eletr\u00f4nico erabednorte@gmail.com destacando, como assunto, da mensagem a frase \u201cPainel de Inicia\u00e7\u00e3o Cient\u00edfica\u201d.<\/p>\n<p>Quando aprovados pelo Conselho Cient\u00edfico, os pain\u00e9is dever\u00e3o ser confeccionados de acordo com as instru\u00e7\u00f5es:<\/p>\n<p>1. As inscri\u00e7\u00f5es para apresenta\u00e7\u00e3o de pain\u00e9is ter\u00e3o o custo de R$ 10,00. Uma vez aprovado o painel, a inscri\u00e7\u00e3o deve ser confirmada atrav\u00e9s do pagamento no momento do credenciamento.<\/p>\n<p>2. Os pain\u00e9is devem ser formatados conforme as regras abaixo.<\/p>\n<p>&#8211; Possibilidade de leitura do p\u00f4ster a uma dist\u00e2ncia de 1,5 m.<\/p>\n<p>&#8211; Tamanho: 0,90 m (largura) x 1 m (altura).<\/p>\n<p>&#8211; Informa\u00e7\u00e3o sobre o evento, t\u00edtulo do trabalho, autores, Institui\u00e7\u00e3o, ag\u00eancia financiadora (se houver) e (03) Palavras-Chave. Relacionar, nessa ordem.<\/p>\n<p>Exemplo:<\/p>\n<p>I ENCONTRO REGIONAL NORTE DA ASSOCIA\u00c7\u00c3O BRASILEIRA DE ESTUDOS DE DEFESA:<br \/>\nPainel: Estudos sobre ci\u00eancia e tecnologia aplicados \u00e0 defesa<br \/>\nManoel da Silva \u2013 UEAP \/ CNPq<br \/>\nPalavras chave: Ci\u00eancia, Tecnologia, Defesa.<br \/>\nT\u00edtulo e Unidade: Letras mai\u00fasculas, altura m\u00ednima de 1,5 cm (tamanho de letra impressa.<br \/>\nAutores e Ag\u00eancia Financiadora: Letras min\u00fasculas com as iniciais em mai\u00fasculo, altura m\u00ednima de 1 cm (tamanho de letra mai\u00fascula impressa). Sugere-se adicionar e-mail dos autores.<br \/>\nPalavras-Chave e Subt\u00edtulos: Letras min\u00fasculas com as iniciais em mai\u00fasculo, altura m\u00ednima de 1 cm (tamanho de letra mai\u00fascula (impressa). As palavras-chave dever\u00e3o ser separadas por h\u00edfen.<br \/>\nTexto: Altura m\u00ednima das letras de 6 mm. Recomenda-se que as ilustra\u00e7\u00f5es (fotos, esquemas, tabelas, equa\u00e7\u00f5es) ocupem no m\u00ednimo 40% da \u00e1rea total. Utilizar espa\u00e7amento duplo entre par\u00e1grafos.<br \/>\nCores: Evitar cores de fundo fortes. Se utilizar cor, dar prefer\u00eancia a cor \u00fanica e tonalidade m\u00e9dia.<\/p>\n<p>3. Conte\u00fado do Painel<br \/>\nIntrodu\u00e7\u00e3o: A import\u00e2ncia do assunto deve ser destacada resumidamente na forma de introdu\u00e7\u00e3o ou equivalente.<br \/>\nMetodologia: Dar uma ideia compacta da metodologia ou forma de abordagem da pesquisa.<br \/>\nResultados e Discuss\u00e3o: Indicar apenas os de maior destaque na forma de t\u00f3picos.<br \/>\nConclus\u00f5es.<br \/>\nRefer\u00eancias Bibliogr\u00e1ficas: relacionar as cinco principais fontes bibliogr\u00e1ficas.<\/p>\n<p><strong style=\"line-height: 1.5em\">Aten\u00e7\u00e3o: a data-limite de submiss\u00e3o de trabalhos \u00e9 o dia 17\/02\/2016, atrav\u00e9s do e-mail supracitado.\u00a0<\/strong><\/p>\n","protected":false},"excerpt":{"rendered":"<p>A organiza\u00e7\u00e3o do I ERABED Norte aceitar\u00e1 pain\u00e9is resultantes de pesquisas de Inicia\u00e7\u00e3o Cient\u00edfica conclu\u00eddas ou em andamento, exclusivamente. As propostas de pain\u00e9is (contendo t\u00edtulo, nome do proponente, nome do orientador e v\u00ednculo institucional e resumo com at\u00e9 500 palavras)&hellip; <\/p>\n<p><a href=\"http:\/\/www2.unifap.br\/erabed\/inscricoes-2\/inscricoes-para-paineis-de-iniciacao-cientifica\/\" class=\"readmore-button\">Continue Reading<\/a><\/p>\n","protected":false},"author":168,"featured_media":0,"parent":55,"menu_order":2,"comment_status":"open","ping_status":"open","template":"","meta":{"inline_featured_image":false,"ngg_post_thumbnail":0,"footnotes":""},"class_list":["post-57","page","type-page","status-publish","hentry"],"_links":{"self":[{"href":"http:\/\/www2.unifap.br\/erabed\/wp-json\/wp\/v2\/pages\/57","targetHints":{"allow":["GET"]}}],"collection":[{"href":"http:\/\/www2.unifap.br\/erabed\/wp-json\/wp\/v2\/pages"}],"about":[{"href":"http:\/\/www2.unifap.br\/erabed\/wp-json\/wp\/v2\/types\/page"}],"author":[{"embeddable":true,"href":"http:\/\/www2.unifap.br\/erabed\/wp-json\/wp\/v2\/users\/168"}],"replies":[{"embeddable":true,"href":"http:\/\/www2.unifap.br\/erabed\/wp-json\/wp\/v2\/comments?post=57"}],"version-history":[{"count":4,"href":"http:\/\/www2.unifap.br\/erabed\/wp-json\/wp\/v2\/pages\/57\/revisions"}],"predecessor-version":[{"id":61,"href":"http:\/\/www2.unifap.br\/erabed\/wp-json\/wp\/v2\/pages\/57\/revisions\/61"}],"up":[{"embeddable":true,"href":"http:\/\/www2.unifap.br\/erabed\/wp-json\/wp\/v2\/pages\/55"}],"wp:attachment":[{"href":"http:\/\/www2.unifap.br\/erabed\/wp-json\/wp\/v2\/media?parent=57"}],"curies":[{"name":"wp","href":"https:\/\/api.w.org\/{rel}","templated":true}]}}