{"id":1146,"date":"2023-11-08T18:23:08","date_gmt":"2023-11-08T21:23:08","guid":{"rendered":"https:\/\/www2.unifap.br\/farmacia\/?page_id=1146"},"modified":"2024-03-26T15:31:23","modified_gmt":"2024-03-26T18:31:23","slug":"atividades-complementares","status":"publish","type":"page","link":"http:\/\/www2.unifap.br\/farmacia\/atividades-complementares","title":{"rendered":"Atividades complementares"},"content":{"rendered":"\t\t<div data-elementor-type=\"wp-page\" data-elementor-id=\"1146\" class=\"elementor elementor-1146\">\n\t\t\t\t\t\t<section class=\"elementor-section elementor-top-section elementor-element elementor-element-e682201 elementor-section-boxed elementor-section-height-default elementor-section-height-default\" data-id=\"e682201\" data-element_type=\"section\" data-e-type=\"section\">\n\t\t\t\t\t\t<div class=\"elementor-container elementor-column-gap-default\">\n\t\t\t\t\t<div class=\"elementor-column elementor-col-100 elementor-top-column elementor-element elementor-element-ac4c744\" data-id=\"ac4c744\" data-element_type=\"column\" data-e-type=\"column\">\n\t\t\t<div class=\"elementor-widget-wrap elementor-element-populated\">\n\t\t\t\t\t\t<div class=\"elementor-element elementor-element-4649544 elementor-widget elementor-widget-heading\" data-id=\"4649544\" data-element_type=\"widget\" data-e-type=\"widget\" data-widget_type=\"heading.default\">\n\t\t\t\t<div class=\"elementor-widget-container\">\n\t\t\t\t\t<h2 class=\"elementor-heading-title elementor-size-default\">ATIVIDADES COMPLEMENTARES<\/h2>\t\t\t\t<\/div>\n\t\t\t\t<\/div>\n\t\t\t\t\t<\/div>\n\t\t<\/div>\n\t\t\t\t\t<\/div>\n\t\t<\/section>\n\t\t\t\t<section class=\"elementor-section elementor-top-section elementor-element elementor-element-dec022a elementor-section-boxed elementor-section-height-default elementor-section-height-default\" data-id=\"dec022a\" data-element_type=\"section\" data-e-type=\"section\">\n\t\t\t\t\t\t<div class=\"elementor-container elementor-column-gap-default\">\n\t\t\t\t\t<div class=\"elementor-column elementor-col-100 elementor-top-column elementor-element elementor-element-de04388\" data-id=\"de04388\" data-element_type=\"column\" data-e-type=\"column\">\n\t\t\t<div class=\"elementor-widget-wrap elementor-element-populated\">\n\t\t\t\t\t\t<div class=\"elementor-element elementor-element-7a4dfe8 elementor-button-warning elementor-align-center elementor-widget elementor-widget-button\" data-id=\"7a4dfe8\" data-element_type=\"widget\" data-e-type=\"widget\" data-widget_type=\"button.default\">\n\t\t\t\t<div class=\"elementor-widget-container\">\n\t\t\t\t\t\t\t\t\t<div class=\"elementor-button-wrapper\">\n\t\t\t\t\t<a class=\"elementor-button elementor-button-link elementor-size-sm elementor-animation-pulse\" href=\"http:\/\/www2.unifap.br\/farmacia\/files\/2024\/03\/Atividade-Complementar_orientacoes-atualizadas_2022.pdf\">\n\t\t\t\t\t\t<span class=\"elementor-button-content-wrapper\">\n\t\t\t\t\t\t\t\t\t<span class=\"elementor-button-text\">Instru\u00e7\u00f5es Atividades complementares<\/span>\n\t\t\t\t\t<\/span>\n\t\t\t\t\t<\/a>\n\t\t\t\t<\/div>\n\t\t\t\t\t\t\t\t<\/div>\n\t\t\t\t<\/div>\n\t\t\t\t<div class=\"elementor-element elementor-element-ef5dd11 elementor-widget elementor-widget-text-editor\" data-id=\"ef5dd11\" data-element_type=\"widget\" data-e-type=\"widget\" data-widget_type=\"text-editor.default\">\n\t\t\t\t<div class=\"elementor-widget-container\">\n\t\t\t\t\t\t\t\t\t<p>Caros alunos do \u00faltimo semestre, futuros egressos do curso de farm\u00e1cia da UNIFAP, como um dos componentes finais para a integraliza\u00e7\u00e3o do curso precisamos orientar sobre as ATIVIDADES COMPLEMENTARES:<\/p><p>1. No Projeto Pol\u00edtico Pedag\u00f3gico do curso (PPC) temos todas as diretrizes descritas\u00a0<span style=\"font-style: inherit;font-weight: inherit;background-color: var(--ast-global-color-5);color: var(--ast-global-color-1)\">detalhadamente das Atividade Complementar;<\/span><\/p><p>2. Durante o \u00faltimo semestre letivo do aluno (discente) dever\u00e1 encaminhar para o e-mail abaixo um ARQUIVO <span style=\"font-style: inherit;font-weight: inherit;background-color: var(--ast-global-color-5);color: var(--ast-global-color-1)\">\u00daNICO, ORGANIZADO EM ORDEM CRONOL\u00d3GICA, CONTENDO\u00a0<\/span><span style=\"font-style: inherit;font-weight: inherit;background-color: var(--ast-global-color-5);color: var(--ast-global-color-1)\">TODOS OS COMPROVANTES\/ CERTIFICADOS DE AC, o arquivo e o e-mail\u00a0<\/span><span style=\"font-style: inherit;font-weight: inherit;background-color: var(--ast-global-color-5);color: var(--ast-global-color-1)\">dever\u00e3o ser identificados como nome completo e o n\u00famero de matr\u00edcula do aluno;<\/span><\/p><p>3. O e-mail da comiss\u00e3o e atividades complementares \u00e9: <span style=\"text-decoration: underline;color: #ff0000\"><strong>atividadescomplementares.farmacia@unifap.br<\/strong> <\/span>e o prazo de envio <span style=\"font-style: inherit;font-weight: inherit;background-color: var(--ast-global-color-5);color: var(--ast-global-color-1)\">ser\u00e1, irrevogavelmente, 30 DIAS ANTES DE FINALIZAR CADA SEMESTRE\u00a0<\/span><span style=\"font-style: inherit;font-weight: inherit;background-color: var(--ast-global-color-5);color: var(--ast-global-color-1)\">LETIVO;<\/span><\/p><p>4. Lembramos que a carga hor\u00e1ria total de AC dever\u00e1 sempre totalizar 210 horas\u00a0<span style=\"font-style: inherit;font-weight: inherit;background-color: var(--ast-global-color-5);color: var(--ast-global-color-1)\">durante o per\u00edodo do curso e n\u00e3o ser\u00e1, em hip\u00f3tese\u00a0 alguma, contabilizada em\u00a0<\/span><span style=\"font-style: inherit;font-weight: inherit;background-color: var(--ast-global-color-5);color: var(--ast-global-color-1)\">duplicidade com qualquer outro componente curricular como o est\u00e1gio\u00a0<\/span><span style=\"font-style: inherit;font-weight: inherit;background-color: var(--ast-global-color-5);color: var(--ast-global-color-1)\">obrigat\u00f3rio;<\/span><\/p><p>5. As atividades complementares dever\u00e3o ter rela\u00e7\u00e3o com as atividades do curso de\u00a0<span style=\"font-style: inherit;font-weight: inherit;background-color: var(--ast-global-color-5);color: var(--ast-global-color-1)\">farm\u00e1cia e ter\u00e3o que ser comprovadas e validadas pela comiss\u00e3o que encaminhar\u00e1\u00a0<\/span><span style=\"font-style: inherit;font-weight: inherit;background-color: var(--ast-global-color-5);color: var(--ast-global-color-1)\">para a coordena\u00e7\u00e3o as informa\u00e7\u00f5es para a integraliza\u00e7\u00e3o do componente\u00a0<\/span><span style=\"font-style: inherit;font-weight: inherit;background-color: var(--ast-global-color-5);color: var(--ast-global-color-1)\">curricular.<\/span><\/p><p style=\"text-align: right\"><span style=\"text-decoration: underline\"><em>Comiss\u00e3o de atividades complementares<\/em><\/span><\/p><p style=\"text-align: right\"><span style=\"text-decoration: underline\"><em>Carolina Miranda e Mayara Teles<\/em><\/span><\/p><p style=\"text-align: right\"><span style=\"text-decoration: underline\"><em>Portaria 2093\/2013<\/em><\/span><\/p>\t\t\t\t\t\t\t\t<\/div>\n\t\t\t\t<\/div>\n\t\t\t\t\t<\/div>\n\t\t<\/div>\n\t\t\t\t\t<\/div>\n\t\t<\/section>\n\t\t\t\t<\/div>\n\t\t","protected":false},"excerpt":{"rendered":"<p>ATIVIDADES COMPLEMENTARES Instru\u00e7\u00f5es Atividades complementares Caros alunos do \u00faltimo semestre, futuros egressos do curso de farm\u00e1cia da UNIFAP, como um dos componentes finais para a integraliza\u00e7\u00e3o do curso precisamos orientar sobre as ATIVIDADES COMPLEMENTARES: 1. No Projeto Pol\u00edtico Pedag\u00f3gico do curso (PPC) temos todas as diretrizes descritas\u00a0detalhadamente das Atividade Complementar; 2. Durante o \u00faltimo semestre&#8230;<\/p>\n","protected":false},"author":3970,"featured_media":0,"parent":0,"menu_order":0,"comment_status":"closed","ping_status":"closed","template":"","meta":{"inline_featured_image":false,"site-sidebar-layout":"no-sidebar","site-content-layout":"page-builder","ast-site-content-layout":"full-width-container","site-content-style":"default","site-sidebar-style":"default","ast-global-header-display":"","ast-banner-title-visibility":"","ast-main-header-display":"","ast-hfb-above-header-display":"","ast-hfb-below-header-display":"","ast-hfb-mobile-header-display":"","site-post-title":"disabled","ast-breadcrumbs-content":"","ast-featured-img":"disabled","footer-sml-layout":"","theme-transparent-header-meta":"default","adv-header-id-meta":"","stick-header-meta":"","header-above-stick-meta":"","header-main-stick-meta":"","header-below-stick-meta":"","astra-migrate-meta-layouts":"set","ast-page-background-enabled":"default","ast-page-background-meta":{"desktop":{"background-color":"var(--ast-global-color-4)","background-image":"","background-repeat":"repeat","background-position":"center center","background-size":"auto","background-attachment":"scroll","background-type":"","background-media":"","overlay-type":"","overlay-color":"","overlay-opacity":"","overlay-gradient":""},"tablet":{"background-color":"","background-image":"","background-repeat":"repeat","background-position":"center center","background-size":"auto","background-attachment":"scroll","background-type":"","background-media":"","overlay-type":"","overlay-color":"","overlay-opacity":"","overlay-gradient":""},"mobile":{"background-color":"","background-image":"","background-repeat":"repeat","background-position":"center center","background-size":"auto","background-attachment":"scroll","background-type":"","background-media":"","overlay-type":"","overlay-color":"","overlay-opacity":"","overlay-gradient":""}},"ast-content-background-meta":{"desktop":{"background-color":"var(--ast-global-color-5)","background-image":"","background-repeat":"repeat","background-position":"center center","background-size":"auto","background-attachment":"scroll","background-type":"","background-media":"","overlay-type":"","overlay-color":"","overlay-opacity":"","overlay-gradient":""},"tablet":{"background-color":"var(--ast-global-color-5)","background-image":"","background-repeat":"repeat","background-position":"center center","background-size":"auto","background-attachment":"scroll","background-type":"","background-media":"","overlay-type":"","overlay-color":"","overlay-opacity":"","overlay-gradient":""},"mobile":{"background-color":"var(--ast-global-color-5)","background-image":"","background-repeat":"repeat","background-position":"center center","background-size":"auto","background-attachment":"scroll","background-type":"","background-media":"","overlay-type":"","overlay-color":"","overlay-opacity":"","overlay-gradient":""}},"ngg_post_thumbnail":0,"footnotes":""},"class_list":["post-1146","page","type-page","status-publish","hentry"],"_links":{"self":[{"href":"http:\/\/www2.unifap.br\/farmacia\/wp-json\/wp\/v2\/pages\/1146","targetHints":{"allow":["GET"]}}],"collection":[{"href":"http:\/\/www2.unifap.br\/farmacia\/wp-json\/wp\/v2\/pages"}],"about":[{"href":"http:\/\/www2.unifap.br\/farmacia\/wp-json\/wp\/v2\/types\/page"}],"author":[{"embeddable":true,"href":"http:\/\/www2.unifap.br\/farmacia\/wp-json\/wp\/v2\/users\/3970"}],"replies":[{"embeddable":true,"href":"http:\/\/www2.unifap.br\/farmacia\/wp-json\/wp\/v2\/comments?post=1146"}],"version-history":[{"count":16,"href":"http:\/\/www2.unifap.br\/farmacia\/wp-json\/wp\/v2\/pages\/1146\/revisions"}],"predecessor-version":[{"id":1273,"href":"http:\/\/www2.unifap.br\/farmacia\/wp-json\/wp\/v2\/pages\/1146\/revisions\/1273"}],"wp:attachment":[{"href":"http:\/\/www2.unifap.br\/farmacia\/wp-json\/wp\/v2\/media?parent=1146"}],"curies":[{"name":"wp","href":"https:\/\/api.w.org\/{rel}","templated":true}]}}