{"id":2968,"date":"2016-09-24T14:33:41","date_gmt":"2016-09-24T14:33:41","guid":{"rendered":"http:\/\/www2.unifap.br\/fisica\/?page_id=2968"},"modified":"2016-09-24T15:02:21","modified_gmt":"2016-09-24T15:02:21","slug":"eventos-realizados","status":"publish","type":"page","link":"http:\/\/www2.unifap.br\/fisica\/eventos\/eventos-realizados\/","title":{"rendered":"Eventos Realizados"},"content":{"rendered":"<p><a title=\"1\u00ba Ciclo de F\u00edsica Matem\u00e1tica\" href=\"http:\/\/www2.unifap.br\/fisica\/eventos\/eventos-realizados\/1o-ciclo-de-fisica-matematica\/\">1\u00ba Ciclo de F\u00edsica Matem\u00e1tica<\/a><\/p>\n<p><a title=\"1\u00ba Minicurso de F\u00e9rias de F\u00edsica\" href=\"http:\/\/www2.unifap.br\/fisica\/eventos\/eventos-realizados\/1o-minicurso-de-ferias-de-fisica\/\">1\u00ba Minicurso de F\u00e9rias de F\u00edsica<\/a><\/p>\n<p><a title=\"2\u00ba Ciclo de F\u00edsica Matem\u00e1tica\" href=\"http:\/\/www2.unifap.br\/fisica\/eventos\/eventos-realizados\/2o-ciclo-de-fisica-matematica\/\">2\u00ba Ciclo de F\u00edsica Matem\u00e1tica<\/a><\/p>\n<p><a title=\"3\u00ba Minicurso de F\u00e9rias de F\u00edsica\" href=\"http:\/\/www2.unifap.br\/fisica\/eventos\/eventos-realizados\/3o-minicurso-de-ferias-de-fisica\/\">3\u00ba Minicurso de F\u00e9rias de F\u00edsica<\/a><\/p>\n<p><a title=\"Espa\u00e7o Aberto na Escola Estadual Prof. Nanci Nina Costa\" href=\"http:\/\/www2.unifap.br\/fisica\/eventos\/eventos-realizados\/espaco-aberto-na-escola-estadual-prof-nanci-nina-costa\/\">Espa\u00e7o Aberto Escola Estadual Profa. Nanci Nina Costa<\/a><\/p>\n","protected":false},"excerpt":{"rendered":"<p>1\u00ba Ciclo de F\u00edsica Matem\u00e1tica 1\u00ba Minicurso de F\u00e9rias de F\u00edsica 2\u00ba Ciclo de F\u00edsica Matem\u00e1tica 3\u00ba Minicurso de F\u00e9rias de F\u00edsica Espa\u00e7o Aberto Escola Estadual Profa. Nanci Nina Costa<\/p>\n","protected":false},"author":908,"featured_media":0,"parent":2966,"menu_order":2,"comment_status":"open","ping_status":"open","template":"","meta":{"inline_featured_image":false,"ngg_post_thumbnail":0,"footnotes":""},"class_list":["post-2968","page","type-page","status-publish","hentry","entry"],"_links":{"self":[{"href":"http:\/\/www2.unifap.br\/fisica\/wp-json\/wp\/v2\/pages\/2968","targetHints":{"allow":["GET"]}}],"collection":[{"href":"http:\/\/www2.unifap.br\/fisica\/wp-json\/wp\/v2\/pages"}],"about":[{"href":"http:\/\/www2.unifap.br\/fisica\/wp-json\/wp\/v2\/types\/page"}],"author":[{"embeddable":true,"href":"http:\/\/www2.unifap.br\/fisica\/wp-json\/wp\/v2\/users\/908"}],"replies":[{"embeddable":true,"href":"http:\/\/www2.unifap.br\/fisica\/wp-json\/wp\/v2\/comments?post=2968"}],"version-history":[{"count":8,"href":"http:\/\/www2.unifap.br\/fisica\/wp-json\/wp\/v2\/pages\/2968\/revisions"}],"predecessor-version":[{"id":3005,"href":"http:\/\/www2.unifap.br\/fisica\/wp-json\/wp\/v2\/pages\/2968\/revisions\/3005"}],"up":[{"embeddable":true,"href":"http:\/\/www2.unifap.br\/fisica\/wp-json\/wp\/v2\/pages\/2966"}],"wp:attachment":[{"href":"http:\/\/www2.unifap.br\/fisica\/wp-json\/wp\/v2\/media?parent=2968"}],"curies":[{"name":"wp","href":"https:\/\/api.w.org\/{rel}","templated":true}]}}