{"id":464,"date":"2010-04-23T16:53:55","date_gmt":"2010-04-23T18:53:55","guid":{"rendered":"http:\/\/pororoca.unifap.br\/fisica\/?page_id=464"},"modified":"2024-06-07T13:52:30","modified_gmt":"2024-06-07T13:52:30","slug":"galeria-de-imagens","status":"publish","type":"page","link":"http:\/\/www2.unifap.br\/fisica\/infos\/galeria-de-imagens\/","title":{"rendered":"Galeria de imagens"},"content":{"rendered":"\t\t<div data-elementor-type=\"wp-page\" data-elementor-id=\"464\" class=\"elementor elementor-464\">\n\t\t\t\t\t\t<section class=\"elementor-section elementor-top-section elementor-element elementor-element-d3ace72 elementor-section-boxed elementor-section-height-default elementor-section-height-default\" data-id=\"d3ace72\" data-element_type=\"section\" data-e-type=\"section\">\n\t\t\t\t\t\t<div class=\"elementor-container elementor-column-gap-default\">\n\t\t\t\t\t<div class=\"elementor-column elementor-col-100 elementor-top-column elementor-element elementor-element-a5f37d8\" data-id=\"a5f37d8\" data-element_type=\"column\" data-e-type=\"column\">\n\t\t\t<div class=\"elementor-widget-wrap elementor-element-populated\">\n\t\t\t\t\t\t<div class=\"elementor-element elementor-element-5ef0c26 elementor-widget elementor-widget-spacer\" data-id=\"5ef0c26\" data-element_type=\"widget\" data-e-type=\"widget\" data-widget_type=\"spacer.default\">\n\t\t\t\t<div class=\"elementor-widget-container\">\n\t\t\t\t\t\t\t<div class=\"elementor-spacer\">\n\t\t\t<div class=\"elementor-spacer-inner\"><\/div>\n\t\t<\/div>\n\t\t\t\t\t\t<\/div>\n\t\t\t\t<\/div>\n\t\t\t\t<div class=\"elementor-element elementor-element-a54894a elementor-widget elementor-widget-heading\" data-id=\"a54894a\" data-element_type=\"widget\" data-e-type=\"widget\" data-widget_type=\"heading.default\">\n\t\t\t\t<div class=\"elementor-widget-container\">\n\t\t\t\t\t<h1 class=\"elementor-heading-title elementor-size-default\">GALERIA DO CURSO DA F\u00cdSICA<\/h1>\t\t\t\t<\/div>\n\t\t\t\t<\/div>\n\t\t\t\t<div class=\"elementor-element elementor-element-9bfe3e6 elementor-widget elementor-widget-spacer\" data-id=\"9bfe3e6\" data-element_type=\"widget\" data-e-type=\"widget\" data-widget_type=\"spacer.default\">\n\t\t\t\t<div class=\"elementor-widget-container\">\n\t\t\t\t\t\t\t<div class=\"elementor-spacer\">\n\t\t\t<div class=\"elementor-spacer-inner\"><\/div>\n\t\t<\/div>\n\t\t\t\t\t\t<\/div>\n\t\t\t\t<\/div>\n\t\t\t\t\t<\/div>\n\t\t<\/div>\n\t\t\t\t\t<\/div>\n\t\t<\/section>\n\t\t\t\t<section class=\"elementor-section elementor-top-section elementor-element elementor-element-2b11d8ad elementor-section-boxed elementor-section-height-default elementor-section-height-default\" data-id=\"2b11d8ad\" data-element_type=\"section\" data-e-type=\"section\">\n\t\t\t\t\t\t<div class=\"elementor-container elementor-column-gap-default\">\n\t\t\t\t\t<div class=\"elementor-column elementor-col-100 elementor-top-column elementor-element elementor-element-7b72959e\" data-id=\"7b72959e\" data-element_type=\"column\" data-e-type=\"column\">\n\t\t\t<div class=\"elementor-widget-wrap elementor-element-populated\">\n\t\t\t\t\t\t<div class=\"elementor-element elementor-element-3cdfaab8 elementor-widget elementor-widget-text-editor\" data-id=\"3cdfaab8\" data-element_type=\"widget\" data-e-type=\"widget\" data-widget_type=\"text-editor.default\">\n\t\t\t\t<div class=\"elementor-widget-container\">\n\t\t\t\t\t\t\t\t\t<a href=\"http:\/\/www2.unifap.br\/fisica\/files\/2010\/04\/DSC00038.jpg\"><img decoding=\"async\" class=\"size-medium wp-image-1283 alignleft\" src=\"http:\/\/www2.unifap.br\/fisica\/files\/2010\/04\/DSC00038-300x225.jpg\" alt=\"\" width=\"224\" height=\"153\"><\/a><a href=\"http:\/\/www2.unifap.br\/fisica\/files\/2010\/04\/DSC00042.jpg\"><img decoding=\"async\" class=\"size-medium wp-image-1285 alignleft\" src=\"http:\/\/www2.unifap.br\/fisica\/files\/2010\/04\/DSC00042-300x225.jpg\" alt=\"\" width=\"224\" height=\"153\"><\/a>\r\n<p style=\"text-align: center\">&nbsp;<\/p>\r\n<p style=\"text-align: center\">&nbsp;<\/p>\r\n<p style=\"text-align: center\">&nbsp;<\/p>\r\n<p style=\"text-align: center\">&nbsp;<\/p>\r\n&nbsp;\t\t\t\t\t\t\t\t<\/div>\n\t\t\t\t<\/div>\n\t\t\t\t<div class=\"elementor-element elementor-element-0e09b26 elementor-widget elementor-widget-text-editor\" data-id=\"0e09b26\" data-element_type=\"widget\" data-e-type=\"widget\" data-widget_type=\"text-editor.default\">\n\t\t\t\t<div class=\"elementor-widget-container\">\n\t\t\t\t\t\t\t\t\t<p>Atividades experimentais desenvolvidas pelo professor Victor Monteiro no laborat\u00f3rio de F\u00edsica B\u00e1sica III.<\/p>\t\t\t\t\t\t\t\t<\/div>\n\t\t\t\t<\/div>\n\t\t\t\t\t<\/div>\n\t\t<\/div>\n\t\t\t\t\t<\/div>\n\t\t<\/section>\n\t\t\t\t<\/div>\n\t\t","protected":false},"excerpt":{"rendered":"<p>GALERIA DO CURSO DA F\u00cdSICA &nbsp; &nbsp; &nbsp; &nbsp; &nbsp; Atividades experimentais desenvolvidas pelo professor Victor Monteiro no laborat\u00f3rio de F\u00edsica B\u00e1sica III.<\/p>\n","protected":false},"author":1,"featured_media":0,"parent":149,"menu_order":4,"comment_status":"closed","ping_status":"closed","template":"","meta":{"inline_featured_image":false,"ngg_post_thumbnail":0,"footnotes":""},"class_list":["post-464","page","type-page","status-publish","hentry","entry"],"_links":{"self":[{"href":"http:\/\/www2.unifap.br\/fisica\/wp-json\/wp\/v2\/pages\/464","targetHints":{"allow":["GET"]}}],"collection":[{"href":"http:\/\/www2.unifap.br\/fisica\/wp-json\/wp\/v2\/pages"}],"about":[{"href":"http:\/\/www2.unifap.br\/fisica\/wp-json\/wp\/v2\/types\/page"}],"author":[{"embeddable":true,"href":"http:\/\/www2.unifap.br\/fisica\/wp-json\/wp\/v2\/users\/1"}],"replies":[{"embeddable":true,"href":"http:\/\/www2.unifap.br\/fisica\/wp-json\/wp\/v2\/comments?post=464"}],"version-history":[{"count":11,"href":"http:\/\/www2.unifap.br\/fisica\/wp-json\/wp\/v2\/pages\/464\/revisions"}],"predecessor-version":[{"id":5018,"href":"http:\/\/www2.unifap.br\/fisica\/wp-json\/wp\/v2\/pages\/464\/revisions\/5018"}],"up":[{"embeddable":true,"href":"http:\/\/www2.unifap.br\/fisica\/wp-json\/wp\/v2\/pages\/149"}],"wp:attachment":[{"href":"http:\/\/www2.unifap.br\/fisica\/wp-json\/wp\/v2\/media?parent=464"}],"curies":[{"name":"wp","href":"https:\/\/api.w.org\/{rel}","templated":true}]}}