{"id":175,"date":"2015-10-26T16:18:58","date_gmt":"2015-10-26T16:18:58","guid":{"rendered":"http:\/\/www2.unifap.br\/generodiversidade\/?page_id=175"},"modified":"2015-12-02T22:56:16","modified_gmt":"2015-12-02T22:56:16","slug":"submissao-de-trabalhos-2","status":"publish","type":"page","link":"http:\/\/www2.unifap.br\/generodiversidade\/submissao-de-trabalhos-2\/","title":{"rendered":"Submiss\u00e3o de Trabalhos"},"content":{"rendered":"<p style=\"text-align: center\"><strong>TRABALHOS APROVADOS\u00a0<\/strong><\/p>\n<p style=\"text-align: center\"><b>\u00a0GRUPO DE TRABALHO POL\u00cdTICAS DO CORPO (<b>LYLIAN RODRIGUES E FABIO RAMALHO)\u00a0<\/b><\/b><\/p>\n<p style=\"text-align: center\"><strong>Tarde (14h as 17h) Audit\u00f3rio 2 do DPQ<\/strong><\/p>\n<p style=\"text-align: left\"><strong>Quinta-feira, 10\/12\/2015<\/strong><\/p>\n<ul>\n<li>Trangress\u00f5es, puni\u00e7\u00f5es e absolvi\u00e7\u00f5es: as marcas da viol\u00eancia psicol\u00f3gica contra a mulher nas desmedidas dos padr\u00f5es de beleza &#8211; Josivanea da Silva Gomes<\/li>\n<\/ul>\n<ul>\n<li>A sexualidade e o g\u00eanero: os processos de subjetiva\u00e7\u00e3o em Foucault e Butler &#8211; Julielton Souza de Lima<\/li>\n<\/ul>\n<ul>\n<li>Corpos Femininos e Sua Representa\u00e7\u00e3o na Marcha das Vadias &#8211; Cibelle Canto<\/li>\n<\/ul>\n<ul>\n<li>IVANNA AGUILERA: um corpo transit\u00f3rio na hist\u00f3ria da pol\u00edtica de identidade e diversidade sexual argentina &#8211; Eliakim Pinheiro<\/li>\n<\/ul>\n<p><strong>\u00a0Sexta-feira, 11\/12\/2015<\/strong><\/p>\n<ul>\n<li>Ca\u00e7a \u00e0 unic\u00f3rnios permanentemente proibida: (des)constru\u00e7\u00f5es netnogr\u00e1ficas a cerca de discuss\u00f5es em torno da bissexualidade &#8211; Lana Maiara Saraiva Furtado<\/li>\n<\/ul>\n<ul>\n<li>Transgenero e Travesti: sujeitos ocultos na sociedade e o uso do banheiro P\u00fablico &#8211; Ellen Silva Teixeira, Henrique Muricy Nascimento e Thayn\u00e1 Soares Da Costa<\/li>\n<\/ul>\n<ul>\n<li>Parteiras Tradicionais: etnografia sobre atendimentos aos casos de abortamento no munic\u00edpio de Santana\/AP &#8211; Raysa Nascimento<\/li>\n<\/ul>\n<p style=\"text-align: center\"><b>\u00a0GRUPO DE TRABALHO EDUCA\u00c7\u00c3O E DIVERSIDADE (ALEXSARA MACIEL e ANA CRISTINA SOARES)<\/b><\/p>\n<p style=\"text-align: center\"><strong>Tarde (14h as 17h) Audit\u00f3rio da Biblioteca<\/strong><\/p>\n<p><strong>Quinta-feira, 10\/12\/2015<\/strong><\/p>\n<ul>\n<li>A literatura e feminismo: a desconstru\u00e7\u00e3o do machismo na voz<\/li>\n<\/ul>\n<ul>\n<li>De narradoras de autoria feminina na literatura brasileira &#8211; Adriana Cristina Furtado da Silva Idalino e Marcus Vin\u00edcius Souza e Souza<\/li>\n<\/ul>\n<ul>\n<li>Discutindo o combate ao machismo na educa\u00e7\u00e3o b\u00e1sica: feminismo como princ\u00edpio de igualdade &#8211; Carolina Lamazeth<\/li>\n<\/ul>\n<ul>\n<li>Encontros e desencontros: di\u00e1logos entre po\u00e9ticas art\u00edsticas, educa\u00e7\u00e3o e fic\u00e7\u00f5es femininas &#8211; Elenilda Silva Moraes<\/li>\n<\/ul>\n<p><strong>Sexta-feira, 11\/12\/2015<\/strong><\/p>\n<ul>\n<li>Um grito de liberta\u00e7\u00e3o: um estudo sobre A humaniza\u00e7\u00e3o do c\u00e3o tinhoso na literatura mo\u00e7ambicana &#8211; Danyelle Marques<\/li>\n<\/ul>\n<ul>\n<li>De canal \u00e0 portal: um estudo sobre o desenvolvimento da m\u00eddia online no dia a dia dos universit\u00e1rios de jornalismo da Est\u00e1cio de Macap\u00e1. &#8211; Aline Brito, Everton Ricardo Gadelha Chucre e Danyelle Marques Freire da Silva.<\/li>\n<\/ul>\n<ul>\n<li>Representa\u00e7\u00f5es sociais de g\u00eanero e sexualidade em livros did\u00e1ticos de ingl\u00eas e espanhol como l\u00edngua estrangeira &#8211; Ti\u00eago Ramon dos Santos Alencar<\/li>\n<\/ul>\n<p style=\"text-align: center\"><b>GRUPO DE TRABALHO G\u00caNERO E DIVERSIDADE (<b>MARINEIDE ALMEIDA E JOSINETE)\u00a0<\/b><\/b><\/p>\n<p style=\"text-align: center\"><strong>Tarde (14h as 17h) Audit\u00f3rio do DEPLA\u00a0<\/strong><\/p>\n<p><strong>Quinta-feira, 10\/12\/2015<\/strong><\/p>\n<ul>\n<li>A implementa\u00e7\u00e3o da decis\u00e3o da corte interamericana de direitos humanos no caso Atala Riffo vs Chile &#8211; Matheus Ferreira Carvalho<\/li>\n<\/ul>\n<ul>\n<li>A viol\u00eancia contra a mulher na ditadura civil-militar no Brasil: anos 60 e 70 &#8211; Leticia Loiola Campelo<\/li>\n<\/ul>\n<ul>\n<li>Arendt e Habermas e o espa\u00e7o p\u00fablico: contribui\u00e7\u00f5es ao pensamento feminista &#8211; Ana Carolina Magalh\u00e3es<\/li>\n<\/ul>\n<ul>\n<li>G\u00eanero e Criminaliza\u00e7\u00e3o: Uma an\u00e1lise do perfil das Mulheres do regime aberto domiciliar de Macap\u00e1 &#8211; Jorge Azevedo e Artur Mendes<\/li>\n<\/ul>\n<p><strong>\u00a0Sexta-feira, 11\/12\/2015<\/strong><\/p>\n<ul>\n<li>A participa\u00e7\u00e3o da mulher nos esportes no s\u00e9culo xx: derrubando preconceitos e alcan\u00e7ando vit\u00f3rias &#8211; Thais Lima Silva<\/li>\n<\/ul>\n<ul>\n<li>PROJETO C\u00cdRCULOS DE FORTALECIMENTO COM MULHERES: uma abordagem da viol\u00eancia dom\u00e9stica com o aporte das metodologias da Justi\u00e7a Restaurativa &#8211; Eliany Nazar\u00e9 Rodrigues Rodrigues, Janice Pereira Divino e Lucineide Nazar\u00e9 Lima Santos.<\/li>\n<\/ul>\n<ul>\n<li>A objetifica\u00e7\u00e3o da mulher em Gilberto Freyre &#8211; Brenda Barbosa Oliveira<\/li>\n<\/ul>\n<ul>\n<li>Os pap\u00e9is de g\u00eanero em A Hora de Estrela &#8211; Joice Cunha de Sousa, Layza Ariane Alves Bandeira, Ianca Moreira do Nascimento.<\/li>\n<\/ul>\n<p style=\"text-align: center\"><b>\u00a0GRUPO DE TRABALHO POL\u00cdTICA E DIVERSIDADE (VINICIUS\u00a0<b>FREITAS E ADRIANA TEN\u00d3RIO)<\/b><\/b><\/p>\n<p style=\"text-align: center\"><strong>Tarde (14h as 17h) Audit\u00f3rio do CEPA\u00a0<\/strong><\/p>\n<p><strong>Quinta-feira, 10\/12\/2015<\/strong><\/p>\n<ul>\n<li>Perfil dos Pol\u00edticos Cat\u00f3licos Carism\u00e1ticos &#8211; Msc. Marcos Vinicius de Freitas Reis<\/li>\n<\/ul>\n<ul>\n<li>Popula\u00e7\u00e3o LGBT e direito \u00e0 fam\u00edlia: uma an\u00e1lise das decis\u00f5es do mecanismo quase-judicial do comit\u00ea de direitos humanos da ONU &#8211; Felipe Sakai de Souza<\/li>\n<\/ul>\n<ul>\n<li>Uma arco\u00ad\u00edris em preto e branco: di\u00e1logos sobre homofobia &#8211; Lorran Lima de Almeida e Ricardo Teixeira da Silva<\/li>\n<\/ul>\n<ul>\n<li>O Campo Religioso Amapaense: Uma an\u00e1lise a partir do Censo do IBGE de 2000 e 2010 &#8211; Arielson Teixeira do Carmo<\/li>\n<\/ul>\n<p><strong>\u00a0Sexta-feira, 11\/12\/2015<\/strong><\/p>\n<ul>\n<li>A participa\u00e7\u00e3o dos carism\u00e1ticos cat\u00f3licos no cen\u00e1rio pol\u00edtico amapaense &#8211; Newrison Barbosa de Souza<\/li>\n<\/ul>\n<ul>\n<li>Homossexualidade e Direito Internacional dos Direitos Humanos: um estudo da jurisprud\u00eancia das Cortes Interamericana e Europeia de Direitos Humanos &#8211; Milena Queiroga<\/li>\n<\/ul>\n<ul>\n<li>Condicionamentos sociais e pol\u00edticos que interferem nas novas configura\u00e7\u00f5es familiares: uni\u00e3o homoafetiva uma unidade familiar? &#8211; Crisane Ramos do Carmo, Andressa Cardoso da Silva e Cleonice Soares de Barros<\/li>\n<\/ul>\n<p>&nbsp;<\/p>\n<p>&nbsp;<\/p>\n<p>&nbsp;<\/p>\n<p>CHAMADA PARA SUBMISS\u00c3O DE TRABALHOS<\/p>\n<p>Os eventos: I SEMIN\u00c1RIO DE G\u00caNERO E DIVERSIDADE NA ESCOLA; II COL\u00d3QUIO COMUNICA\u00c7\u00c3O E ARTE: POL\u00cdTICAS DO CORPO; III SIMP\u00d3SIO SOBRE G\u00caNERO E DIVERSIDADE apresentam os temas \u2013 EDUCA\u00c7\u00c3O PARA DIVERSIDADE, NOVOS MOVIMENTOS SOCIAIS E FEMINISMO. O debate se dar\u00e1 por meio de Confer\u00eancias, Mini-cursos, Mesas-redondas, comunica\u00e7\u00f5es e Mostra de filme, nos dias 09, 10 e 11 de Dezembro de 2015 na UNIFAP. O presente edital abre as inscri\u00e7\u00f5es para submiss\u00e3o de resumos expandidos de pesquisas cient\u00edficas que contemplem a tem\u00e1tica geral do evento Educa\u00e7\u00e3o para diversidade, novos movimentos sociais e feminismo. Os resumos aceitos devem ser apresentados pelo\/a autor\/a entre os dias 10 e 11 de dezembro de 2015 na sala do bloco C da UNIFAP, das 14h00min. \u00e0s 17h00min.<\/p>\n<p>As normas a seguir apresentam instru\u00e7\u00f5es a todos os interessados em inscrever seus trabalhos cient\u00edficos no evento.<\/p>\n<p>&nbsp;<\/p>\n<p><a href=\"http:\/\/www2.unifap.br\/generodiversidade\/files\/2015\/10\/Edital-Submiss\u00e3o-de-Resumos-Simp\u00f3sio-e-Col\u00f3quio-1.pdf\">Edital Submiss\u00e3o de Resumos Simp\u00f3sio e Col\u00f3quio (1)<\/a><\/p>\n","protected":false},"excerpt":{"rendered":"<p>TRABALHOS APROVADOS\u00a0 \u00a0GRUPO DE TRABALHO POL\u00cdTICAS DO CORPO (LYLIAN RODRIGUES E FABIO RAMALHO)\u00a0 Tarde (14h as 17h) Audit\u00f3rio 2 do DPQ Quinta-feira, 10\/12\/2015 Trangress\u00f5es, puni\u00e7\u00f5es e absolvi\u00e7\u00f5es: as marcas da viol\u00eancia psicol\u00f3gica contra a mulher nas desmedidas dos padr\u00f5es de&hellip; <\/p>\n<p><a href=\"http:\/\/www2.unifap.br\/generodiversidade\/submissao-de-trabalhos-2\/\" class=\"readmore-button\">Continue Reading<\/a><\/p>\n","protected":false},"author":572,"featured_media":0,"parent":0,"menu_order":2,"comment_status":"open","ping_status":"open","template":"","meta":{"inline_featured_image":false,"ngg_post_thumbnail":0,"footnotes":""},"class_list":["post-175","page","type-page","status-publish","hentry"],"_links":{"self":[{"href":"http:\/\/www2.unifap.br\/generodiversidade\/wp-json\/wp\/v2\/pages\/175","targetHints":{"allow":["GET"]}}],"collection":[{"href":"http:\/\/www2.unifap.br\/generodiversidade\/wp-json\/wp\/v2\/pages"}],"about":[{"href":"http:\/\/www2.unifap.br\/generodiversidade\/wp-json\/wp\/v2\/types\/page"}],"author":[{"embeddable":true,"href":"http:\/\/www2.unifap.br\/generodiversidade\/wp-json\/wp\/v2\/users\/572"}],"replies":[{"embeddable":true,"href":"http:\/\/www2.unifap.br\/generodiversidade\/wp-json\/wp\/v2\/comments?post=175"}],"version-history":[{"count":8,"href":"http:\/\/www2.unifap.br\/generodiversidade\/wp-json\/wp\/v2\/pages\/175\/revisions"}],"predecessor-version":[{"id":249,"href":"http:\/\/www2.unifap.br\/generodiversidade\/wp-json\/wp\/v2\/pages\/175\/revisions\/249"}],"wp:attachment":[{"href":"http:\/\/www2.unifap.br\/generodiversidade\/wp-json\/wp\/v2\/media?parent=175"}],"curies":[{"name":"wp","href":"https:\/\/api.w.org\/{rel}","templated":true}]}}