{"id":215,"date":"2015-11-12T01:21:57","date_gmt":"2015-11-12T01:21:57","guid":{"rendered":"http:\/\/www2.unifap.br\/generodiversidade\/?page_id=215"},"modified":"2015-11-12T01:23:53","modified_gmt":"2015-11-12T01:23:53","slug":"convidados-e-palestrantes","status":"publish","type":"page","link":"http:\/\/www2.unifap.br\/generodiversidade\/convidados-e-palestrantes\/","title":{"rendered":"Convidados e Palestrantes"},"content":{"rendered":"<div><b>Eliani Superti<\/b><\/div>\n<div><\/div>\n<div><a href=\"http:\/\/3.bp.blogspot.com\/-zXcfV5yssbU\/VjDkNFZbh8I\/AAAAAAAAAjo\/56czKOmTEmE\/s1600\/superti.jpg\"><img decoding=\"async\" alt=\"\" src=\"http:\/\/3.bp.blogspot.com\/-zXcfV5yssbU\/VjDkNFZbh8I\/AAAAAAAAAjo\/56czKOmTEmE\/s1600\/superti.jpg\" border=\"0\" \/><\/a><\/div>\n<div>Possui gradua\u00e7\u00e3o em Ci\u00eancias Sociais pela Universidade Estadual Paulista J\u00falio de Mesquita Filho (1995), mestrado (1998) e doutorado (2004) em Ci\u00eancias Sociais pela Universidade Federal de S\u00e3o Carlos, realizou est\u00e1gio de p\u00f3s-doutorado em Ci\u00eancia Pol\u00edtica na Universidade Federal Fluminense (2011). Atualmente \u00e9 reitora da Universidade Federal do Amap\u00e1, pesquisadora do Observat\u00f3rio das Fronteiras do Plat\u00f4 das Guianas (OBFRON) e avaliadora de cursos de gradua\u00e7\u00e3o do banco BASIS\/MEC. Tem experi\u00eancia na \u00e1rea de Sociologia e Ci\u00eancia Pol\u00edtica, atuando principalmente nos seguintes temas: Pol\u00edticas P\u00fablicas, Fronteiras Internacionais, Direitos Sociais, Cidadania, Participa\u00e7\u00e3o Politica e Meio Ambiente. Possui experi\u00eancia no magist\u00e9rio superior, na p\u00f3s-gradua\u00e7\u00e3o e na \u00e1rea de administra\u00e7\u00e3o de IES.<\/div>\n<div><\/div>\n<div><a href=\"http:\/\/buscatextual.cnpq.br\/buscatextual\/visualizacv.do?id=K4795554Z9\">Curr\u00edculo Lattes<\/a><\/div>\n<div><\/div>\n<div><\/div>\n<div><b>Ana Cristina Soares (Coordenadora de R.I)<\/b><\/div>\n<div><\/div>\n<div>\n<div><a href=\"http:\/\/4.bp.blogspot.com\/-cdxXR2HbMk4\/VjFt2mjFN_I\/AAAAAAAAAlo\/8fQK7sKt1O4\/s1600\/ana%2Bsoares.jpg\"><img decoding=\"async\" alt=\"\" src=\"http:\/\/4.bp.blogspot.com\/-cdxXR2HbMk4\/VjFt2mjFN_I\/AAAAAAAAAlo\/8fQK7sKt1O4\/s1600\/ana%2Bsoares.jpg\" border=\"0\" \/><\/a><\/div>\n<p>Possui gradua\u00e7\u00e3o em Ci\u00eancias Sociais Licenciatura pela Universidade Federal do Par\u00e1 (2001), gradua\u00e7\u00e3o em\u00a0Ci\u00eancias Sociais\u00a0Bacherelado pela Universidade Federal do\u00a0Par\u00e1 (2001), Mestrado em Sociologia Geral pela Universidade Federal do Par\u00e1 (2004) e Doutorado em Ci\u00eancias Sociais pela Universidade Federal do Par\u00e1 (2013). Atualmente \u00e9 professora Adjunto e coordenadora do Curso de Rela\u00e7\u00f5es Internacionais da Universidade Federal do Amap\u00e1. Experi\u00eancia na \u00e1rea de Ci\u00eancia Pol\u00edtica, com \u00eanfase em Participa\u00e7\u00e3o Pol\u00edtica, atuando principalmente nos seguintes temas: Teoria democr\u00e1tica, participa\u00e7\u00e3o pol\u00edtica, cidadania, rela\u00e7\u00f5es de g\u00eanero e movimentos sociais.<\/p>\n<\/div>\n<div><\/div>\n<div><a href=\"http:\/\/buscatextual.cnpq.br\/buscatextual\/visualizacv.do?id=K4770779D1\">Curr\u00edculo Lattes<\/a><\/div>\n<div><\/div>\n<div><\/div>\n<div><b>Francisca Oliveira<\/b><\/div>\n<div><\/div>\n<div>\n<div><a href=\"http:\/\/4.bp.blogspot.com\/-IPrlhEY6jxA\/VkDe2lXRuuI\/AAAAAAAAAm4\/fJEmydAHqIU\/s1600\/12231172_1266036193412188_274140918_n.jpg\"><img decoding=\"async\" alt=\"\" src=\"http:\/\/4.bp.blogspot.com\/-IPrlhEY6jxA\/VkDe2lXRuuI\/AAAAAAAAAm4\/fJEmydAHqIU\/s1600\/12231172_1266036193412188_274140918_n.jpg\" border=\"0\" \/><\/a><\/div>\n<p>Possui gradua\u00e7\u00e3o em Bacharel Em Ci\u00eancias Sociais pela Universidade Federal do Rio Grande do Norte (2000), gradua\u00e7\u00e3o em Bacharel e Licenciado Em Ci\u00eancias Sociais pela Universidade Federal do Rio Grande do Norte (2001), mestrado em Ci\u00eancias Sociais pela Universidade Federal do Rio Grande do Norte (2004) e doutorado em Ci\u00eancias Sociais pela Universidade Federal de Campina Grande (2013). Atualmente \u00e9 prof\u00aa Dr\u00aa adjunta I da Universidade Federal do Amap\u00e1 e L\u00edder do grupo anti-homofobia da universidade. Tem experi\u00eancia na \u00e1rea de Sociologia, com \u00eanfase em Filosofia; Antropologia, Ci\u00eancia Pol\u00edtica atuando principalmente nos estudos de g\u00eanero e diversidade; identidade; pol\u00edticas p\u00fablicas LGBT; Direitos Humanos; Pol\u00edticas de reconhecimento; Governamentalidade entre outros.<\/p>\n<\/div>\n<div><\/div>\n<div><a href=\"http:\/\/buscatextual.cnpq.br\/buscatextual\/visualizacv.do?id=K4778684D6\">Curr\u00edculo Lattes<\/a><\/div>\n<div>\n<p><b>M\u00e1rcia Larangeira<\/b><\/p>\n<\/div>\n<div>\n<div><a href=\"http:\/\/4.bp.blogspot.com\/-WWofNneYDwk\/VjOS62-RvwI\/AAAAAAAAAl4\/uyNyW5Yi2sM\/s1600\/Marcia%2BLaranjeira.jpg\"><img decoding=\"async\" alt=\"\" src=\"http:\/\/4.bp.blogspot.com\/-WWofNneYDwk\/VjOS62-RvwI\/AAAAAAAAAl4\/uyNyW5Yi2sM\/s1600\/Marcia%2BLaranjeira.jpg\" border=\"0\" \/><\/a><\/div>\n<div>Mestra em Comunica\u00e7\u00e3o pelo Programa de P\u00f3s-Gradua\u00e7\u00e3o em Comunica\u00e7\u00e3o Social da Universidade Federal de Pernambuco(PPGCOM\/UFPE). Graduada em jornalismo pela Universidade Federal Fluminense (UFF). Integrou a equipe do SOS Corpo &#8211; Instituto Feminista para a Democracia, por 18 anos, onde atuou como jornalista, educadora popular e assessora em desenvolvimento institucional. Foi membro da Coordena\u00e7\u00e3o Colegiada da institui\u00e7\u00e3o no per\u00edodo de 1996 a 2006, onde atuou como Coordenadora de Comunica\u00e7\u00e3o. Tem experi\u00eancia em g\u00eanero, feminismo, desenvolvimento institucional, movimentos sociais, redes sociais, comunica\u00e7\u00e3o, pesquisa e desenvolvimento. Atua como consultora aut\u00f4noma e sua produ\u00e7\u00e3o atual se concentra em pesquisa e na \u00e1rea editorial. A trajet\u00f3ria profissional inclui trabalhos com teatro, televis\u00e3o, v\u00eddeo, cinema.<\/div>\n<p><b>Ruth Almeida<\/b><\/p>\n<\/div>\n<div><\/div>\n<div><a href=\"http:\/\/2.bp.blogspot.com\/-Jqrf6VZFRiw\/VkDY4Sis2eI\/AAAAAAAAAmo\/rZPHe55_KGc\/s1600\/servletrecuperafoto.gif\"><img decoding=\"async\" alt=\"\" src=\"http:\/\/2.bp.blogspot.com\/-Jqrf6VZFRiw\/VkDY4Sis2eI\/AAAAAAAAAmo\/rZPHe55_KGc\/s1600\/servletrecuperafoto.gif\" border=\"0\" \/><\/a><\/p>\n<div>Bacharel e Licenciada em Ci\u00eancias Sociais pela Universidade Federal do Par\u00e1 &#8211; UFPA (2002), Mestre em Sociologia Geral pela UFPA (2005) e Doutora em Ci\u00eancias Agr\u00e1rias pela Universidade Federal Rural da Amaz\u00f4nia &#8211; UFRA (2013). Atualmente \u00e9 professora da UFRA ministrando a disciplina Sociologia Rural e Agricultura Familiar nos cursos de Agronomia, Engenharia Florestal, Engenharia de Pesca, Medicina Veterin\u00e1ria e Zootecnia. Possui experi\u00eancia nas \u00e1rea de Sociologia, com \u00eanfase em quest\u00f5es socioambientais, atuando principalmente nos seguintes temas: rela\u00e7\u00f5es de g\u00eanero, agricultura familiar, rela\u00e7\u00e3o empresas e comunidades, mapeamento participativo de recursos naturais, unidades de conserva\u00e7\u00e3o e conflitos sociais.<\/div>\n<\/div>\n<div><b><br \/>\n<\/b><a href=\"http:\/\/buscatextual.cnpq.br\/buscatextual\/visualizacv.do?id=K4762544Z4\" target=\"_blank\">Curr\u00edculo Lattes<\/a><br \/>\n<b><br \/>\n<\/b><\/div>\n<div><b>F\u00e1bio Ramalho<\/b><\/div>\n<div><\/div>\n<div>\n<div><a href=\"http:\/\/1.bp.blogspot.com\/-6PTXPdjeSHU\/VjD8Q9mnQTI\/AAAAAAAAAj8\/S6sZta9ZCVw\/s1600\/f%25C3%25A1bio.gif\"><img decoding=\"async\" alt=\"\" src=\"http:\/\/1.bp.blogspot.com\/-6PTXPdjeSHU\/VjD8Q9mnQTI\/AAAAAAAAAj8\/S6sZta9ZCVw\/s1600\/f%25C3%25A1bio.gif\" border=\"0\" \/><\/a><\/div>\n<p>Professor adjunto da Universidade Federal da Integra\u00e7\u00e3o Latino-Americana &#8211; UNILA. Doutor em Comunica\u00e7\u00e3o (2014) pela Universidade Federal de Pernambuco, vinculado \u00e0 linha de pesquisa em Est\u00e9ticas e Culturas da Imagem e do Som. Pesquisou em sua tese a apropria\u00e7\u00e3o e o deslocamento de repert\u00f3rios audiovisuais como modos de engajamento afetivo. Realizou est\u00e1gio de doutoramento (bolsa sandu\u00edche) na McGill University, Montr\u00e9al, Canad\u00e1. Mestre em Comunica\u00e7\u00e3o pela UFPE (2009), com disserta\u00e7\u00e3o sobre cinema latino-americano contempor\u00e2neo. Especialista em Jornalismo Cultural pela UNICAP (2006) e graduado em Ci\u00eancias da Administra\u00e7\u00e3o pela FCAP-UPE (2004). Ensa\u00edsta premiado no II Concurso de Ensaios M\u00e1rio Pedrosa sobre Arte e Cultura Contempor\u00e2nea. Membro do coletivo pernambucano de realiza\u00e7\u00e3o audiovisual Surto &amp; Deslumbramento.<\/p>\n<\/div>\n<div><\/div>\n<div><a href=\"http:\/\/buscatextual.cnpq.br\/buscatextual\/visualizacv.do?id=K4234466J6\">Curr\u00edculo Lattes<\/a><\/div>\n<div><\/div>\n<div><\/div>\n<div><b>Alzira Nogueira<\/b><\/div>\n<div><\/div>\n<div>\n<div><a href=\"http:\/\/2.bp.blogspot.com\/--8-mGfwVtCo\/VjENIix_AxI\/AAAAAAAAAlE\/AkT5GAxhtaE\/s1600\/alzira.jpg\"><img decoding=\"async\" alt=\"\" src=\"http:\/\/2.bp.blogspot.com\/--8-mGfwVtCo\/VjENIix_AxI\/AAAAAAAAAlE\/AkT5GAxhtaE\/s1600\/alzira.jpg\" border=\"0\" \/><\/a><\/div>\n<p>Graduada em Servi\u00e7o Social pela Universidade Estadual do Cear\u00e1 (1998) com mestrado em Sociologia pela Universidade Federal do Cear\u00e1 (2005). Atualmente, \u00e9 assistente social do Governo do Estado do Amap\u00e1 e professora da Faculdade Seama e da Faculdade do Amap\u00e1 &#8211; FAMAP.<\/p>\n<\/div>\n<div><\/div>\n<div><a href=\"http:\/\/buscatextual.cnpq.br\/buscatextual\/visualizacv.do?id=K4252202Y0\">Curr\u00edculo Lattes<\/a><\/div>\n<div><\/div>\n<div><\/div>\n<div><b>Lylian Rodrigues<\/b><\/div>\n<div><b>\u00a0<\/b><\/div>\n<div>\n<div><a href=\"http:\/\/1.bp.blogspot.com\/-RKnmqjeTg9Y\/VjEFMTwlDRI\/AAAAAAAAAkk\/pKRUH9mVa7A\/s1600\/lylian.jpg\"><img decoding=\"async\" alt=\"\" src=\"http:\/\/1.bp.blogspot.com\/-RKnmqjeTg9Y\/VjEFMTwlDRI\/AAAAAAAAAkk\/pKRUH9mVa7A\/s1600\/lylian.jpg\" border=\"0\" \/><\/a><\/div>\n<p>Docente do curso de Jornalismo da Universidade Federal do Amap\u00e1 (UNIFAP). Doutora em Comunica\u00e7\u00e3o pela Universidade Federal de Pernambuco (UFPE\/2013). Mestre em Ci\u00eancias da Comunica\u00e7\u00e3o pela Universidade do Vale do Rio dos Sinos (UNISINOS\/2007). Jornalista pela Universidade Federal do Par\u00e1 (UFPA\/2004). Integrante do Grupo de Pesquisa Comunica\u00e7\u00e3o, Cultura e Pol\u00edtica (UNIFAP\/CNPq). Coordenadora do evento Pol\u00edticas do Corpo (UNIFAP\/2014). Professora de Comunica\u00e7\u00e3o Comunit\u00e1ria e Comunica\u00e7\u00e3o Pol\u00edtica.<\/p>\n<\/div>\n<div><\/div>\n<div><a href=\"http:\/\/buscatextual.cnpq.br\/buscatextual\/visualizacv.do?id=K4227905U5\">Curr\u00edculo Lattes<\/a><\/div>\n<div><\/div>\n<div><\/div>\n<div><b>Eden Peretta<\/b><\/div>\n<div><\/div>\n<div>\n<div><a href=\"http:\/\/3.bp.blogspot.com\/-qFPX3sCVRqw\/VjD8w1MIk1I\/AAAAAAAAAkU\/5IpyMeEq6dE\/s1600\/%25C3%25A9den.gif\"><img decoding=\"async\" alt=\"\" src=\"http:\/\/3.bp.blogspot.com\/-qFPX3sCVRqw\/VjD8w1MIk1I\/AAAAAAAAAkU\/5IpyMeEq6dE\/s1600\/%25C3%25A9den.gif\" border=\"0\" \/><\/a><\/div>\n<p>Professor Adjunto II do Departamento de Artes C\u00eanicas (DEART) da Universidade Federal de Ouro Preto (UFOP). Doutor em Studi Teatrali e Cinematografici junto ao Dipartimento di Musica e Spettacolo da Universit\u00e0 di Bologna, na It\u00e1lia (2010). Colaborou como arte-educador em institui\u00e7\u00f5es do terceiro setor, prefeituras e universidades oferecendo cursos e projetos na \u00e1rea de Artes C\u00eanicas, Educa\u00e7\u00e3o e Ecologia. Durante a sua estadia na Europa e no Jap\u00e3o, al\u00e9m de realizar algumas publica\u00e7\u00f5es e de apresentar obras art\u00edsticas, acompanhou o trabalho de importantes mestres da dan\u00e7a moderna e contempor\u00e2nea, concentrando-se principalmente no universo da dan\u00e7a But\u00f4, argumento central de sua tese de doutorado, a qual foi publicada em formato de livro pela editora Perspectiva sob o t\u00edtulo &#8220;O soldado nu: ra\u00edzes da dan\u00e7a but\u00f4&#8221; (2015). Atualmente \u00e9 coordenador do grupo de pesquisa (CNPq) H\u00cdBRIDA &#8211; po\u00e9ticas h\u00edbridas da cena contempor\u00e2nea e do coletivo Anticorpos &#8211; investiga\u00e7\u00f5es em dan\u00e7a, assim como \u00e9 colaborador do MediaLab Caixa Preta (UFOP) &#8211; laborat\u00f3rio de intera\u00e7\u00e3o entre o ator e as novas tecnologias. Pesquisa principalmente os campos do teatro-dan\u00e7a, da prepara\u00e7\u00e3o corporal do ator, bem como os estudos sobre o corpo a partir das Ci\u00eancias Humanas.<\/p>\n<\/div>\n<div><\/div>\n<div><a href=\"http:\/\/buscatextual.cnpq.br\/buscatextual\/visualizacv.do?id=K4751343Y4\">Curr\u00edculo Lattes<\/a><\/div>\n<div><\/div>\n<div><\/div>\n<div><b>Alexsara Maciel<\/b><\/div>\n<div><\/div>\n<div>\n<div><a href=\"http:\/\/4.bp.blogspot.com\/-l1dw0qir11c\/VjENIhaGf7I\/AAAAAAAAAlI\/ZNgMVgwveQw\/s1600\/alexsara.jpg\"><img decoding=\"async\" alt=\"\" src=\"http:\/\/4.bp.blogspot.com\/-l1dw0qir11c\/VjENIhaGf7I\/AAAAAAAAAlI\/ZNgMVgwveQw\/s1600\/alexsara.jpg\" border=\"0\" \/><\/a><\/div>\n<p>Possui gradua\u00e7\u00e3o em Bacharelado em Ci\u00eancias Sociais pela Universidade da Amaz\u00f4nia (1991) e mestrado em Hist\u00f3ria pela Universidade Estadual de Campinas (2001). Atualmente \u00e9 professor assistente iii da Universidade Federal do Amap\u00e1. Tem experi\u00eancia na \u00e1rea de Sociologia, com \u00eanfase em Sociologia, atuando principalmente nos seguintes temas: racismo e movimento de mulheres negras.<\/p>\n<\/div>\n<div><\/div>\n<div><a href=\"http:\/\/buscatextual.cnpq.br\/buscatextual\/visualizacv.do?id=K4775584T3\">Curr\u00edculo Lattes<\/a><\/div>\n<div><\/div>\n<div><\/div>\n<div><b>Isadora Canto<\/b><\/div>\n<div><\/div>\n<div>\n<div><a href=\"http:\/\/4.bp.blogspot.com\/-SXYoeBJSxkc\/VjEK9UqLQJI\/AAAAAAAAAk0\/xBDbBejDSIA\/s1600\/isadora.jpg\"><img decoding=\"async\" alt=\"\" src=\"http:\/\/4.bp.blogspot.com\/-SXYoeBJSxkc\/VjEK9UqLQJI\/AAAAAAAAAk0\/xBDbBejDSIA\/s1600\/isadora.jpg\" border=\"0\" \/><\/a><\/div>\n<p>Graduada em psicologia pelo Instituto Macapaense do Ensino Superior &#8211; IMMES 2010, atuo como psic\u00f3loga Cl\u00ednica no Nu\u00facleo de Apoio a Sa\u00fade da Fam\u00edlia &#8211; NASF, atuo como psic\u00f3loga na Federa\u00e7\u00e3o Amapaense de L\u00e9sbicas, gays, bissexuais, travestis e transexuais, atuo com palestras e acolhimento.<\/p>\n<\/div>\n<div><\/div>\n<div><a href=\"http:\/\/buscatextual.cnpq.br\/buscatextual\/visualizacv.do?id=K4388048A6\">Curr\u00edculo Lattes<\/a><\/p>\n<div>\n<div><b>Emerson Silveira<\/b><\/div>\n<div><\/div>\n<div>\n<div><a href=\"http:\/\/4.bp.blogspot.com\/-SkQhZqqRjX4\/VjD8ZFOfl7I\/AAAAAAAAAkE\/7KCj6fa9Jhs\/s1600\/emerson.gif\"><img decoding=\"async\" alt=\"\" src=\"http:\/\/4.bp.blogspot.com\/-SkQhZqqRjX4\/VjD8ZFOfl7I\/AAAAAAAAAkE\/7KCj6fa9Jhs\/s1600\/emerson.gif\" border=\"0\" \/><\/a><\/div>\n<p>Tem doutorado em Ci\u00eancia da Religi\u00e3o e gradua\u00e7\u00e3o em Ci\u00eancias Sociais (\u00eanfase em Antropologia), ambos pela Universidade Federal de Juiz de Fora (UFJF). \u00c9 professor adjunto do Departamento de Ci\u00eancia da Religi\u00e3o (DCRE) \u2013 UFJF, leciona e \u00e9 coordenador no Programa de P\u00f3s-Gradua\u00e7\u00e3o em Ci\u00eancia da Religi\u00e3o (PPCIR &#8211; UFJF). Atualmente desenvolve pesquisas em duas linhas: Cat\u00f3licos\/evang\u00e9licos e suas mem\u00f3rias, tradi\u00e7\u00f5es e estilos (espa\u00e7o p\u00fablico, g\u00eanero, redes sociais) e Terapias complementares\/integrativas e as cosmovis\u00f5es e rituais religiosos (cat\u00f3licos, afro-brasileiros e outros).<\/p>\n<\/div>\n<div><\/div>\n<p><a href=\"http:\/\/buscatextual.cnpq.br\/buscatextual\/visualizacv.do?id=K4709229U4\">Curr\u00edculo Lattes<\/a><br \/>\n<b><br \/>\n<\/b><br \/>\n<b>Zeca Nos\u00e9<\/b><\/p>\n<\/div>\n<div><\/div>\n<div>Possui gradua\u00e7\u00e3o em Ed. Artistica &#8211; Lic. Plena &#8211; Hab. Artes C\u00eanicas pela FACULDADE PAULISTA DA ARTES (2009) e Mestrado pela Universidade do Estado de Santa Catarina, atua como diretor teatral e ativista cultural.<\/div>\n<div><\/div>\n<div><a href=\"http:\/\/buscatextual.cnpq.br\/buscatextual\/visualizacv.do?id=K4495019J6\">Curr\u00edculo Lattes<\/a><\/div>\n<div><b>Marcus Andre de Souza<\/b><\/div>\n<div><\/div>\n<div>Mestre e Doutor em Antropologia Social pelo Programa de P\u00f3s-Gradua\u00e7\u00e3o em Antropologia Social da UnB (PPGAS\/DAN\/UnB). Pesquisador colaborador do PPGAS\/DAN\/UnB, pesquisador vinculado ao Instituto de Estudos Comparados de Administra\u00e7\u00e3o Institucional de Conflitos (INCT-InEAC\/UFF) e membro do Laborat\u00f3rio de Pesquisa Cidadania, Administra\u00e7\u00e3o de Conflitos e Justi\u00e7a, do departamento de antropologia da UnB (CAJU\/DAN\/UnB). P\u00f3s-Doutorado (2013-2014) na mesma institui\u00e7\u00e3o onde obtive meu t\u00edtulo de doutor. Desde maio de 2013 estou vinculado ao curso de Ci\u00eancias Sociais da UNIFAP, onde ministra aulas e realiza pesquisas na \u00e1rea da antropologia do direito e do conflito.<\/div>\n<div><\/div>\n<div><a href=\"http:\/\/buscatextual.cnpq.br\/buscatextual\/visualizacv.do?id=K4779082H8\">Curr\u00edculo Lattes<\/a><\/div>\n<\/div>\n","protected":false},"excerpt":{"rendered":"<p>Eliani Superti Possui gradua\u00e7\u00e3o em Ci\u00eancias Sociais pela Universidade Estadual Paulista J\u00falio de Mesquita Filho (1995), mestrado (1998) e doutorado (2004) em Ci\u00eancias Sociais pela Universidade Federal de S\u00e3o Carlos, realizou est\u00e1gio de p\u00f3s-doutorado em Ci\u00eancia Pol\u00edtica na Universidade Federal&hellip; <\/p>\n<p><a href=\"http:\/\/www2.unifap.br\/generodiversidade\/convidados-e-palestrantes\/\" class=\"readmore-button\">Continue Reading<\/a><\/p>\n","protected":false},"author":572,"featured_media":0,"parent":0,"menu_order":5,"comment_status":"open","ping_status":"open","template":"","meta":{"inline_featured_image":false,"ngg_post_thumbnail":0,"footnotes":""},"class_list":["post-215","page","type-page","status-publish","hentry"],"_links":{"self":[{"href":"http:\/\/www2.unifap.br\/generodiversidade\/wp-json\/wp\/v2\/pages\/215","targetHints":{"allow":["GET"]}}],"collection":[{"href":"http:\/\/www2.unifap.br\/generodiversidade\/wp-json\/wp\/v2\/pages"}],"about":[{"href":"http:\/\/www2.unifap.br\/generodiversidade\/wp-json\/wp\/v2\/types\/page"}],"author":[{"embeddable":true,"href":"http:\/\/www2.unifap.br\/generodiversidade\/wp-json\/wp\/v2\/users\/572"}],"replies":[{"embeddable":true,"href":"http:\/\/www2.unifap.br\/generodiversidade\/wp-json\/wp\/v2\/comments?post=215"}],"version-history":[{"count":2,"href":"http:\/\/www2.unifap.br\/generodiversidade\/wp-json\/wp\/v2\/pages\/215\/revisions"}],"predecessor-version":[{"id":217,"href":"http:\/\/www2.unifap.br\/generodiversidade\/wp-json\/wp\/v2\/pages\/215\/revisions\/217"}],"wp:attachment":[{"href":"http:\/\/www2.unifap.br\/generodiversidade\/wp-json\/wp\/v2\/media?parent=215"}],"curies":[{"name":"wp","href":"https:\/\/api.w.org\/{rel}","templated":true}]}}