{"id":10,"date":"2015-09-25T18:47:03","date_gmt":"2015-09-25T18:47:03","guid":{"rendered":"http:\/\/www2.unifap.br\/graapa\/?page_id=10"},"modified":"2016-06-29T00:20:39","modified_gmt":"2016-06-29T00:20:39","slug":"agenda-cultural-cinematografica","status":"publish","type":"page","link":"http:\/\/www2.unifap.br\/graapa\/agenda-cultural-cinematografica\/","title":{"rendered":"Agenda 2016"},"content":{"rendered":"<p>Nossa agenda cinematogr\u00e1fica est\u00e1 em manuten\u00e7\u00e3o.<\/p>\n<p>Logo, logo postaremos data de novos encontros!<\/p>\n","protected":false},"excerpt":{"rendered":"<p>Nossa agenda cinematogr\u00e1fica est\u00e1 em manuten\u00e7\u00e3o. Logo, logo postaremos data de novos encontros!<\/p>\n","protected":false},"author":604,"featured_media":0,"parent":0,"menu_order":2,"comment_status":"open","ping_status":"open","template":"","meta":{"inline_featured_image":false,"ngg_post_thumbnail":0,"footnotes":""},"class_list":["post-10","page","type-page","status-publish","hentry"],"_links":{"self":[{"href":"http:\/\/www2.unifap.br\/graapa\/wp-json\/wp\/v2\/pages\/10","targetHints":{"allow":["GET"]}}],"collection":[{"href":"http:\/\/www2.unifap.br\/graapa\/wp-json\/wp\/v2\/pages"}],"about":[{"href":"http:\/\/www2.unifap.br\/graapa\/wp-json\/wp\/v2\/types\/page"}],"author":[{"embeddable":true,"href":"http:\/\/www2.unifap.br\/graapa\/wp-json\/wp\/v2\/users\/604"}],"replies":[{"embeddable":true,"href":"http:\/\/www2.unifap.br\/graapa\/wp-json\/wp\/v2\/comments?post=10"}],"version-history":[{"count":4,"href":"http:\/\/www2.unifap.br\/graapa\/wp-json\/wp\/v2\/pages\/10\/revisions"}],"predecessor-version":[{"id":107,"href":"http:\/\/www2.unifap.br\/graapa\/wp-json\/wp\/v2\/pages\/10\/revisions\/107"}],"wp:attachment":[{"href":"http:\/\/www2.unifap.br\/graapa\/wp-json\/wp\/v2\/media?parent=10"}],"curies":[{"name":"wp","href":"https:\/\/api.w.org\/{rel}","templated":true}]}}