{"id":21,"date":"2016-04-12T19:53:39","date_gmt":"2016-04-12T19:53:39","guid":{"rendered":"http:\/\/www2.unifap.br\/graapa\/?page_id=21"},"modified":"2016-06-29T00:18:23","modified_gmt":"2016-06-29T00:18:23","slug":"galeria-de-imagens","status":"publish","type":"page","link":"http:\/\/www2.unifap.br\/graapa\/galeria-de-imagens\/","title":{"rendered":"Galeria"},"content":{"rendered":"<p><span style=\"color: #000000\"><strong>Document\u00e1rio &#8220;Paisagens Afetivas Amapaenses&#8221;, gravado no Dia dos Namorados<\/strong><\/span><\/p>\n<p><a href=\"http:\/\/www2.unifap.br\/graapa\/files\/2016\/04\/Document\u00e1rio-Dia-dos-Namorados-070.jpg\"><img fetchpriority=\"high\" decoding=\"async\" class=\"alignnone size-medium wp-image-25\" alt=\"Document\u00e1rio Dia dos Namorados 070\" src=\"http:\/\/www2.unifap.br\/graapa\/files\/2016\/04\/Document\u00e1rio-Dia-dos-Namorados-070-300x200.jpg\" width=\"300\" height=\"200\" srcset=\"http:\/\/www2.unifap.br\/graapa\/files\/2016\/04\/Document\u00e1rio-Dia-dos-Namorados-070-300x200.jpg 300w, http:\/\/www2.unifap.br\/graapa\/files\/2016\/04\/Document\u00e1rio-Dia-dos-Namorados-070-1024x682.jpg 1024w\" sizes=\"(max-width: 300px) 100vw, 300px\" \/><\/a><a href=\"http:\/\/www2.unifap.br\/graapa\/files\/2016\/04\/Document\u00e1rio-Dia-dos-Namorados-110.jpg\"><img decoding=\"async\" class=\"alignnone size-medium wp-image-26\" alt=\"Document\u00e1rio Dia dos Namorados 110\" src=\"http:\/\/www2.unifap.br\/graapa\/files\/2016\/04\/Document\u00e1rio-Dia-dos-Namorados-110-300x200.jpg\" width=\"300\" height=\"200\" srcset=\"http:\/\/www2.unifap.br\/graapa\/files\/2016\/04\/Document\u00e1rio-Dia-dos-Namorados-110-300x200.jpg 300w, http:\/\/www2.unifap.br\/graapa\/files\/2016\/04\/Document\u00e1rio-Dia-dos-Namorados-110-1024x682.jpg 1024w\" sizes=\"(max-width: 300px) 100vw, 300px\" \/><\/a> <a href=\"http:\/\/www2.unifap.br\/graapa\/files\/2016\/04\/DSC_0084.jpg\"><img decoding=\"async\" class=\"alignnone size-medium wp-image-27\" alt=\"DSC_0084\" src=\"http:\/\/www2.unifap.br\/graapa\/files\/2016\/04\/DSC_0084-300x200.jpg\" width=\"300\" height=\"200\" srcset=\"http:\/\/www2.unifap.br\/graapa\/files\/2016\/04\/DSC_0084-300x200.jpg 300w, http:\/\/www2.unifap.br\/graapa\/files\/2016\/04\/DSC_0084-1024x682.jpg 1024w\" sizes=\"(max-width: 300px) 100vw, 300px\" \/><\/a><a href=\"http:\/\/www2.unifap.br\/graapa\/files\/2016\/04\/DSC_1867.jpg\"><img loading=\"lazy\" decoding=\"async\" class=\"alignnone size-medium wp-image-28\" alt=\"DSC_1867\" src=\"http:\/\/www2.unifap.br\/graapa\/files\/2016\/04\/DSC_1867-300x200.jpg\" width=\"300\" height=\"200\" srcset=\"http:\/\/www2.unifap.br\/graapa\/files\/2016\/04\/DSC_1867-300x200.jpg 300w, http:\/\/www2.unifap.br\/graapa\/files\/2016\/04\/DSC_1867-1024x682.jpg 1024w\" sizes=\"(max-width: 300px) 100vw, 300px\" \/><\/a> <a href=\"http:\/\/www2.unifap.br\/graapa\/files\/2016\/04\/DSC_1908.jpg\"><img loading=\"lazy\" decoding=\"async\" class=\"alignnone size-medium wp-image-29\" alt=\"DSC_1908\" src=\"http:\/\/www2.unifap.br\/graapa\/files\/2016\/04\/DSC_1908-300x200.jpg\" width=\"300\" height=\"200\" srcset=\"http:\/\/www2.unifap.br\/graapa\/files\/2016\/04\/DSC_1908-300x200.jpg 300w, http:\/\/www2.unifap.br\/graapa\/files\/2016\/04\/DSC_1908-1024x682.jpg 1024w\" sizes=\"(max-width: 300px) 100vw, 300px\" \/><\/a><a href=\"http:\/\/www2.unifap.br\/graapa\/files\/2016\/04\/Document\u00e1rio-Dia-dos-Namorados-042.jpg\"><img loading=\"lazy\" decoding=\"async\" class=\"alignnone size-medium wp-image-39\" alt=\"Document\u00e1rio Dia dos Namorados 042\" src=\"http:\/\/www2.unifap.br\/graapa\/files\/2016\/04\/Document\u00e1rio-Dia-dos-Namorados-042-300x200.jpg\" width=\"300\" height=\"200\" srcset=\"http:\/\/www2.unifap.br\/graapa\/files\/2016\/04\/Document\u00e1rio-Dia-dos-Namorados-042-300x200.jpg 300w, http:\/\/www2.unifap.br\/graapa\/files\/2016\/04\/Document\u00e1rio-Dia-dos-Namorados-042-1024x682.jpg 1024w\" sizes=\"(max-width: 300px) 100vw, 300px\" \/><\/a><\/p>\n<p>&nbsp;<\/p>\n<p><span style=\"color: #000000\"><strong>Visita a sala Jo\u00e3o XXIII, uma das primeira salas de cinema de Macap\u00e1<\/strong><\/span><\/p>\n<p><a href=\"http:\/\/www2.unifap.br\/graapa\/files\/2016\/04\/DSC_0114.jpg\"><img loading=\"lazy\" decoding=\"async\" class=\"alignnone size-medium wp-image-30\" alt=\"DSC_0114\" src=\"http:\/\/www2.unifap.br\/graapa\/files\/2016\/04\/DSC_0114-300x200.jpg\" width=\"300\" height=\"200\" srcset=\"http:\/\/www2.unifap.br\/graapa\/files\/2016\/04\/DSC_0114-300x200.jpg 300w, http:\/\/www2.unifap.br\/graapa\/files\/2016\/04\/DSC_0114-1024x682.jpg 1024w\" sizes=\"(max-width: 300px) 100vw, 300px\" \/><\/a><a href=\"http:\/\/www2.unifap.br\/graapa\/files\/2016\/04\/DSC_0211.jpg\"><img loading=\"lazy\" decoding=\"async\" class=\"alignnone size-medium wp-image-31\" alt=\"DSC_0211\" src=\"http:\/\/www2.unifap.br\/graapa\/files\/2016\/04\/DSC_0211-300x200.jpg\" width=\"300\" height=\"200\" srcset=\"http:\/\/www2.unifap.br\/graapa\/files\/2016\/04\/DSC_0211-300x200.jpg 300w, http:\/\/www2.unifap.br\/graapa\/files\/2016\/04\/DSC_0211-1024x682.jpg 1024w\" sizes=\"(max-width: 300px) 100vw, 300px\" \/><\/a> <a href=\"http:\/\/www2.unifap.br\/graapa\/files\/2016\/04\/Graapa-204.jpg\"><img loading=\"lazy\" decoding=\"async\" class=\"alignnone size-medium wp-image-32\" alt=\"Graapa 204\" src=\"http:\/\/www2.unifap.br\/graapa\/files\/2016\/04\/Graapa-204-300x200.jpg\" width=\"300\" height=\"200\" srcset=\"http:\/\/www2.unifap.br\/graapa\/files\/2016\/04\/Graapa-204-300x200.jpg 300w, http:\/\/www2.unifap.br\/graapa\/files\/2016\/04\/Graapa-204-1024x682.jpg 1024w\" sizes=\"(max-width: 300px) 100vw, 300px\" \/><\/a><a href=\"http:\/\/www2.unifap.br\/graapa\/files\/2016\/04\/Graapa-070.jpg\"><img loading=\"lazy\" decoding=\"async\" class=\"alignnone size-medium wp-image-40\" alt=\"Graapa 070\" src=\"http:\/\/www2.unifap.br\/graapa\/files\/2016\/04\/Graapa-070-300x200.jpg\" width=\"300\" height=\"200\" srcset=\"http:\/\/www2.unifap.br\/graapa\/files\/2016\/04\/Graapa-070-300x200.jpg 300w, http:\/\/www2.unifap.br\/graapa\/files\/2016\/04\/Graapa-070-1024x682.jpg 1024w\" sizes=\"(max-width: 300px) 100vw, 300px\" \/><\/a><\/p>\n<p>&nbsp;<\/p>\n<p><span style=\"color: #000000\"><strong>Sess\u00f5es de exibi\u00e7\u00e3o e debates de filmes<\/strong><\/span><\/p>\n<p><a href=\"http:\/\/www2.unifap.br\/graapa\/files\/2016\/04\/1039914_1442754392607781_463727819_o.jpg\"><img loading=\"lazy\" decoding=\"async\" class=\"alignnone size-medium wp-image-33\" alt=\"1039914_1442754392607781_463727819_o\" src=\"http:\/\/www2.unifap.br\/graapa\/files\/2016\/04\/1039914_1442754392607781_463727819_o-300x199.jpg\" width=\"300\" height=\"199\" srcset=\"http:\/\/www2.unifap.br\/graapa\/files\/2016\/04\/1039914_1442754392607781_463727819_o-300x199.jpg 300w, http:\/\/www2.unifap.br\/graapa\/files\/2016\/04\/1039914_1442754392607781_463727819_o-1024x680.jpg 1024w, http:\/\/www2.unifap.br\/graapa\/files\/2016\/04\/1039914_1442754392607781_463727819_o.jpg 2048w\" sizes=\"(max-width: 300px) 100vw, 300px\" \/><\/a><a href=\"http:\/\/www2.unifap.br\/graapa\/files\/2016\/04\/DSC00013.jpg\"><img loading=\"lazy\" decoding=\"async\" class=\"alignnone size-medium wp-image-34\" alt=\"DSC00013\" src=\"http:\/\/www2.unifap.br\/graapa\/files\/2016\/04\/DSC00013-300x225.jpg\" width=\"300\" height=\"225\" srcset=\"http:\/\/www2.unifap.br\/graapa\/files\/2016\/04\/DSC00013-300x225.jpg 300w, http:\/\/www2.unifap.br\/graapa\/files\/2016\/04\/DSC00013-1024x768.jpg 1024w\" sizes=\"(max-width: 300px) 100vw, 300px\" \/><\/a> <a href=\"http:\/\/www2.unifap.br\/graapa\/files\/2016\/04\/DSC09970.jpg\"><img loading=\"lazy\" decoding=\"async\" class=\"alignnone size-medium wp-image-35\" alt=\"DSC09970\" src=\"http:\/\/www2.unifap.br\/graapa\/files\/2016\/04\/DSC09970-300x225.jpg\" width=\"300\" height=\"225\" srcset=\"http:\/\/www2.unifap.br\/graapa\/files\/2016\/04\/DSC09970-300x225.jpg 300w, http:\/\/www2.unifap.br\/graapa\/files\/2016\/04\/DSC09970-1024x768.jpg 1024w\" sizes=\"(max-width: 300px) 100vw, 300px\" \/><\/a><a href=\"http:\/\/www2.unifap.br\/graapa\/files\/2016\/04\/DSC09983.jpg\"><img loading=\"lazy\" decoding=\"async\" class=\"alignnone size-medium wp-image-36\" alt=\"DSC09983\" src=\"http:\/\/www2.unifap.br\/graapa\/files\/2016\/04\/DSC09983-300x225.jpg\" width=\"300\" height=\"225\" srcset=\"http:\/\/www2.unifap.br\/graapa\/files\/2016\/04\/DSC09983-300x225.jpg 300w, http:\/\/www2.unifap.br\/graapa\/files\/2016\/04\/DSC09983-1024x768.jpg 1024w\" sizes=\"(max-width: 300px) 100vw, 300px\" \/><\/a><\/p>\n","protected":false},"excerpt":{"rendered":"<p>Document\u00e1rio &#8220;Paisagens Afetivas Amapaenses&#8221;, gravado no Dia dos Namorados &nbsp; Visita a sala Jo\u00e3o XXIII, uma das primeira salas de cinema de Macap\u00e1 &nbsp; Sess\u00f5es de exibi\u00e7\u00e3o e debates de filmes<\/p>\n","protected":false},"author":604,"featured_media":0,"parent":0,"menu_order":4,"comment_status":"open","ping_status":"open","template":"","meta":{"inline_featured_image":false,"ngg_post_thumbnail":0,"footnotes":""},"class_list":["post-21","page","type-page","status-publish","hentry"],"_links":{"self":[{"href":"http:\/\/www2.unifap.br\/graapa\/wp-json\/wp\/v2\/pages\/21","targetHints":{"allow":["GET"]}}],"collection":[{"href":"http:\/\/www2.unifap.br\/graapa\/wp-json\/wp\/v2\/pages"}],"about":[{"href":"http:\/\/www2.unifap.br\/graapa\/wp-json\/wp\/v2\/types\/page"}],"author":[{"embeddable":true,"href":"http:\/\/www2.unifap.br\/graapa\/wp-json\/wp\/v2\/users\/604"}],"replies":[{"embeddable":true,"href":"http:\/\/www2.unifap.br\/graapa\/wp-json\/wp\/v2\/comments?post=21"}],"version-history":[{"count":9,"href":"http:\/\/www2.unifap.br\/graapa\/wp-json\/wp\/v2\/pages\/21\/revisions"}],"predecessor-version":[{"id":119,"href":"http:\/\/www2.unifap.br\/graapa\/wp-json\/wp\/v2\/pages\/21\/revisions\/119"}],"wp:attachment":[{"href":"http:\/\/www2.unifap.br\/graapa\/wp-json\/wp\/v2\/media?parent=21"}],"curies":[{"name":"wp","href":"https:\/\/api.w.org\/{rel}","templated":true}]}}