{"id":144,"date":"2013-11-27T20:39:21","date_gmt":"2013-11-27T20:39:21","guid":{"rendered":"http:\/\/www2.unifap.br\/herondino\/?page_id=144"},"modified":"2024-08-29T21:47:35","modified_gmt":"2024-08-29T21:47:35","slug":"turma-2010-2","status":"publish","type":"page","link":"http:\/\/www2.unifap.br\/herondino\/turma-2010-2\/","title":{"rendered":"Banco de Dados Geogr\u00e1ficos"},"content":{"rendered":"<p><strong>Banco de Dados Geogr\u00e1fico<\/strong><\/p>\n<ul>\n<li>M\u00f3dulo 01 &#8211;\u00a0 <b>Introdu\u00e7\u00e3o \u00e0 Geoinform\u00e1tica e Dados Geogr\u00e1ficos<\/b>\n<ul>\n<li><a href=\"http:\/\/www2.unifap.br\/herondino\/files\/2024\/08\/Slide01.pdf\">Conceitos b\u00e1sicos de geoinform\u00e1tica<\/a><\/li>\n<li><a href=\"http:\/\/www2.unifap.br\/herondino\/files\/2024\/08\/Slide02.pdf\">Tipos de dados espaciais: vetoriais e matriciais<\/a><\/li>\n<li>Estrutura\u00e7\u00e3o e representa\u00e7\u00e3o de objetos geogr\u00e1ficos<\/li>\n<li>Ferramentas e softwares para manipula\u00e7\u00e3o de dados geogr\u00e1ficos<\/li>\n<\/ul>\n<\/li>\n<li>M\u00f3dulo 02 &#8211; <a href=\"http:\/\/www2.unifap.br\/herondino\/files\/2014\/06\/2Dados-Espaciais.pdf\"><b>Modelos Espa\u00e7o-Temporais e Representa\u00e7\u00e3o Computacional<\/b><\/a>\n<ul>\n<li>Modelos de representa\u00e7\u00e3o espa\u00e7o-temporal<\/li>\n<li>M\u00e9todos de representa\u00e7\u00e3o de dados din\u00e2micos<\/li>\n<li>Armazenamento e manipula\u00e7\u00e3o de dados espa\u00e7o-temporais<\/li>\n<\/ul>\n<\/li>\n<li>M\u00f3dulo 03 &#8211;<a href=\"http:\/\/www2.unifap.br\/herondino\/files\/2014\/06\/3Arquitetura-e-Linguagens.pdf\"><b> Arquiteturas e Linguagens de Consulta para Bancos de Dados Geogr\u00e1ficos<\/b><\/a>\n<ul>\n<li>Arquiteturas de SGBDs geogr\u00e1ficos<\/li>\n<li>Linguagens de consulta espacial: SQL espacial, PostGIS, GeoSPARQL<\/li>\n<li>Execu\u00e7\u00e3o e otimiza\u00e7\u00e3o de consultas espaciais<\/li>\n<\/ul>\n<\/li>\n<\/ul>\n","protected":false},"excerpt":{"rendered":"<p>Banco de Dados Geogr\u00e1fico M\u00f3dulo 01 &#8211;\u00a0 Introdu\u00e7\u00e3o \u00e0 Geoinform\u00e1tica e Dados Geogr\u00e1ficos Conceitos b\u00e1sicos de geoinform\u00e1tica Tipos de dados espaciais: vetoriais e matriciais Estrutura\u00e7\u00e3o e representa\u00e7\u00e3o de objetos geogr\u00e1ficos Ferramentas e softwares para manipula\u00e7\u00e3o de dados geogr\u00e1ficos M\u00f3dulo 02&hellip; <\/p>\n<p><a href=\"http:\/\/www2.unifap.br\/herondino\/turma-2010-2\/\" class=\"readmore-button\">Continue Reading<\/a><\/p>\n","protected":false},"author":358,"featured_media":0,"parent":0,"menu_order":0,"comment_status":"open","ping_status":"closed","template":"","meta":{"inline_featured_image":false,"ngg_post_thumbnail":0,"footnotes":""},"class_list":["post-144","page","type-page","status-publish","hentry"],"_links":{"self":[{"href":"http:\/\/www2.unifap.br\/herondino\/wp-json\/wp\/v2\/pages\/144","targetHints":{"allow":["GET"]}}],"collection":[{"href":"http:\/\/www2.unifap.br\/herondino\/wp-json\/wp\/v2\/pages"}],"about":[{"href":"http:\/\/www2.unifap.br\/herondino\/wp-json\/wp\/v2\/types\/page"}],"author":[{"embeddable":true,"href":"http:\/\/www2.unifap.br\/herondino\/wp-json\/wp\/v2\/users\/358"}],"replies":[{"embeddable":true,"href":"http:\/\/www2.unifap.br\/herondino\/wp-json\/wp\/v2\/comments?post=144"}],"version-history":[{"count":17,"href":"http:\/\/www2.unifap.br\/herondino\/wp-json\/wp\/v2\/pages\/144\/revisions"}],"predecessor-version":[{"id":796,"href":"http:\/\/www2.unifap.br\/herondino\/wp-json\/wp\/v2\/pages\/144\/revisions\/796"}],"wp:attachment":[{"href":"http:\/\/www2.unifap.br\/herondino\/wp-json\/wp\/v2\/media?parent=144"}],"curies":[{"name":"wp","href":"https:\/\/api.w.org\/{rel}","templated":true}]}}