{"id":161,"date":"2020-01-27T14:14:05","date_gmt":"2020-01-27T14:14:05","guid":{"rendered":"http:\/\/www2.unifap.br\/lbmat\/?page_id=161"},"modified":"2020-01-27T14:23:34","modified_gmt":"2020-01-27T14:23:34","slug":"prohmaf-certificados-das-oficinas","status":"publish","type":"page","link":"http:\/\/www2.unifap.br\/lbmat\/certificados\/prohmaf-certificados-das-oficinas\/","title":{"rendered":"PROHMAF &#8211; Certificados das oficinas"},"content":{"rendered":"<h3><strong>\u2013 Participantes: (Observa\u00e7\u00e3o: Baixe o arquivo; encontre a p\u00e1gina do seu certificado e salve o mesmo ou imprima.)<\/strong><\/h3>\n<p><a href=\"http:\/\/www2.unifap.br\/lbmat\/files\/2020\/01\/Certificados-Cubo-Fracion\u00e1rio.pdf\">Certificados &#8211; Cubo Fracion\u00e1rio<\/a><\/p>\n<p><a href=\"http:\/\/www2.unifap.br\/lbmat\/files\/2020\/01\/Certificados-Resolu\u00e7\u00e3o-de-Problemas-.pdf\">Certificados &#8211; Resolu\u00e7\u00e3o de Problemas<\/a>&nbsp;<\/p>\n<p><a href=\"http:\/\/www2.unifap.br\/lbmat\/files\/2020\/01\/Certificados-Revolta-da-Cabanagem.pdf\">Certificados &#8211; Revolta da Cabanagem<\/a>&nbsp;<\/p>\n<p><a href=\"http:\/\/www2.unifap.br\/lbmat\/files\/2020\/01\/Certificados-Cuisenaire.pdf\">Certificados &#8211; Cuisenaire<\/a>&nbsp;<\/p>\n<p><a href=\"http:\/\/www2.unifap.br\/lbmat\/files\/2020\/01\/Certificados-Geoplano.pdf\">Certificados &#8211; Geoplano<\/a><\/p>\n","protected":false},"excerpt":{"rendered":"<p>\u2013 Participantes: (Observa\u00e7\u00e3o: Baixe o arquivo; encontre a p\u00e1gina do seu certificado e salve o mesmo ou imprima.) Certificados &#8211; Cubo Fracion\u00e1rio Certificados &#8211; Resolu\u00e7\u00e3o de Problemas&nbsp; Certificados &#8211; Revolta da Cabanagem&nbsp; Certificados &#8211; Cuisenaire&nbsp; Certificados &#8211; Geoplano<\/p>\n","protected":false},"author":3648,"featured_media":0,"parent":159,"menu_order":0,"comment_status":"closed","ping_status":"closed","template":"","meta":{"inline_featured_image":false,"ngg_post_thumbnail":0,"footnotes":""},"class_list":["post-161","page","type-page","status-publish","hentry"],"_links":{"self":[{"href":"http:\/\/www2.unifap.br\/lbmat\/wp-json\/wp\/v2\/pages\/161","targetHints":{"allow":["GET"]}}],"collection":[{"href":"http:\/\/www2.unifap.br\/lbmat\/wp-json\/wp\/v2\/pages"}],"about":[{"href":"http:\/\/www2.unifap.br\/lbmat\/wp-json\/wp\/v2\/types\/page"}],"author":[{"embeddable":true,"href":"http:\/\/www2.unifap.br\/lbmat\/wp-json\/wp\/v2\/users\/3648"}],"replies":[{"embeddable":true,"href":"http:\/\/www2.unifap.br\/lbmat\/wp-json\/wp\/v2\/comments?post=161"}],"version-history":[{"count":1,"href":"http:\/\/www2.unifap.br\/lbmat\/wp-json\/wp\/v2\/pages\/161\/revisions"}],"predecessor-version":[{"id":168,"href":"http:\/\/www2.unifap.br\/lbmat\/wp-json\/wp\/v2\/pages\/161\/revisions\/168"}],"up":[{"embeddable":true,"href":"http:\/\/www2.unifap.br\/lbmat\/wp-json\/wp\/v2\/pages\/159"}],"wp:attachment":[{"href":"http:\/\/www2.unifap.br\/lbmat\/wp-json\/wp\/v2\/media?parent=161"}],"curies":[{"name":"wp","href":"https:\/\/api.w.org\/{rel}","templated":true}]}}