{"id":2,"date":"2018-11-22T17:51:18","date_gmt":"2018-11-22T17:51:18","guid":{"rendered":"http:\/\/www2.unifap.br\/lbmat\/?page_id=2"},"modified":"2018-12-22T19:38:10","modified_gmt":"2018-12-22T19:38:10","slug":"apresentacao","status":"publish","type":"page","link":"http:\/\/www2.unifap.br\/lbmat\/coordenacao\/apresentacao\/","title":{"rendered":"Apresenta\u00e7\u00e3o"},"content":{"rendered":"<p>O Laborat\u00f3rio de Ensino de Matem\u00e1tica, vinculado ao Curso de Gradua\u00e7\u00e3o em Matem\u00e1tica (CCM\/DCET\/UNIFAP), foi idealizado pela professora <em>Ana Raquel Oliveira\u00a0da Costa\u00a0Possas<\/em>, com submiss\u00e3o do &#8220;Projeto para Cria\u00e7\u00e3o de um Laborat\u00f3rio de Ensino de Matem\u00e1tica e Ci\u00eancias na Funda\u00e7\u00e3o Universidade Federal do Amap\u00e1&#8221; (UNIFAP, 1992), por interm\u00e9dio da Coordena\u00e7\u00e3o de Matem\u00e1tica \u00e0 Pr\u00f3-Reitoria de Ensino e Pesquisa.<\/p>\n<p>Foi a partir da sua iniciativa, que surgiu o\u00a0Laborat\u00f3rio de Ensino de Matem\u00e1tica, de acordo com a estrutura b\u00e1sica, e recurso material, tecnol\u00f3gico e humano, proposto pela professora <em>Raquel Oliveira\u00a0da Costa\u00a0Possas<\/em>, servidora p\u00fablica federal que atuou no Curso de Matem\u00e1tica, tanto em disciplinas da Forma\u00e7\u00e3o em Educa\u00e7\u00e3o Matem\u00e1tica e Matem\u00e1tica.\u00a0 Este entre os anos de 1992 at\u00e9 Outubro de 2018, contou apenas com o espa\u00e7o f\u00edsico destinado ao laborat\u00f3rio no Campus Marco Zero do Equador, Bloco O, Sala O2.\u00a0 A partir de Novembro de 2018, por iniciativa da atual Chefe do Laborat\u00f3rio, professora <em>Solange Regina Cromianski<\/em>,\u00a0 foi\u00a0 criado o seu site com apoio do N\u00facleo de Inova\u00e7\u00e3o e Transpar\u00eancia de Tecnologia (NITT), com objetivo:<\/p>\n<p><em>* Divulgar as a\u00e7\u00f5es de ensino, pesquisa e extens\u00e3o desenvolvidos nas \u00e1reas de Matem\u00e1tica Pura, Matem\u00e1tica Aplicada e Educa\u00e7\u00e3o Matem\u00e1tica;<\/em><\/p>\n<p><em>* Informar a comunidade acad\u00eamica e externa quanto a\u00a0<em>forma\u00e7\u00e3o inicial e continuada de professores;\u00a0<\/em><\/em><\/p>\n<p><em>* Garantir acesso a informa\u00e7\u00e3o acerca dos trabalho realizado no Laborat\u00f3rio de Ensino de Matem\u00e1tica.\u00a0<\/em><\/p>\n<p>O seu p\u00fablico alvo s\u00e3o estudantes e professores do Curso de Gradua\u00e7\u00e3o em Matem\u00e1tica, professores de matem\u00e1tica que trabalham no Ensinos Fundamental e M\u00e9dio na rede p\u00fablica de ensino no Estado do Amap\u00e1, bem como demais pessoas interessadas na forma\u00e7\u00e3o inicial e continuada de professores de matem\u00e1tica.<\/p>\n<p style=\"text-align: right\"><b>\u00a0 \u00a0 \u00a0 \u00a0 \u00a0 \u00a0 \u00a0 \u00a0 \u00a0 \u00a0 \u00a0 \u00a0 \u00a0 \u00a0 \u00a0 \u00a0 \u00a0 \u00a0 \u00a0 \u00a0 \u00a0 \u00a0<\/b><\/p>\n<p style=\"text-align: right\"><b>\u00a0 \u00a0 \u00a0 \u00a0 \u00a0 \u00a0 \u00a0 \u00a0 \u00a0 \u00a0 \u00a0 \u00a0 \u00a0 \u00a0 \u00a0 \u00a0 \u00a0 \u00a0 \u00a0 \u00a0 \u00a0 \u00a0 \u00a0 \u00a0 \u00a0 \u00a0 \u00a0 \u00a0 \u00a0 \u00a0 \u00a0<\/b>Postagem: Equipe do Projeto:\u00a0Hist\u00f3ria da Matem\u00e1tica na Forma\u00e7\u00e3o de Professores: A\u00e7\u00f5es integradas de ensino, pesquisa e extens\u00e3o<\/p>\n<p style=\"text-align: right\">22\/11\/2018<\/p>\n<p style=\"text-align: right\">\n","protected":false},"excerpt":{"rendered":"<p>O Laborat\u00f3rio de Ensino de Matem\u00e1tica, vinculado ao Curso de Gradua\u00e7\u00e3o em Matem\u00e1tica (CCM\/DCET\/UNIFAP), foi idealizado pela professora Ana Raquel Oliveira\u00a0da Costa\u00a0Possas, com submiss\u00e3o do &#8220;Projeto para Cria\u00e7\u00e3o de um Laborat\u00f3rio de Ensino de Matem\u00e1tica e Ci\u00eancias na Funda\u00e7\u00e3o Universidade&hellip; <\/p>\n<p><a href=\"http:\/\/www2.unifap.br\/lbmat\/coordenacao\/apresentacao\/\" class=\"readmore-button\">Continue Reading<\/a><\/p>\n","protected":false},"author":926,"featured_media":0,"parent":42,"menu_order":1,"comment_status":"open","ping_status":"open","template":"","meta":{"inline_featured_image":false,"ngg_post_thumbnail":0,"footnotes":""},"class_list":["post-2","page","type-page","status-publish","hentry"],"_links":{"self":[{"href":"http:\/\/www2.unifap.br\/lbmat\/wp-json\/wp\/v2\/pages\/2","targetHints":{"allow":["GET"]}}],"collection":[{"href":"http:\/\/www2.unifap.br\/lbmat\/wp-json\/wp\/v2\/pages"}],"about":[{"href":"http:\/\/www2.unifap.br\/lbmat\/wp-json\/wp\/v2\/types\/page"}],"author":[{"embeddable":true,"href":"http:\/\/www2.unifap.br\/lbmat\/wp-json\/wp\/v2\/users\/926"}],"replies":[{"embeddable":true,"href":"http:\/\/www2.unifap.br\/lbmat\/wp-json\/wp\/v2\/comments?post=2"}],"version-history":[{"count":11,"href":"http:\/\/www2.unifap.br\/lbmat\/wp-json\/wp\/v2\/pages\/2\/revisions"}],"predecessor-version":[{"id":91,"href":"http:\/\/www2.unifap.br\/lbmat\/wp-json\/wp\/v2\/pages\/2\/revisions\/91"}],"up":[{"embeddable":true,"href":"http:\/\/www2.unifap.br\/lbmat\/wp-json\/wp\/v2\/pages\/42"}],"wp:attachment":[{"href":"http:\/\/www2.unifap.br\/lbmat\/wp-json\/wp\/v2\/media?parent=2"}],"curies":[{"name":"wp","href":"https:\/\/api.w.org\/{rel}","templated":true}]}}