{"id":63,"date":"2018-12-22T18:10:03","date_gmt":"2018-12-22T18:10:03","guid":{"rendered":"http:\/\/www2.unifap.br\/lbmat\/?page_id=63"},"modified":"2020-02-03T00:54:05","modified_gmt":"2020-02-03T00:54:05","slug":"apresentacao-de-trabalhos-da-disciplina-pratica-de-ensino-de-matematica-ii","status":"publish","type":"page","link":"http:\/\/www2.unifap.br\/lbmat\/ensino\/apresentacao-de-trabalhos-da-disciplina-pratica-de-ensino-de-matematica-ii\/","title":{"rendered":"Apresenta\u00e7\u00e3o de trabalhos da disciplina Pr\u00e1tica de Ensino de Matem\u00e1tica II"},"content":{"rendered":"<p>No dia 19 de dezembro de 2018, foi realizado no Laborat\u00f3rio de Ensino de Matem\u00e1tica, no hor\u00e1rio vespertino, apresenta\u00e7\u00e3o de trabalhos da disciplina: Pr\u00e1tica de Ensino de Matem\u00e1tica II, ministrada por S\u00e9rgio Barbosa de Miranda e Eliane Leal Vasquez, professores efetivos da Universidade Federal do Amap\u00e1. O seu objetivo foi expor o material did\u00e1tico de matem\u00e1tica e planejamento de ensino, elaborado para Avalia\u00e7\u00e3o da Final da referida disciplina.<\/p>\n<p style=\"text-align: right\"><a href=\"http:\/\/www2.unifap.br\/lbmat\/files\/2018\/12\/foto2.jpg\"><img fetchpriority=\"high\" decoding=\"async\" class=\"aligncenter\" src=\"http:\/\/www2.unifap.br\/lbmat\/files\/2018\/12\/foto2-300x225.jpg\" alt=\"foto2\" width=\"272\" height=\"204\"><\/a><\/p>\n<p><span style=\"text-align: right\"><a href=\"http:\/\/www2.unifap.br\/lbmat\/files\/2018\/12\/foto4.jpg\"><img decoding=\"async\" class=\" wp-image-81 aligncenter\" src=\"http:\/\/www2.unifap.br\/lbmat\/files\/2018\/12\/foto4-300x225.jpg\" alt=\"foto4\" width=\"275\" height=\"206\" srcset=\"http:\/\/www2.unifap.br\/lbmat\/files\/2018\/12\/foto4-300x225.jpg 300w, http:\/\/www2.unifap.br\/lbmat\/files\/2018\/12\/foto4-1024x768.jpg 1024w, http:\/\/www2.unifap.br\/lbmat\/files\/2018\/12\/foto4.jpg 1032w\" sizes=\"(max-width: 275px) 100vw, 275px\" \/><\/a>&nbsp;<a href=\"http:\/\/www2.unifap.br\/lbmat\/files\/2018\/12\/foto3.jpg\"><img decoding=\"async\" class=\" wp-image-80 aligncenter\" src=\"http:\/\/www2.unifap.br\/lbmat\/files\/2018\/12\/foto3-300x225.jpg\" alt=\"foto3\" width=\"279\" height=\"209\" srcset=\"http:\/\/www2.unifap.br\/lbmat\/files\/2018\/12\/foto3-300x225.jpg 300w, http:\/\/www2.unifap.br\/lbmat\/files\/2018\/12\/foto3-1024x768.jpg 1024w, http:\/\/www2.unifap.br\/lbmat\/files\/2018\/12\/foto3.jpg 1032w\" sizes=\"(max-width: 279px) 100vw, 279px\" \/><\/a><\/span><\/p>\n<p><a href=\"http:\/\/www2.unifap.br\/lbmat\/files\/2018\/12\/foto6.jpg\"><img loading=\"lazy\" decoding=\"async\" class=\"alignnone wp-image-83 aligncenter\" src=\"http:\/\/www2.unifap.br\/lbmat\/files\/2018\/12\/foto6-300x225.jpg\" alt=\"foto6\" width=\"287\" height=\"215\" srcset=\"http:\/\/www2.unifap.br\/lbmat\/files\/2018\/12\/foto6-300x225.jpg 300w, http:\/\/www2.unifap.br\/lbmat\/files\/2018\/12\/foto6-1024x768.jpg 1024w, http:\/\/www2.unifap.br\/lbmat\/files\/2018\/12\/foto6.jpg 1032w\" sizes=\"(max-width: 287px) 100vw, 287px\" \/><\/a><\/p>\n<p>Os trabalhos foram apresentados pelos estudantes da Turma 2015 do Curso de Gradua\u00e7\u00e3o em Matem\u00e1tica.&nbsp;<\/p>\n<p>&nbsp;<\/p>\n<p style=\"text-align: left\">Fonte: Fotografias da disciplina de Pr\u00e1tica de Ensino de Matem\u00e1tica II do CCM\/UNIFAP, 2018.<\/p>\n<p style=\"text-align: right\">&nbsp;<\/p>\n<p>&nbsp;<\/p>\n","protected":false},"excerpt":{"rendered":"<p>No dia 19 de dezembro de 2018, foi realizado no Laborat\u00f3rio de Ensino de Matem\u00e1tica, no hor\u00e1rio vespertino, apresenta\u00e7\u00e3o de trabalhos da disciplina: Pr\u00e1tica de Ensino de Matem\u00e1tica II, ministrada por S\u00e9rgio Barbosa de Miranda e Eliane Leal Vasquez, professores&hellip; <\/p>\n<p><a href=\"http:\/\/www2.unifap.br\/lbmat\/ensino\/apresentacao-de-trabalhos-da-disciplina-pratica-de-ensino-de-matematica-ii\/\" class=\"readmore-button\">Continue Reading<\/a><\/p>\n","protected":false},"author":3648,"featured_media":0,"parent":53,"menu_order":0,"comment_status":"open","ping_status":"open","template":"","meta":{"inline_featured_image":false,"ngg_post_thumbnail":0,"footnotes":""},"class_list":["post-63","page","type-page","status-publish","hentry"],"_links":{"self":[{"href":"http:\/\/www2.unifap.br\/lbmat\/wp-json\/wp\/v2\/pages\/63","targetHints":{"allow":["GET"]}}],"collection":[{"href":"http:\/\/www2.unifap.br\/lbmat\/wp-json\/wp\/v2\/pages"}],"about":[{"href":"http:\/\/www2.unifap.br\/lbmat\/wp-json\/wp\/v2\/types\/page"}],"author":[{"embeddable":true,"href":"http:\/\/www2.unifap.br\/lbmat\/wp-json\/wp\/v2\/users\/3648"}],"replies":[{"embeddable":true,"href":"http:\/\/www2.unifap.br\/lbmat\/wp-json\/wp\/v2\/comments?post=63"}],"version-history":[{"count":8,"href":"http:\/\/www2.unifap.br\/lbmat\/wp-json\/wp\/v2\/pages\/63\/revisions"}],"predecessor-version":[{"id":185,"href":"http:\/\/www2.unifap.br\/lbmat\/wp-json\/wp\/v2\/pages\/63\/revisions\/185"}],"up":[{"embeddable":true,"href":"http:\/\/www2.unifap.br\/lbmat\/wp-json\/wp\/v2\/pages\/53"}],"wp:attachment":[{"href":"http:\/\/www2.unifap.br\/lbmat\/wp-json\/wp\/v2\/media?parent=63"}],"curies":[{"name":"wp","href":"https:\/\/api.w.org\/{rel}","templated":true}]}}