{"id":69,"date":"2018-12-22T18:15:25","date_gmt":"2018-12-22T18:15:25","guid":{"rendered":"http:\/\/www2.unifap.br\/lbmat\/?page_id=69"},"modified":"2020-02-03T00:37:47","modified_gmt":"2020-02-03T00:37:47","slug":"ii-seminario-historia-da-matematica-e-ensino","status":"publish","type":"page","link":"http:\/\/www2.unifap.br\/lbmat\/ensino\/ii-seminario-historia-da-matematica-e-ensino\/","title":{"rendered":"II Semin\u00e1rio Hist\u00f3ria da Matem\u00e1tica e Ensino"},"content":{"rendered":"<p>No dia 20 de dezembro de 2018, foi realizado no laborat\u00f3rio de ensino de matem\u00e1tica, no hor\u00e1rio matutino, o <em>II Semin\u00e1rio Hist\u00f3ria da Matem\u00e1tica e Ensino<\/em>, organizado por Eliane Leal Vasquez e Solange Regina Cromianski, professoras efetivas da Universidade Federal do Amap\u00e1.&nbsp;A atividade acad\u00eamica teve como objetivo&nbsp; apresentar os p\u00f4steres produzidos na disciplina de Hist\u00f3ria da Matem\u00e1tica para finaliza\u00e7\u00e3o da sua carga hor\u00e1ria.<\/p>\n<p>Programa\u00e7\u00e3o:&nbsp;<\/p>\n<table>\n<tbody>\n<tr>\n<td width=\"283\">\n<p style=\"text-align: center\"><strong>Trabalho no formato&nbsp;<\/strong><strong style=\"font-family: inherit;font-size: inherit\">de p\u00f4ster<\/strong><\/p>\n<\/td>\n<td width=\"283\">\n<p style=\"text-align: center\"><strong>Autores<\/strong><\/p>\n<\/td>\n<\/tr>\n<tr>\n<td width=\"283\">Biografia de Mulheres Matem\u00e1ticas: Um site para pesquisa&nbsp;sobre hist\u00f3ria da matem\u00e1tica<\/td>\n<td width=\"283\">Alice Souza de Souza e Mayara Cristina Gomes da Silva<\/td>\n<\/tr>\n<tr>\n<td width=\"283\">Egito Antigo: Tr\u00eas problemas do papiros de&nbsp; Ahmes<\/td>\n<td width=\"283\">Ana Karoline dos Santos da Trindade e Tain\u00e1 Pican\u00e7o de Almeida<\/td>\n<\/tr>\n<tr>\n<td width=\"283\">\u00c1baco e Multiplica\u00e7\u00e3o com N\u00fameros Inteiros: Uma sequ\u00eancia did\u00e1tica para a educa\u00e7\u00e3o penitenci\u00e1ria<\/td>\n<td width=\"283\">Eriel Freitas de Souza e&nbsp;Mattheus Lustosa de Melo Machado<\/td>\n<\/tr>\n<tr>\n<td width=\"283\">Os usos da hist\u00f3ria da matem\u00e1tica no ensino: Vis\u00e3o de estudantes do curso de matem\u00e1tica<\/td>\n<td width=\"283\">Eliane Leal Vasquez e Solange Regia Cromianski<\/td>\n<\/tr>\n<tr>\n<td width=\"283\">Como aplicar o trabalho &#8220;Explica\u00e7\u00e3o da Aritm\u00e9tica Bin\u00e1ria&#8221; de Leibniz (1703) no ensino fundamental?<\/td>\n<td width=\"283\">Haroldo Berg dos Santos da Silva<\/td>\n<\/tr>\n<\/tbody>\n<\/table>\n<p>Para acessar os trabalhos, veja o acervo digital do LABMAT\/UNIFAP.<\/p>\n<p>&nbsp;<\/p>\n<p style=\"text-align: right\">&nbsp;<\/p>\n","protected":false},"excerpt":{"rendered":"<p>No dia 20 de dezembro de 2018, foi realizado no laborat\u00f3rio de ensino de matem\u00e1tica, no hor\u00e1rio matutino, o II Semin\u00e1rio Hist\u00f3ria da Matem\u00e1tica e Ensino, organizado por Eliane Leal Vasquez e Solange Regina Cromianski, professoras efetivas da Universidade Federal&hellip; <\/p>\n<p><a href=\"http:\/\/www2.unifap.br\/lbmat\/ensino\/ii-seminario-historia-da-matematica-e-ensino\/\" class=\"readmore-button\">Continue Reading<\/a><\/p>\n","protected":false},"author":3648,"featured_media":0,"parent":53,"menu_order":2,"comment_status":"open","ping_status":"open","template":"","meta":{"inline_featured_image":false,"ngg_post_thumbnail":0,"footnotes":""},"class_list":["post-69","page","type-page","status-publish","hentry"],"_links":{"self":[{"href":"http:\/\/www2.unifap.br\/lbmat\/wp-json\/wp\/v2\/pages\/69","targetHints":{"allow":["GET"]}}],"collection":[{"href":"http:\/\/www2.unifap.br\/lbmat\/wp-json\/wp\/v2\/pages"}],"about":[{"href":"http:\/\/www2.unifap.br\/lbmat\/wp-json\/wp\/v2\/types\/page"}],"author":[{"embeddable":true,"href":"http:\/\/www2.unifap.br\/lbmat\/wp-json\/wp\/v2\/users\/3648"}],"replies":[{"embeddable":true,"href":"http:\/\/www2.unifap.br\/lbmat\/wp-json\/wp\/v2\/comments?post=69"}],"version-history":[{"count":6,"href":"http:\/\/www2.unifap.br\/lbmat\/wp-json\/wp\/v2\/pages\/69\/revisions"}],"predecessor-version":[{"id":71,"href":"http:\/\/www2.unifap.br\/lbmat\/wp-json\/wp\/v2\/pages\/69\/revisions\/71"}],"up":[{"embeddable":true,"href":"http:\/\/www2.unifap.br\/lbmat\/wp-json\/wp\/v2\/pages\/53"}],"wp:attachment":[{"href":"http:\/\/www2.unifap.br\/lbmat\/wp-json\/wp\/v2\/media?parent=69"}],"curies":[{"name":"wp","href":"https:\/\/api.w.org\/{rel}","templated":true}]}}