{"id":194,"date":"2013-06-07T02:03:29","date_gmt":"2013-06-07T02:03:29","guid":{"rendered":"http:\/\/www2.unifap.br\/marcospaulo\/?page_id=194"},"modified":"2013-08-08T20:16:16","modified_gmt":"2013-08-08T20:16:16","slug":"apresentacoes-em-power-point","status":"publish","type":"page","link":"http:\/\/www2.unifap.br\/marcospaulo\/disciplinas\/estagio-supervisionado-em-lingua-materna-ii\/apresentacoes-em-power-point\/","title":{"rendered":"Apresenta\u00e7\u00f5es em Power Point"},"content":{"rendered":"<p>Aqui voc\u00ea encontrar\u00e1 apresenta\u00e7\u00f5es em Power Point das aulas ministradas.<\/p>\n<p><a href=\"http:\/\/www2.unifap.br\/marcospaulo\/files\/2013\/06\/Est\u00e1gio-Supervisionado-em-L\u00edngua-Materna-II.-Apres.-1.pptx\">Est\u00e1gio Supervisionado em L\u00edngua Materna II. Apres. 1<\/a><\/p>\n<p><a href=\"http:\/\/www2.unifap.br\/marcospaulo\/files\/2013\/06\/Est\u00e1gio-Supervisionado-em-L\u00edngua-Materna-II.-Apres.-2.pptx\">Est\u00e1gio Supervisionado em L\u00edngua Materna II. Apres. 2<\/a><\/p>\n<p><a href=\"http:\/\/www2.unifap.br\/marcospaulo\/files\/2013\/06\/Est\u00e1gio-Supervisionado-em-L\u00edngua-Materna-II.-Apres.-3.pptx\">Est\u00e1gio Supervisionado em L\u00edngua Materna II. Apres. 3<\/a><\/p>\n<p><a href=\"http:\/\/www2.unifap.br\/marcospaulo\/files\/2013\/06\/Est\u00e1gio-Supervisionado-em-L\u00edngua-Materna-II.-Apres.-4.pptx\">Est\u00e1gio Supervisionado em L\u00edngua Materna II. Apres. 4<\/a><\/p>\n","protected":false},"excerpt":{"rendered":"<p>Aqui voc\u00ea encontrar\u00e1 apresenta\u00e7\u00f5es em Power Point das aulas ministradas. Est\u00e1gio Supervisionado em L\u00edngua Materna II. Apres. 1 Est\u00e1gio Supervisionado em L\u00edngua Materna II. Apres. 2 Est\u00e1gio Supervisionado em L\u00edngua Materna II. Apres. 3 Est\u00e1gio Supervisionado em L\u00edngua Materna II.&hellip; <\/p>\n<p><a href=\"http:\/\/www2.unifap.br\/marcospaulo\/disciplinas\/estagio-supervisionado-em-lingua-materna-ii\/apresentacoes-em-power-point\/\" class=\"readmore-button\">Continue Reading<\/a><\/p>\n","protected":false},"author":185,"featured_media":0,"parent":37,"menu_order":0,"comment_status":"open","ping_status":"open","template":"","meta":{"inline_featured_image":false,"ngg_post_thumbnail":0,"footnotes":""},"class_list":["post-194","page","type-page","status-publish","hentry"],"_links":{"self":[{"href":"http:\/\/www2.unifap.br\/marcospaulo\/wp-json\/wp\/v2\/pages\/194","targetHints":{"allow":["GET"]}}],"collection":[{"href":"http:\/\/www2.unifap.br\/marcospaulo\/wp-json\/wp\/v2\/pages"}],"about":[{"href":"http:\/\/www2.unifap.br\/marcospaulo\/wp-json\/wp\/v2\/types\/page"}],"author":[{"embeddable":true,"href":"http:\/\/www2.unifap.br\/marcospaulo\/wp-json\/wp\/v2\/users\/185"}],"replies":[{"embeddable":true,"href":"http:\/\/www2.unifap.br\/marcospaulo\/wp-json\/wp\/v2\/comments?post=194"}],"version-history":[{"count":5,"href":"http:\/\/www2.unifap.br\/marcospaulo\/wp-json\/wp\/v2\/pages\/194\/revisions"}],"predecessor-version":[{"id":198,"href":"http:\/\/www2.unifap.br\/marcospaulo\/wp-json\/wp\/v2\/pages\/194\/revisions\/198"}],"up":[{"embeddable":true,"href":"http:\/\/www2.unifap.br\/marcospaulo\/wp-json\/wp\/v2\/pages\/37"}],"wp:attachment":[{"href":"http:\/\/www2.unifap.br\/marcospaulo\/wp-json\/wp\/v2\/media?parent=194"}],"curies":[{"name":"wp","href":"https:\/\/api.w.org\/{rel}","templated":true}]}}