{"id":45,"date":"2013-05-24T11:31:51","date_gmt":"2013-05-24T11:31:51","guid":{"rendered":"http:\/\/www2.unifap.br\/marcospaulo\/?page_id=45"},"modified":"2013-06-11T04:22:07","modified_gmt":"2013-06-11T04:22:07","slug":"literatura-brasileira-colonial","status":"publish","type":"page","link":"http:\/\/www2.unifap.br\/marcospaulo\/disciplinas\/literatura-brasileira-colonial\/","title":{"rendered":"Literatura Brasileira Colonial"},"content":{"rendered":"<p style=\"text-align: justify\">Ementa<\/p>\n<p style=\"text-align: justify\">Introdu\u00e7\u00e3o ao estudo da Literatura Brasileira.\u00a0 As primeiras manifesta\u00e7\u00f5es liter\u00e1rias: Literatura Informativa e Literatura dos Jesu\u00edtas. O Barroco. Serm\u00f5es do Padre Ant\u00f4nio Vieira. A produ\u00e7\u00e3o l\u00edrico-amorosa, sat\u00edrica e religiosa de Greg\u00f3rio de Matos Guerra. O Arcadismo. Perman\u00eancia do esp\u00edrito cl\u00e1ssico. Ideias de nativismo.<\/p>\n<p style=\"text-align: justify\">Conte\u00fado Program\u00e1tico<\/p>\n<p>1. Introdu\u00e7\u00e3o ao estudo da Literatura Brasileira: aspectos gerais<\/p>\n<p>2. A condi\u00e7\u00e3o Colonial<\/p>\n<p>3. Primeiras manifesta\u00e7\u00f5es liter\u00e1rias<\/p>\n<p>3.1 Literatura Informativa \u2013 Pero Vaz de Caminha<\/p>\n<p>3.2 A mentalidade jesu\u00edtica<\/p>\n<p>3.3 A Literatura dos Jesu\u00edtas \u2013 Pe. Jos\u00e9 de Anchieta<\/p>\n<p>4. O Barroco no Brasil<\/p>\n<p>4.1 Contextualiza\u00e7\u00e3o<\/p>\n<p>4.2 Serm\u00f5es do Padre Ant\u00f4nio Vieira<\/p>\n<p>4.3 Produ\u00e7\u00e3o l\u00edrico-amorosa de Greg\u00f3rio de Matos Guerra;<\/p>\n<p>4.4 Produ\u00e7\u00e3o sat\u00edrica e religiosa de Greg\u00f3rio de Matos Guerra;<\/p>\n<p>5. O Arcadismo no Brasil<\/p>\n<p>5.1 Arc\u00e1dia e ilustra\u00e7\u00e3o<\/p>\n<p>5.2 Perman\u00eancia do esp\u00edrito cl\u00e1ssico<\/p>\n<p>5.3 Momento Hist\u00f3rico-Cultural<\/p>\n<p>5.4 Ideias nativistas<\/p>\n<p>5.5 A poesia \u00e1rcade<\/p>\n<p style=\"text-align: justify\">&nbsp;<\/p>\n","protected":false},"excerpt":{"rendered":"<p>Ementa Introdu\u00e7\u00e3o ao estudo da Literatura Brasileira.\u00a0 As primeiras manifesta\u00e7\u00f5es liter\u00e1rias: Literatura Informativa e Literatura dos Jesu\u00edtas. O Barroco. Serm\u00f5es do Padre Ant\u00f4nio Vieira. A produ\u00e7\u00e3o l\u00edrico-amorosa, sat\u00edrica e religiosa de Greg\u00f3rio de Matos Guerra. O Arcadismo. Perman\u00eancia do esp\u00edrito&hellip; <\/p>\n<p><a href=\"http:\/\/www2.unifap.br\/marcospaulo\/disciplinas\/literatura-brasileira-colonial\/\" class=\"readmore-button\">Continue Reading<\/a><\/p>\n","protected":false},"author":185,"featured_media":0,"parent":13,"menu_order":0,"comment_status":"open","ping_status":"open","template":"","meta":{"inline_featured_image":false,"ngg_post_thumbnail":0,"footnotes":""},"class_list":["post-45","page","type-page","status-publish","hentry"],"_links":{"self":[{"href":"http:\/\/www2.unifap.br\/marcospaulo\/wp-json\/wp\/v2\/pages\/45","targetHints":{"allow":["GET"]}}],"collection":[{"href":"http:\/\/www2.unifap.br\/marcospaulo\/wp-json\/wp\/v2\/pages"}],"about":[{"href":"http:\/\/www2.unifap.br\/marcospaulo\/wp-json\/wp\/v2\/types\/page"}],"author":[{"embeddable":true,"href":"http:\/\/www2.unifap.br\/marcospaulo\/wp-json\/wp\/v2\/users\/185"}],"replies":[{"embeddable":true,"href":"http:\/\/www2.unifap.br\/marcospaulo\/wp-json\/wp\/v2\/comments?post=45"}],"version-history":[{"count":3,"href":"http:\/\/www2.unifap.br\/marcospaulo\/wp-json\/wp\/v2\/pages\/45\/revisions"}],"predecessor-version":[{"id":47,"href":"http:\/\/www2.unifap.br\/marcospaulo\/wp-json\/wp\/v2\/pages\/45\/revisions\/47"}],"up":[{"embeddable":true,"href":"http:\/\/www2.unifap.br\/marcospaulo\/wp-json\/wp\/v2\/pages\/13"}],"wp:attachment":[{"href":"http:\/\/www2.unifap.br\/marcospaulo\/wp-json\/wp\/v2\/media?parent=45"}],"curies":[{"name":"wp","href":"https:\/\/api.w.org\/{rel}","templated":true}]}}