{"id":54,"date":"2013-05-24T11:45:36","date_gmt":"2013-05-24T11:45:36","guid":{"rendered":"http:\/\/www2.unifap.br\/marcospaulo\/?page_id=54"},"modified":"2013-06-06T03:19:02","modified_gmt":"2013-06-06T03:19:02","slug":"bau-de-poesias-2","status":"publish","type":"page","link":"http:\/\/www2.unifap.br\/marcospaulo\/bau-de-poesias-2\/","title":{"rendered":"Ba\u00fa de Poesias"},"content":{"rendered":"<p style=\"text-align: justify\"><span style=\"color: #000000\">Este espa\u00e7o se destina a exibi\u00e7\u00e3o de poesias em l\u00edngua portuguesa. N\u00e3o h\u00e1 crit\u00e9rios de escolha para a inclus\u00e3o de obras, sen\u00e3o o de aprecia\u00e7\u00e3o pessoal. <\/span>As imagens que acompanham os textos foram localizadas no buscador de imagens do Google, em muitos casos dificultando a verifica\u00e7\u00e3o de autoria, por isso n\u00e3o colocamos seus cr\u00e9ditos.<\/p>\n<p><span style=\"color: #000000\">Sintam-se convidados a apreciar tamb\u00e9m!<\/span><\/p>\n<p>&nbsp;<\/p>\n<p><span style=\"color: #000000\"><a href=\"http:\/\/www2.unifap.br\/marcospaulo\/files\/2013\/05\/FlorbEsp4.jpg\"><img decoding=\"async\" class=\"alignnone size-thumbnail wp-image-98\" src=\"http:\/\/www2.unifap.br\/marcospaulo\/files\/2013\/05\/FlorbEsp4-150x150.jpg\" alt=\"\" width=\"150\" height=\"150\" \/><\/a> <a href=\"http:\/\/www2.unifap.br\/marcospaulo\/files\/2013\/05\/04.jpg\"><img decoding=\"async\" class=\"alignnone size-thumbnail wp-image-106\" src=\"http:\/\/www2.unifap.br\/marcospaulo\/files\/2013\/05\/04-150x150.jpg\" alt=\"\" width=\"150\" height=\"150\" \/><\/a> <a href=\"http:\/\/www2.unifap.br\/marcospaulo\/files\/2013\/05\/Eu-n\u00e3o-sou-eu-nem-sou-o-outro3.jpg\"><img decoding=\"async\" class=\"alignnone size-thumbnail wp-image-99\" src=\"http:\/\/www2.unifap.br\/marcospaulo\/files\/2013\/05\/Eu-n\u00e3o-sou-eu-nem-sou-o-outro3-150x150.jpg\" alt=\"\" width=\"150\" height=\"150\" \/><\/a> <a href=\"http:\/\/www2.unifap.br\/marcospaulo\/files\/2013\/05\/Garret2.jpg\"><img loading=\"lazy\" decoding=\"async\" class=\"alignnone size-thumbnail wp-image-157\" src=\"http:\/\/www2.unifap.br\/marcospaulo\/files\/2013\/05\/Garret2-150x150.jpg\" alt=\"\" width=\"150\" height=\"150\" \/><\/a><a href=\"http:\/\/www2.unifap.br\/marcospaulo\/files\/2013\/05\/M\u00e1rio-Quintana2.jpg\"><img loading=\"lazy\" decoding=\"async\" class=\"alignnone size-thumbnail wp-image-158\" src=\"http:\/\/www2.unifap.br\/marcospaulo\/files\/2013\/05\/M\u00e1rio-Quintana2-150x150.jpg\" alt=\"\" width=\"150\" height=\"150\" \/><\/a><a href=\"http:\/\/www2.unifap.br\/marcospaulo\/files\/2013\/05\/Arte-de-Amar3.jpg\"><img loading=\"lazy\" decoding=\"async\" class=\"alignnone size-thumbnail wp-image-159\" src=\"http:\/\/www2.unifap.br\/marcospaulo\/files\/2013\/05\/Arte-de-Amar3-150x150.jpg\" alt=\"\" width=\"150\" height=\"150\" \/><\/a><a href=\"http:\/\/www2.unifap.br\/marcospaulo\/files\/2013\/05\/gullar3.jpg\"><img loading=\"lazy\" decoding=\"async\" class=\"alignnone size-thumbnail wp-image-166\" src=\"http:\/\/www2.unifap.br\/marcospaulo\/files\/2013\/05\/gullar3-150x150.jpg\" alt=\"\" width=\"150\" height=\"150\" \/><\/a><a href=\"http:\/\/www2.unifap.br\/marcospaulo\/files\/2013\/05\/xilo-greg\u00f3rio5.jpg\"><img loading=\"lazy\" decoding=\"async\" class=\"alignnone size-thumbnail wp-image-168\" src=\"http:\/\/www2.unifap.br\/marcospaulo\/files\/2013\/05\/xilo-greg\u00f3rio5-150x150.jpg\" alt=\"\" width=\"150\" height=\"150\" \/><\/a> <a href=\"http:\/\/www2.unifap.br\/marcospaulo\/files\/2013\/05\/Cruz.jpg\"><img loading=\"lazy\" decoding=\"async\" class=\"alignnone size-thumbnail wp-image-173\" src=\"http:\/\/www2.unifap.br\/marcospaulo\/files\/2013\/05\/Cruz-150x150.jpg\" alt=\"\" width=\"150\" height=\"150\" \/><\/a> <a href=\"http:\/\/www2.unifap.br\/marcospaulo\/files\/2013\/05\/camoes.jpg\"><img loading=\"lazy\" decoding=\"async\" class=\"alignnone size-thumbnail wp-image-189\" src=\"http:\/\/www2.unifap.br\/marcospaulo\/files\/2013\/05\/camoes-150x150.jpg\" alt=\"\" width=\"150\" height=\"150\" \/><\/a><\/span><\/p>\n","protected":false},"excerpt":{"rendered":"<p>Este espa\u00e7o se destina a exibi\u00e7\u00e3o de poesias em l\u00edngua portuguesa. N\u00e3o h\u00e1 crit\u00e9rios de escolha para a inclus\u00e3o de obras, sen\u00e3o o de aprecia\u00e7\u00e3o pessoal. As imagens que acompanham os textos foram localizadas no buscador de imagens do Google,&hellip; <\/p>\n<p><a href=\"http:\/\/www2.unifap.br\/marcospaulo\/bau-de-poesias-2\/\" class=\"readmore-button\">Continue Reading<\/a><\/p>\n","protected":false},"author":185,"featured_media":0,"parent":0,"menu_order":0,"comment_status":"closed","ping_status":"closed","template":"","meta":{"inline_featured_image":false,"ngg_post_thumbnail":0,"footnotes":""},"class_list":["post-54","page","type-page","status-publish","hentry"],"_links":{"self":[{"href":"http:\/\/www2.unifap.br\/marcospaulo\/wp-json\/wp\/v2\/pages\/54","targetHints":{"allow":["GET"]}}],"collection":[{"href":"http:\/\/www2.unifap.br\/marcospaulo\/wp-json\/wp\/v2\/pages"}],"about":[{"href":"http:\/\/www2.unifap.br\/marcospaulo\/wp-json\/wp\/v2\/types\/page"}],"author":[{"embeddable":true,"href":"http:\/\/www2.unifap.br\/marcospaulo\/wp-json\/wp\/v2\/users\/185"}],"replies":[{"embeddable":true,"href":"http:\/\/www2.unifap.br\/marcospaulo\/wp-json\/wp\/v2\/comments?post=54"}],"version-history":[{"count":17,"href":"http:\/\/www2.unifap.br\/marcospaulo\/wp-json\/wp\/v2\/pages\/54\/revisions"}],"predecessor-version":[{"id":59,"href":"http:\/\/www2.unifap.br\/marcospaulo\/wp-json\/wp\/v2\/pages\/54\/revisions\/59"}],"wp:attachment":[{"href":"http:\/\/www2.unifap.br\/marcospaulo\/wp-json\/wp\/v2\/media?parent=54"}],"curies":[{"name":"wp","href":"https:\/\/api.w.org\/{rel}","templated":true}]}}