{"id":89,"date":"2013-05-25T04:51:59","date_gmt":"2013-05-25T04:51:59","guid":{"rendered":"http:\/\/www2.unifap.br\/marcospaulo\/?page_id=89"},"modified":"2013-05-29T14:25:49","modified_gmt":"2013-05-29T14:25:49","slug":"videos","status":"publish","type":"page","link":"http:\/\/www2.unifap.br\/marcospaulo\/disciplinas\/literatura-portuguesa-medieval\/videos\/","title":{"rendered":"V\u00eddeos"},"content":{"rendered":"<p>A fim de suscitar imers\u00e3o no imagin\u00e1rio medieval, sugerimos os seguintes v\u00eddeos:<\/p>\n<p>&nbsp;<\/p>\n<p>O S\u00e9timo Selo, de\u00a0Ingmar Bergman:<\/p>\n<p><a href=\"http:\/\/www.youtube.com\/watch?v=8sE9o9GpNtM\">httpv:\/\/www.youtube.com\/watch?v=8sE9o9GpNtM<\/a><\/p>\n<p>&nbsp;<\/p>\n<p>O Nome da Rosa, de Jean-Jacques Annaud, baseado no romance de Umberto Eco:<\/p>\n<p><a href=\"http:\/\/www.youtube.com\/watch?v=br2DfBUElH8\">httpv:\/\/www.youtube.com\/watch?v=br2DfBUElH8<\/a><\/p>\n<p>&nbsp;<\/p>\n<p>Os Cavaleiros da T\u00e1vola Redonda, de Richard Thorpe<\/p>\n<p><a href=\"http:\/\/www.youtube.com\/watch?v=Szv6PMSdGf0\">httpv:\/\/www.youtube.com\/watch?v=Szv6PMSdGf0<\/a><\/p>\n<p>&nbsp;<\/p>\n<p>Em Busca do C\u00e1lice Sagrado, de Monthy Python<\/p>\n<p><a href=\"http:\/\/www.youtube.com\/watch?v=S9I3KAB4pI4\">httpv:\/\/www.youtube.com\/watch?v=S9I3KAB4pI4<\/a><\/p>\n","protected":false},"excerpt":{"rendered":"<p>A fim de suscitar imers\u00e3o no imagin\u00e1rio medieval, sugerimos os seguintes v\u00eddeos: &nbsp; O S\u00e9timo Selo, de\u00a0Ingmar Bergman: httpv:\/\/www.youtube.com\/watch?v=8sE9o9GpNtM &nbsp; O Nome da Rosa, de Jean-Jacques Annaud, baseado no romance de Umberto Eco: httpv:\/\/www.youtube.com\/watch?v=br2DfBUElH8 &nbsp; Os Cavaleiros da T\u00e1vola Redonda,&hellip; <\/p>\n<p><a href=\"http:\/\/www2.unifap.br\/marcospaulo\/disciplinas\/literatura-portuguesa-medieval\/videos\/\" class=\"readmore-button\">Continue Reading<\/a><\/p>\n","protected":false},"author":185,"featured_media":0,"parent":21,"menu_order":0,"comment_status":"open","ping_status":"open","template":"","meta":{"inline_featured_image":false,"ngg_post_thumbnail":0,"footnotes":""},"class_list":["post-89","page","type-page","status-publish","hentry"],"_links":{"self":[{"href":"http:\/\/www2.unifap.br\/marcospaulo\/wp-json\/wp\/v2\/pages\/89","targetHints":{"allow":["GET"]}}],"collection":[{"href":"http:\/\/www2.unifap.br\/marcospaulo\/wp-json\/wp\/v2\/pages"}],"about":[{"href":"http:\/\/www2.unifap.br\/marcospaulo\/wp-json\/wp\/v2\/types\/page"}],"author":[{"embeddable":true,"href":"http:\/\/www2.unifap.br\/marcospaulo\/wp-json\/wp\/v2\/users\/185"}],"replies":[{"embeddable":true,"href":"http:\/\/www2.unifap.br\/marcospaulo\/wp-json\/wp\/v2\/comments?post=89"}],"version-history":[{"count":9,"href":"http:\/\/www2.unifap.br\/marcospaulo\/wp-json\/wp\/v2\/pages\/89\/revisions"}],"predecessor-version":[{"id":91,"href":"http:\/\/www2.unifap.br\/marcospaulo\/wp-json\/wp\/v2\/pages\/89\/revisions\/91"}],"up":[{"embeddable":true,"href":"http:\/\/www2.unifap.br\/marcospaulo\/wp-json\/wp\/v2\/pages\/21"}],"wp:attachment":[{"href":"http:\/\/www2.unifap.br\/marcospaulo\/wp-json\/wp\/v2\/media?parent=89"}],"curies":[{"name":"wp","href":"https:\/\/api.w.org\/{rel}","templated":true}]}}