{"id":145,"date":"2011-05-26T07:21:02","date_gmt":"2011-05-26T07:21:02","guid":{"rendered":"http:\/\/pororoca.unifap.br\/mariomendonca\/?page_id=145"},"modified":"2011-05-26T07:21:02","modified_gmt":"2011-05-26T07:21:02","slug":"textos-2","status":"publish","type":"page","link":"http:\/\/www2.unifap.br\/mariomendonca\/textos-2\/","title":{"rendered":"Textos"},"content":{"rendered":"<p><a href=\"http:\/\/www2.unifap.br\/mariomendonca\/files\/2011\/05\/Adm-de-conflitos.pdf\" target=\"_blank\">ADMINISTRA\u00c7\u00c3O DE CONFLITOS<\/a><\/p>\n<p><a href=\"http:\/\/www2.unifap.br\/mariomendonca\/files\/2011\/05\/ADMINISTRA\u00c7\u00c3O-DO-TEMPO.2.pdf\" target=\"_blank\">ADMINISTRA\u00c7\u00c3O DO TEMPO<\/a><\/p>\n<p><a href=\"http:\/\/www2.unifap.br\/mariomendonca\/files\/2011\/05\/As-Chaves-do-Sucesso.pdf\" target=\"_blank\">AS CHAVES DO SUCESSO<\/a><\/p>\n<p><a href=\"http:\/\/www2.unifap.br\/mariomendonca\/files\/2011\/05\/ASSOCIA\u00c7\u00c3O-SEM-FINS-LUCRATIVOS-INF.pdf\" target=\"_blank\">O QUE \u00c9 ASSOCIA\u00c7\u00c3O SEM FINS LUCRATIVOS<\/a><\/p>\n<p><a href=\"http:\/\/www2.unifap.br\/mariomendonca\/files\/2011\/05\/como_criar_ong.pdf\" target=\"_blank\">COMO CRIAR UMA ONG<\/a><\/p>\n<p><a href=\"http:\/\/www2.unifap.br\/mariomendonca\/files\/2011\/05\/Cen\u00e1rios-Estrat\u00e9gicos.pdf\" target=\"_blank\">CEN\u00c1RIOS ESTRAT\u00c9GICOS<\/a><\/p>\n<p><a href=\"http:\/\/www2.unifap.br\/mariomendonca\/files\/2011\/05\/conceitos-basicos1.pdf\" target=\"_blank\">CONCEITOS B\u00c1SICOS I<\/a><\/p>\n<p><a href=\"http:\/\/www2.unifap.br\/mariomendonca\/files\/2011\/05\/conceitos-basicos2.pdf\" target=\"_blank\">CONCEITOS B\u00c1SICOS II<\/a><\/p>\n<p><a href=\"http:\/\/www2.unifap.br\/mariomendonca\/files\/2011\/05\/conceitos-basicos3.pdf\" target=\"_blank\">CONCEITOS B\u00c1SICOS III<\/a><\/p>\n<p><a href=\"http:\/\/www2.unifap.br\/mariomendonca\/files\/2011\/05\/CONCEITOS-CHAVES.pdf\" target=\"_blank\">CONCEITOS CHAVES<\/a><\/p>\n<p><a href=\"http:\/\/www2.unifap.br\/mariomendonca\/files\/2011\/05\/CRIANDO-SEU-PROPRIO-NEGOCIO.pdf\" target=\"_blank\">CRIANDO SEU PR\u00d3PRIO NEG\u00d3CIO<\/a><\/p>\n<p><a href=\"http:\/\/www2.unifap.br\/mariomendonca\/files\/2011\/05\/Empresa-Inteligente.pdf\" target=\"_blank\">EMPRESA INTELIGENTE<\/a><\/p>\n<p><a href=\"http:\/\/www2.unifap.br\/mariomendonca\/files\/2011\/05\/Est\u00e1-sem-Tempo.pdf\" target=\"_blank\">EST\u00c1 SEM TEMPO<\/a><\/p>\n<p><a href=\"http:\/\/www2.unifap.br\/mariomendonca\/files\/2011\/05\/TICA.pdf\" target=\"_blank\">\u00c9TICA<\/a><\/p>\n<p><a href=\"http:\/\/www2.unifap.br\/mariomendonca\/files\/2011\/05\/FUNDAMENTOS-DO-CONTROLE.pdf\" target=\"_blank\">FUNDAMENTOS DO CONTROLE<\/a><\/p>\n<p><a href=\"http:\/\/www2.unifap.br\/mariomendonca\/files\/2011\/05\/HABILIDADES-NA-RESOLU\u00c7\u00c3O-DE-CONFLITOS.pdf\">HABILIDADE NA RESOLU\u00c7\u00c3O DE CONFLITOS<\/a><\/p>\n<p><a href=\"http:\/\/www2.unifap.br\/mariomendonca\/files\/2011\/05\/Influ\u00eancia-e-Poder.pdf\" target=\"_blank\">INFLU\u00caNCIA E PODER<\/a><\/p>\n<p><a href=\"http:\/\/www2.unifap.br\/mariomendonca\/files\/2011\/05\/Manual-Trab-Cient.pdf\" target=\"_blank\">MANUAL DO TRABALHO\u00a0CIENT\u00cdFICO<\/a><\/p>\n<p><a href=\"http:\/\/www2.unifap.br\/mariomendonca\/files\/2011\/05\/N\u00f3s-o-Tempo-e-a-Qualidade-de-Vida.pdf\" target=\"_blank\">N\u00d3S O TEMPO E A QUALIDADE DE VIDA<\/a><\/p>\n<p><a href=\"http:\/\/pororoca.unifap.br\/mariomendonca\/files\/2011\/05\/os-novos-paradigmas-da-administ..pdf\" target=\"_blank\">OS NOVOS PARADIGMAS DA ADMINISTRA\u00c7\u00c3O<\/a><\/p>\n<p><a href=\"http:\/\/www2.unifap.br\/mariomendonca\/files\/2011\/05\/Os-parceiros-da-Organiza\u00e7\u00e3o.pdf\" target=\"_blank\">OS PARCEIROS DA ORGANIZA\u00c7\u00c3O<\/a><\/p>\n<p><a href=\"http:\/\/www2.unifap.br\/mariomendonca\/files\/2011\/05\/PENSAMENTOS.pdf\" target=\"_blank\">PENSAMENTOS<\/a><\/p>\n<p><a href=\"http:\/\/www2.unifap.br\/mariomendonca\/files\/2011\/05\/PLANO-DE-NEG\u00d3CIOS-AULA-TEXTO.pdf\" target=\"_blank\">PLANO DE NEG\u00d3CIOS<\/a><\/p>\n<p><a href=\"http:\/\/www2.unifap.br\/mariomendonca\/files\/2011\/05\/PLANO-DE-NEG\u00d3CIOS-TEXTO.pdf\" target=\"_blank\">PLANO DE NEG\u00d3CIOS TEXTO<\/a><\/p>\n<p><a href=\"http:\/\/www2.unifap.br\/mariomendonca\/files\/2011\/05\/Plano-Estrat\u00e9gico-Pessoa11.pdf\" target=\"_blank\">PLANO ESTRAT\u00c9GICO PESSOAL<\/a><\/p>\n<p><a href=\"http:\/\/www2.unifap.br\/mariomendonca\/files\/2011\/05\/PROCESSO-DECISORIO.pdf\" target=\"_blank\">PROCESSO DECIS\u00d3RIO<\/a><\/p>\n<p><a href=\"http:\/\/www2.unifap.br\/mariomendonca\/files\/2011\/05\/qualidade-total11.pdf\" target=\"_blank\">QUALIDADE TOTAL<\/a><\/p>\n<p><a href=\"http:\/\/www2.unifap.br\/mariomendonca\/files\/2011\/05\/SOCIEDADES.pdf\" target=\"_blank\">SOCIEDADE<\/a><\/p>\n<p><a href=\"http:\/\/www2.unifap.br\/mariomendonca\/files\/2011\/05\/SOCIEDADES1.pdf\" target=\"_blank\">SOCIEDADE II<\/a><\/p>\n<p><a href=\"http:\/\/www2.unifap.br\/mariomendonca\/files\/2011\/05\/Terceiro-Setor.pdf\" target=\"_blank\">TERCEIRO SETOR<\/a><\/p>\n<p><a href=\"http:\/\/www2.unifap.br\/mariomendonca\/files\/2011\/05\/Transformando-sonhos-em-realidade.pdf\" target=\"_blank\">TRANSFORMANDO SONHOS EM REALIDADE<\/a><\/p>\n<p><a href=\"http:\/\/www2.unifap.br\/mariomendonca\/files\/2011\/05\/5-S.pdf\" target=\"_blank\">HOUSEKEEPING-5S<\/a><\/p>\n<p>&nbsp;<\/p>\n","protected":false},"excerpt":{"rendered":"<p>ADMINISTRA\u00c7\u00c3O DE CONFLITOS ADMINISTRA\u00c7\u00c3O DO TEMPO AS CHAVES DO SUCESSO O QUE \u00c9 ASSOCIA\u00c7\u00c3O SEM FINS LUCRATIVOS COMO CRIAR UMA ONG CEN\u00c1RIOS ESTRAT\u00c9GICOS CONCEITOS B\u00c1SICOS I CONCEITOS B\u00c1SICOS II CONCEITOS B\u00c1SICOS III CONCEITOS CHAVES CRIANDO SEU PR\u00d3PRIO NEG\u00d3CIO EMPRESA INTELIGENTE&hellip; <\/p>\n<p><a href=\"http:\/\/www2.unifap.br\/mariomendonca\/textos-2\/\" class=\"readmore-button\">Continue Reading<\/a><\/p>\n","protected":false},"author":53,"featured_media":0,"parent":0,"menu_order":0,"comment_status":"open","ping_status":"open","template":"","meta":{"inline_featured_image":false,"ngg_post_thumbnail":0,"footnotes":""},"class_list":["post-145","page","type-page","status-publish","hentry"],"_links":{"self":[{"href":"http:\/\/www2.unifap.br\/mariomendonca\/wp-json\/wp\/v2\/pages\/145","targetHints":{"allow":["GET"]}}],"collection":[{"href":"http:\/\/www2.unifap.br\/mariomendonca\/wp-json\/wp\/v2\/pages"}],"about":[{"href":"http:\/\/www2.unifap.br\/mariomendonca\/wp-json\/wp\/v2\/types\/page"}],"author":[{"embeddable":true,"href":"http:\/\/www2.unifap.br\/mariomendonca\/wp-json\/wp\/v2\/users\/53"}],"replies":[{"embeddable":true,"href":"http:\/\/www2.unifap.br\/mariomendonca\/wp-json\/wp\/v2\/comments?post=145"}],"version-history":[{"count":0,"href":"http:\/\/www2.unifap.br\/mariomendonca\/wp-json\/wp\/v2\/pages\/145\/revisions"}],"wp:attachment":[{"href":"http:\/\/www2.unifap.br\/mariomendonca\/wp-json\/wp\/v2\/media?parent=145"}],"curies":[{"name":"wp","href":"https:\/\/api.w.org\/{rel}","templated":true}]}}