{"id":33,"date":"2011-05-17T07:31:03","date_gmt":"2011-05-17T07:31:03","guid":{"rendered":"http:\/\/pororoca.unifap.br\/mariomendonca\/"},"modified":"2011-05-17T07:31:03","modified_gmt":"2011-05-17T07:31:03","slug":"dinamicas-de-grupo","status":"publish","type":"page","link":"http:\/\/www2.unifap.br\/mariomendonca\/dinamicas-de-grupo\/","title":{"rendered":"Din\u00e2micas de Grupo"},"content":{"rendered":"<p><a href=\"http:\/\/www2.unifap.br\/mariomendonca\/files\/2011\/05\/A-escolho-de-um-astronauta.pdf\">A ESCOLHA DE UM ASTRONAUTA<\/a><\/p>\n<p><a href=\"http:\/\/www2.unifap.br\/mariomendonca\/files\/2011\/05\/A-fonte.pdf\">A FONTE<\/a><\/p>\n<p><a href=\"http:\/\/www2.unifap.br\/mariomendonca\/files\/2011\/05\/A-torre.pdf\">A TORRE<\/a><\/p>\n<p><a href=\"http:\/\/www2.unifap.br\/mariomendonca\/files\/2011\/05\/A-viagem.pdf\">A VIAGEM<\/a><\/p>\n<p><a href=\"http:\/\/www2.unifap.br\/mariomendonca\/files\/2011\/05\/Abrigo-subterr\u00e2neo.pdf\">ABRIGO SUBTERR\u00c2NEO<\/a><\/p>\n<p><a href=\"http:\/\/www2.unifap.br\/mariomendonca\/files\/2011\/05\/Advinhe-a-profiss\u00e3o-ou-personagem.pdf\">ADIVINHE A PROFISS\u00c3O OU PERSONAGEM<\/a><\/p>\n<p><a href=\"http:\/\/www2.unifap.br\/mariomendonca\/files\/2011\/05\/An\u00fancios-classificados.pdf\">AN\u00daNCIOS CLASSIFICADOS<\/a><\/p>\n<p><a href=\"http:\/\/www2.unifap.br\/mariomendonca\/files\/2011\/05\/As-cadeiras.pdf\">AS CADEIRAS<\/a><\/p>\n<p><a href=\"http:\/\/www2.unifap.br\/mariomendonca\/files\/2011\/05\/Caos.pdf\">CAOS<\/a><\/p>\n<p><a href=\"http:\/\/www2.unifap.br\/mariomendonca\/files\/2011\/05\/Casamento-em-alto-mar.pdf\">CASAMENTO EM ALTO MAR<\/a><\/p>\n<p><a href=\"http:\/\/www2.unifap.br\/mariomendonca\/files\/2011\/05\/Confian\u00e7a.pdf\">CONFIAN\u00c7A<\/a><\/p>\n<p><a href=\"http:\/\/www2.unifap.br\/mariomendonca\/files\/2011\/05\/Corrida-louca.pdf\">CORRIDA LOUCA<\/a><\/p>\n<p><a href=\"http:\/\/www2.unifap.br\/mariomendonca\/files\/2011\/05\/Descobrindo-a-quem-pertence.pdf\">DESCOBRINDO A QUEM PERTENCE<\/a><\/p>\n<p><a href=\"http:\/\/www2.unifap.br\/mariomendonca\/files\/2011\/05\/Embolado.pdf\">EMBOLADO<\/a><\/p>\n<p><a href=\"http:\/\/www2.unifap.br\/mariomendonca\/files\/2011\/05\/Escultura.pdf\">ESCULTURA<\/a><\/p>\n<p><a href=\"http:\/\/www2.unifap.br\/mariomendonca\/files\/2011\/05\/Espelho.pdf\">ESPELHO<\/a><\/p>\n<p><a href=\"http:\/\/www2.unifap.br\/mariomendonca\/files\/2011\/05\/Formas-como-o-corpo.pdf\">FORMAS COM O CORPO<\/a><\/p>\n<p><a href=\"http:\/\/www2.unifap.br\/mariomendonca\/files\/2011\/05\/Ilha.pdf\">ILHA<\/a><\/p>\n<p><a href=\"http:\/\/www2.unifap.br\/mariomendonca\/files\/2011\/05\/M\u00e1quina-de-pessoas1.pdf\">M\u00c1QUINA DE PESSOAS <\/a><\/p>\n<p><a href=\"http:\/\/www2.unifap.br\/mariomendonca\/files\/2011\/05\/Percep\u00e7\u00e3o-do-outro.pdf\">PERCEP\u00c7\u00c3O DO OUTRO<\/a><\/p>\n<p><a href=\"http:\/\/www2.unifap.br\/mariomendonca\/files\/2011\/05\/Predio-do-ciume.pdf\">PR\u00c9DIO DO CI\u00daME<\/a><\/p>\n<p><a href=\"http:\/\/www2.unifap.br\/mariomendonca\/files\/2011\/05\/R\u00f3tulos.pdf\">R\u00d3TULOS<\/a><\/p>\n<p><a href=\"http:\/\/www2.unifap.br\/mariomendonca\/files\/2011\/05\/Sensibilidade.pdf\">SENSIBILIDADE<\/a><\/p>\n<p><a href=\"http:\/\/www2.unifap.br\/mariomendonca\/files\/2011\/05\/T\u00e9cnica-da-penetra\u00e7\u00e3o.pdf\">T\u00c9CNICA DA PENETRA\u00c7\u00c3O<\/a><\/p>\n<p><a href=\"http:\/\/www2.unifap.br\/mariomendonca\/files\/2011\/05\/Um-grande-desafio.pdf\">UM GRANDE DESAFIO<\/a><\/p>\n<p><a href=\"http:\/\/www2.unifap.br\/mariomendonca\/files\/2011\/05\/Um-profissional-de-vendas.pdf\">UM PROFISSIONAL DE VENDAS<\/a><\/p>\n<p><a href=\"http:\/\/www2.unifap.br\/mariomendonca\/files\/2011\/05\/Venda-simulada.pdf\">VENDA SIMULADA<\/a><\/p>\n<p><a href=\"http:\/\/www2.unifap.br\/mariomendonca\/files\/2011\/05\/Vermelho-e-verde.pdf\">VERMELHO E VERDE<\/a><\/p>\n<p>&nbsp;<\/p>\n","protected":false},"excerpt":{"rendered":"<p>A ESCOLHA DE UM ASTRONAUTA A FONTE A TORRE A VIAGEM ABRIGO SUBTERR\u00c2NEO ADIVINHE A PROFISS\u00c3O OU PERSONAGEM AN\u00daNCIOS CLASSIFICADOS AS CADEIRAS CAOS CASAMENTO EM ALTO MAR CONFIAN\u00c7A CORRIDA LOUCA DESCOBRINDO A QUEM PERTENCE EMBOLADO ESCULTURA ESPELHO FORMAS COM O&hellip; <\/p>\n<p><a href=\"http:\/\/www2.unifap.br\/mariomendonca\/dinamicas-de-grupo\/\" class=\"readmore-button\">Continue Reading<\/a><\/p>\n","protected":false},"author":53,"featured_media":0,"parent":0,"menu_order":0,"comment_status":"open","ping_status":"open","template":"","meta":{"inline_featured_image":false,"ngg_post_thumbnail":0,"footnotes":""},"class_list":["post-33","page","type-page","status-publish","hentry"],"_links":{"self":[{"href":"http:\/\/www2.unifap.br\/mariomendonca\/wp-json\/wp\/v2\/pages\/33","targetHints":{"allow":["GET"]}}],"collection":[{"href":"http:\/\/www2.unifap.br\/mariomendonca\/wp-json\/wp\/v2\/pages"}],"about":[{"href":"http:\/\/www2.unifap.br\/mariomendonca\/wp-json\/wp\/v2\/types\/page"}],"author":[{"embeddable":true,"href":"http:\/\/www2.unifap.br\/mariomendonca\/wp-json\/wp\/v2\/users\/53"}],"replies":[{"embeddable":true,"href":"http:\/\/www2.unifap.br\/mariomendonca\/wp-json\/wp\/v2\/comments?post=33"}],"version-history":[{"count":0,"href":"http:\/\/www2.unifap.br\/mariomendonca\/wp-json\/wp\/v2\/pages\/33\/revisions"}],"wp:attachment":[{"href":"http:\/\/www2.unifap.br\/mariomendonca\/wp-json\/wp\/v2\/media?parent=33"}],"curies":[{"name":"wp","href":"https:\/\/api.w.org\/{rel}","templated":true}]}}