{"id":110,"date":"2012-03-01T16:12:40","date_gmt":"2012-03-01T16:12:40","guid":{"rendered":"http:\/\/www2.unifap.br\/midias\/?page_id=110"},"modified":"2013-07-02T13:24:23","modified_gmt":"2013-07-02T13:24:23","slug":"professortutor-ana-cristina-de-paula-m-soares","status":"publish","type":"page","link":"http:\/\/www2.unifap.br\/midias\/equipe\/corpo-docente-2\/professortutor-ana-cristina-de-paula-m-soares\/","title":{"rendered":"Prof.\u00aa\/Tutor Ana Cristina"},"content":{"rendered":"<p>&nbsp;<\/p>\n<p><strong>Ana Cristina de Paula M. Soares.<\/strong><\/p>\n<p style=\"text-align: justify\">Professora da Universidade Federal do Amap\u00e1 &#8211; Curso de\u00a0Rela\u00e7\u00f5es Internacionais. Gradua\u00e7\u00e3o em Licenciatura e Bacharelado em Ci\u00eancias Sociais pela Universidade Federal do Par\u00e1 (2001) e mestrado em Sociologia Geral pela Universidade Federal do Par\u00e1 (2004). Atualmente \u00e9 doutoranda do Programa de P\u00f3s-gradua\u00e7\u00e3o em Ci\u00eancias Sociais da UFPA e tem experi\u00eancia na \u00e1rea de Ci\u00eancia Sociais, com \u00eanfase em Ci\u00eancia Pol\u00edtica e Sociologia, atuando principalmente nos seguintes temas: mulher, rela\u00e7\u00f5es de g\u00eanero, popula\u00e7\u00f5es tradicionais, pol\u00edtica, cidadania e participa\u00e7\u00e3o pol\u00edtica feminina.<\/p>\n","protected":false},"excerpt":{"rendered":"<p>&nbsp; Ana Cristina de Paula M. Soares. Professora da Universidade Federal do Amap\u00e1 &#8211; Curso de\u00a0Rela\u00e7\u00f5es Internacionais. Gradua\u00e7\u00e3o em Licenciatura e Bacharelado em Ci\u00eancias Sociais pela Universidade Federal do Par\u00e1 (2001) e mestrado em Sociologia Geral pela Universidade Federal do&hellip; <\/p>\n<p><a href=\"http:\/\/www2.unifap.br\/midias\/equipe\/corpo-docente-2\/professortutor-ana-cristina-de-paula-m-soares\/\" class=\"readmore-button\">Continue Reading<\/a><\/p>\n","protected":false},"author":98,"featured_media":0,"parent":42,"menu_order":1,"comment_status":"closed","ping_status":"closed","template":"template-twocolumns-left.php","meta":{"inline_featured_image":false,"ngg_post_thumbnail":0,"footnotes":""},"class_list":["post-110","page","type-page","status-publish","hentry"],"_links":{"self":[{"href":"http:\/\/www2.unifap.br\/midias\/wp-json\/wp\/v2\/pages\/110","targetHints":{"allow":["GET"]}}],"collection":[{"href":"http:\/\/www2.unifap.br\/midias\/wp-json\/wp\/v2\/pages"}],"about":[{"href":"http:\/\/www2.unifap.br\/midias\/wp-json\/wp\/v2\/types\/page"}],"author":[{"embeddable":true,"href":"http:\/\/www2.unifap.br\/midias\/wp-json\/wp\/v2\/users\/98"}],"replies":[{"embeddable":true,"href":"http:\/\/www2.unifap.br\/midias\/wp-json\/wp\/v2\/comments?post=110"}],"version-history":[{"count":13,"href":"http:\/\/www2.unifap.br\/midias\/wp-json\/wp\/v2\/pages\/110\/revisions"}],"predecessor-version":[{"id":1204,"href":"http:\/\/www2.unifap.br\/midias\/wp-json\/wp\/v2\/pages\/110\/revisions\/1204"}],"up":[{"embeddable":true,"href":"http:\/\/www2.unifap.br\/midias\/wp-json\/wp\/v2\/pages\/42"}],"wp:attachment":[{"href":"http:\/\/www2.unifap.br\/midias\/wp-json\/wp\/v2\/media?parent=110"}],"curies":[{"name":"wp","href":"https:\/\/api.w.org\/{rel}","templated":true}]}}