{"id":1369,"date":"2013-09-26T13:42:11","date_gmt":"2013-09-26T13:42:11","guid":{"rendered":"http:\/\/www2.unifap.br\/midias\/?page_id=1369"},"modified":"2016-04-07T23:29:43","modified_gmt":"2016-04-07T23:29:43","slug":"disciplina-iii-pratica-pedagogica-em-ambiente-apoiado-pela-tic","status":"publish","type":"page","link":"http:\/\/www2.unifap.br\/midias\/curso-de-especializacao\/disciplinas\/disciplina-iii-pratica-pedagogica-em-ambiente-apoiado-pela-tic\/","title":{"rendered":"Disciplina III &#8211; Pr\u00e1tica pedag\u00f3gica em ambiente apoiado pela TIC"},"content":{"rendered":"<table border=\"1\" cellspacing=\"0\" cellpadding=\"0\" width=\"607\">\n<tbody>\n<tr>\n<td width=\"85\" valign=\"top\">[mantra-button-dark url=&#8221;#&#8221;]C\u00f3digo[\/mantra-button-dark]<\/td>\n<td width=\"462\" valign=\"top\">[mantra-button-dark url=&#8221;#&#8221;]Nome da Disciplina[\/mantra-button-dark]<\/td>\n<td width=\"60\" valign=\"top\">[mantra-button-dark url=&#8221;#&#8221;]CH[\/mantra-button-dark]<\/td>\n<\/tr>\n<tr>\n<td width=\"85\" valign=\"top\">[mantra-button-color url=&#8221;#&#8221; color=&#8221;#47AFFF&#8221;]ME03[\/mantra-button-color]<\/td>\n<td width=\"462\" valign=\"top\">\n<h3><a href=\"http:\/\/penta3.ufrgs.br\/MidiasEducCicloAvancado2\/praticaPedagogica.html\">Pr\u00e1tica   pedag\u00f3gica em ambiente apoiado pela TIC<\/a><\/h3>\n<\/td>\n<td width=\"60\" valign=\"top\">[mantra-button-color url=&#8221;#&#8221; color=&#8221;#47AFFF&#8221;]45[\/mantra-button-color]<\/td>\n<\/tr>\n<tr>\n<td colspan=\"3\" width=\"607\" valign=\"top\">\n<p style=\"text-align: justify\"><strong>Ementa:<\/strong> Estudo e an\u00e1lise da aplica\u00e7\u00e3o   do computador \u00e0 pr\u00e1tica pedag\u00f3gica. Desenvolvimento do potencial de   comunica\u00e7\u00e3o e de interatividade das tecnologias de informa\u00e7\u00e3o e comunica\u00e7\u00e3o.   An\u00e1lise da interatividade para o cotidiano pessoal e para a pr\u00e1tica   pedag\u00f3gica Planejamento de ensino em comunidades virtuais. Aprendizagem em   comunidades virtuais. Organiza\u00e7\u00e3o, participa\u00e7\u00e3o, colabora\u00e7\u00e3o e coopera\u00e7\u00e3o.<\/p>\n<\/td>\n<\/tr>\n<tr>\n<td colspan=\"3\" width=\"607\" valign=\"top\">\n<p style=\"text-align: justify\"><strong>Bibliografia:<\/strong><\/p>\n<p style=\"text-align: justify\">HEIDE, A.;   STILBORNE, L. Guia do Professor para a Internet: Completo e F\u00e1cil. ARTMED,   2000.<\/p>\n<p style=\"text-align: justify\">\nJONASSEN, D. et alli. Learning with Technology. A constructivist perspective.   New Jersey: Prentice Hall, 1999.<\/p>\n<p style=\"text-align: justify\">\nL\u00c9VY, Pierre. As Tecnologias da Intelig\u00eancia: O futuro do pensamento na era   da inform\u00e1tica. Rio de Janeiro: Ed. 34, 1993. 208p.<\/p>\n<p style=\"text-align: justify\">\nMAGDALENA, B. C. COSTA TEMPEL, I. E. Internet em Sala de Aula: Com a palavra,   os professores. ArtMed, 2003.<\/p>\n<p style=\"text-align: justify\">\nMIZUKAMI, Maria da Gra\u00e7a Nicoletti. Ensino: as abordagens do processo. Temas   B\u00e1sicos de Educa\u00e7\u00e3o e Ensino. S\u00e3o Paulo: EPU, 1986.<\/p>\n<p style=\"text-align: justify\">\nMOREIRA, M. A. Teorias de Aprendizagem. S\u00e3o Paulo: EPU, 1999.<\/p>\n<p style=\"text-align: justify\">\nPALLOFF, R.; PRATT, K. Construindo comunidade de aprendizagem no ciberespa\u00e7o:   estrat\u00e9gias eficientes para salas de aula on-line. Artmed, 2002<\/p>\n<p style=\"text-align: justify\"><strong>Bibliografia   Complementar:<\/strong><\/p>\n<p style=\"text-align: justify\">A ser selecionada pelo professor.<\/p>\n<\/td>\n<\/tr>\n<\/tbody>\n<\/table>\n","protected":false},"excerpt":{"rendered":"<p>[mantra-button-dark url=&#8221;#&#8221;]C\u00f3digo[\/mantra-button-dark] [mantra-button-dark url=&#8221;#&#8221;]Nome da Disciplina[\/mantra-button-dark] [mantra-button-dark url=&#8221;#&#8221;]CH[\/mantra-button-dark] [mantra-button-color url=&#8221;#&#8221; color=&#8221;#47AFFF&#8221;]ME03[\/mantra-button-color] Pr\u00e1tica pedag\u00f3gica em ambiente apoiado pela TIC [mantra-button-color url=&#8221;#&#8221; color=&#8221;#47AFFF&#8221;]45[\/mantra-button-color] Ementa: Estudo e an\u00e1lise da aplica\u00e7\u00e3o do computador \u00e0 pr\u00e1tica pedag\u00f3gica. Desenvolvimento do potencial de comunica\u00e7\u00e3o e de interatividade&hellip; <\/p>\n<p><a href=\"http:\/\/www2.unifap.br\/midias\/curso-de-especializacao\/disciplinas\/disciplina-iii-pratica-pedagogica-em-ambiente-apoiado-pela-tic\/\" class=\"readmore-button\">Continue Reading<\/a><\/p>\n","protected":false},"author":14,"featured_media":0,"parent":3124,"menu_order":4,"comment_status":"open","ping_status":"open","template":"template-page-with-intro.php","meta":{"inline_featured_image":false,"ngg_post_thumbnail":0,"footnotes":""},"class_list":["post-1369","page","type-page","status-publish","hentry"],"_links":{"self":[{"href":"http:\/\/www2.unifap.br\/midias\/wp-json\/wp\/v2\/pages\/1369","targetHints":{"allow":["GET"]}}],"collection":[{"href":"http:\/\/www2.unifap.br\/midias\/wp-json\/wp\/v2\/pages"}],"about":[{"href":"http:\/\/www2.unifap.br\/midias\/wp-json\/wp\/v2\/types\/page"}],"author":[{"embeddable":true,"href":"http:\/\/www2.unifap.br\/midias\/wp-json\/wp\/v2\/users\/14"}],"replies":[{"embeddable":true,"href":"http:\/\/www2.unifap.br\/midias\/wp-json\/wp\/v2\/comments?post=1369"}],"version-history":[{"count":2,"href":"http:\/\/www2.unifap.br\/midias\/wp-json\/wp\/v2\/pages\/1369\/revisions"}],"predecessor-version":[{"id":1371,"href":"http:\/\/www2.unifap.br\/midias\/wp-json\/wp\/v2\/pages\/1369\/revisions\/1371"}],"up":[{"embeddable":true,"href":"http:\/\/www2.unifap.br\/midias\/wp-json\/wp\/v2\/pages\/3124"}],"wp:attachment":[{"href":"http:\/\/www2.unifap.br\/midias\/wp-json\/wp\/v2\/media?parent=1369"}],"curies":[{"name":"wp","href":"https:\/\/api.w.org\/{rel}","templated":true}]}}