{"id":216,"date":"2012-03-04T22:41:07","date_gmt":"2012-03-04T22:41:07","guid":{"rendered":"http:\/\/www2.unifap.br\/midias\/?page_id=216"},"modified":"2013-07-02T13:24:23","modified_gmt":"2013-07-02T13:24:23","slug":"professortutor-antonio-rangel-costa","status":"publish","type":"page","link":"http:\/\/www2.unifap.br\/midias\/equipe\/corpo-docente-2\/professortutor-antonio-rangel-costa\/","title":{"rendered":"Prof.\u00ba\/Tutor Antonio Rangel"},"content":{"rendered":"<p><a href=\"http:\/\/www2.unifap.br\/midias\/files\/2012\/03\/rangel2.jpg\"><img decoding=\"async\" class=\"alignnone size-full wp-image-221\" src=\"http:\/\/www2.unifap.br\/midias\/files\/2012\/03\/rangel2.jpg\" alt=\"\" width=\"119\" height=\"109\" \/><\/a><\/p>\n<p><strong>Antonio Rangel Costa<\/strong><\/p>\n<p style=\"text-align: justify\">Economista, Contador, Professor Multiplicador do Proinfo, Especialista em Inform\u00e1tica na Educa\u00e7\u00e3o, Mestre em Novas Tecnologias da Informa\u00e7\u00e3o em EAD, pela Unopar- Universidade do Parana e Universidade Federal de Fortaleza.<\/p>\n","protected":false},"excerpt":{"rendered":"<p>Antonio Rangel Costa Economista, Contador, Professor Multiplicador do Proinfo, Especialista em Inform\u00e1tica na Educa\u00e7\u00e3o, Mestre em Novas Tecnologias da Informa\u00e7\u00e3o em EAD, pela Unopar- Universidade do Parana e Universidade Federal de Fortaleza.<\/p>\n","protected":false},"author":98,"featured_media":0,"parent":42,"menu_order":1,"comment_status":"open","ping_status":"closed","template":"template-twocolumns-left.php","meta":{"inline_featured_image":false,"ngg_post_thumbnail":0,"footnotes":""},"class_list":["post-216","page","type-page","status-publish","hentry"],"_links":{"self":[{"href":"http:\/\/www2.unifap.br\/midias\/wp-json\/wp\/v2\/pages\/216","targetHints":{"allow":["GET"]}}],"collection":[{"href":"http:\/\/www2.unifap.br\/midias\/wp-json\/wp\/v2\/pages"}],"about":[{"href":"http:\/\/www2.unifap.br\/midias\/wp-json\/wp\/v2\/types\/page"}],"author":[{"embeddable":true,"href":"http:\/\/www2.unifap.br\/midias\/wp-json\/wp\/v2\/users\/98"}],"replies":[{"embeddable":true,"href":"http:\/\/www2.unifap.br\/midias\/wp-json\/wp\/v2\/comments?post=216"}],"version-history":[{"count":19,"href":"http:\/\/www2.unifap.br\/midias\/wp-json\/wp\/v2\/pages\/216\/revisions"}],"predecessor-version":[{"id":1205,"href":"http:\/\/www2.unifap.br\/midias\/wp-json\/wp\/v2\/pages\/216\/revisions\/1205"}],"up":[{"embeddable":true,"href":"http:\/\/www2.unifap.br\/midias\/wp-json\/wp\/v2\/pages\/42"}],"wp:attachment":[{"href":"http:\/\/www2.unifap.br\/midias\/wp-json\/wp\/v2\/media?parent=216"}],"curies":[{"name":"wp","href":"https:\/\/api.w.org\/{rel}","templated":true}]}}